-- https://www.phpmyadmin.net/
--

START TRANSACTION;



--
-- Database: `u974019973_4toti`
--

-- --------------------------------------------------------

--
-- Table structure for table `wp_actionscheduler_actions`
--

CREATE TABLE `wp_actionscheduler_actions` (
  `action_id` bigint(20) UNSIGNED NOT NULL,
  `hook` varchar(191) NOT NULL,
  `status` varchar(20) NOT NULL,
  `scheduled_date_gmt` datetime DEFAULT '0000-00-00 00:00:00',
  `scheduled_date_local` datetime DEFAULT '0000-00-00 00:00:00',
  `args` varchar(191) DEFAULT NULL,
  `schedule` longtext DEFAULT NULL,
  `group_id` bigint(20) UNSIGNED NOT NULL DEFAULT 0,
  `attempts` int(11) NOT NULL DEFAULT 0,
  `last_attempt_gmt` datetime DEFAULT '0000-00-00 00:00:00',
  `last_attempt_local` datetime DEFAULT '0000-00-00 00:00:00',
  `claim_id` bigint(20) UNSIGNED NOT NULL DEFAULT 0,
  `extended_args` varchar(8000) DEFAULT NULL,
  `priority` tinyint(3) UNSIGNED NOT NULL DEFAULT 10
) ENGINE=InnoDB DEFAULT CHARSET=utf8mb4 COLLATE=utf8mb4_unicode_520_ci;

--
-- Dumping data for table `wp_actionscheduler_actions`
--

INSERT INTO `wp_actionscheduler_actions` (`action_id`, `hook`, `status`, `scheduled_date_gmt`, `scheduled_date_local`, `args`, `schedule`, `group_id`, `attempts`, `last_attempt_gmt`, `last_attempt_local`, `claim_id`, `extended_args`, `priority`) VALUES
(39, 'woocommerce_run_on_woocommerce_admin_updated', 'failed', '2023-04-14 14:45:54', '2023-04-14 14:45:54', '[\"Automattic\\\\WooCommerce\\\\Admin\\\\RemoteInboxNotifications\\\\RemoteInboxNotificationsEngine\",\"run_on_woocommerce_admin_updated\"]', 'O:30:\"ActionScheduler_SimpleSchedule\":2:{s:22:\"\0*\0scheduled_timestamp\";i:1681483554;s:41:\"\0ActionScheduler_SimpleSchedule\0timestamp\";i:1681483554;}', 4, 1, '2023-04-14 14:46:26', '2023-04-14 14:46:26', 0, NULL, 10),
(91, 'woocommerce_admin/stored_state_setup_for_products/async/run_remote_notifications', 'failed', '2023-04-21 00:52:28', '2023-04-21 00:52:28', '[]', 'O:28:\"ActionScheduler_NullSchedule\":0:{}', 0, 1, '2023-04-21 00:52:42', '2023-04-21 00:52:42', 0, NULL, 10),
(567, 'woocommerce_run_on_woocommerce_admin_updated', 'failed', '2023-04-27 19:20:23', '2023-04-27 19:20:23', '[\"Automattic\\\\WooCommerce\\\\Admin\\\\RemoteInboxNotifications\\\\RemoteInboxNotificationsEngine\",\"run_on_woocommerce_admin_updated\"]', 'O:30:\"ActionScheduler_SimpleSchedule\":2:{s:22:\"\0*\0scheduled_timestamp\";i:1682623223;s:41:\"\0ActionScheduler_SimpleSchedule\0timestamp\";i:1682623223;}', 4, 1, '2023-04-27 19:32:55', '2023-04-27 19:32:55', 0, NULL, 10),
(594, 'action_scheduler/migration_hook', 'failed', '2023-05-07 05:00:41', '2023-05-07 05:00:41', '[]', 'O:30:\"ActionScheduler_SimpleSchedule\":2:{s:22:\"\0*\0scheduled_timestamp\";i:1683435641;s:41:\"\0ActionScheduler_SimpleSchedule\0timestamp\";i:1683435641;}', 1, 1, '2023-05-07 05:00:57', '2023-05-07 05:00:57', 0, NULL, 10),
(617, 'woocommerce_run_on_woocommerce_admin_updated', 'failed', '2023-05-19 16:57:56', '2023-05-19 16:57:56', '[\"Automattic\\\\WooCommerce\\\\Admin\\\\RemoteInboxNotifications\\\\RemoteInboxNotificationsEngine\",\"run_on_woocommerce_admin_updated\"]', 'O:30:\"ActionScheduler_SimpleSchedule\":2:{s:22:\"\0*\0scheduled_timestamp\";i:1684515476;s:41:\"\0ActionScheduler_SimpleSchedule\0timestamp\";i:1684515476;}', 4, 1, '2023-05-19 16:57:58', '2023-05-19 16:57:58', 0, NULL, 10),
(665, 'action_scheduler/migration_hook', 'failed', '2023-06-19 10:33:38', '2023-06-19 10:33:38', '[]', 'O:30:\"ActionScheduler_SimpleSchedule\":2:{s:22:\"\0*\0scheduled_timestamp\";i:1687170818;s:41:\"\0ActionScheduler_SimpleSchedule\0timestamp\";i:1687170818;}', 1, 1, '2023-06-19 10:34:39', '2023-06-19 10:34:39', 0, NULL, 10),
(718, 'action_scheduler/migration_hook', 'failed', '2023-10-22 10:57:36', '2023-10-22 10:57:36', '[]', 'O:30:\"ActionScheduler_SimpleSchedule\":2:{s:22:\"\0*\0scheduled_timestamp\";i:1697972256;s:41:\"\0ActionScheduler_SimpleSchedule\0timestamp\";i:1697972256;}', 1, 1, '2023-10-22 10:58:48', '2023-10-22 10:58:48', 0, NULL, 10),
(721, 'action_scheduler/migration_hook', 'failed', '2023-10-23 09:29:11', '2023-10-23 09:29:11', '[]', 'O:30:\"ActionScheduler_SimpleSchedule\":2:{s:22:\"\0*\0scheduled_timestamp\";i:1698053351;s:41:\"\0ActionScheduler_SimpleSchedule\0timestamp\";i:1698053351;}', 1, 1, '2023-10-23 09:29:32', '2023-10-23 09:29:32', 0, NULL, 10),
(723, 'action_scheduler/migration_hook', 'failed', '2023-10-23 11:06:30', '2023-10-23 11:06:30', '[]', 'O:30:\"ActionScheduler_SimpleSchedule\":2:{s:22:\"\0*\0scheduled_timestamp\";i:1698059190;s:41:\"\0ActionScheduler_SimpleSchedule\0timestamp\";i:1698059190;}', 1, 1, '2023-10-23 11:09:08', '2023-10-23 11:09:08', 0, NULL, 10),
(747, 'action_scheduler/migration_hook', 'failed', '2023-11-12 03:30:25', '2023-11-12 03:30:25', '[]', 'O:30:\"ActionScheduler_SimpleSchedule\":2:{s:22:\"\0*\0scheduled_timestamp\";i:1699759825;s:41:\"\0ActionScheduler_SimpleSchedule\0timestamp\";i:1699759825;}', 1, 1, '2023-11-12 03:30:31', '2023-11-12 03:30:31', 0, NULL, 10),
(1009, 'woocommerce_run_on_woocommerce_admin_updated', 'failed', '2023-12-23 20:30:08', '2023-12-23 20:30:08', '[]', 'O:30:\"ActionScheduler_SimpleSchedule\":2:{s:22:\"\0*\0scheduled_timestamp\";i:1703363408;s:41:\"\0ActionScheduler_SimpleSchedule\0timestamp\";i:1703363408;}', 4, 1, '2023-12-23 20:31:21', '2023-12-23 20:31:21', 33309, NULL, 10),
(1615, 'wp_mail_smtp_summary_report_email', 'complete', '2024-11-12 03:50:48', '2024-11-12 03:50:48', '[null]', 'O:32:\"ActionScheduler_IntervalSchedule\":5:{s:22:\"\0*\0scheduled_timestamp\";i:1731383448;s:18:\"\0*\0first_timestamp\";i:1722261600;s:13:\"\0*\0recurrence\";i:604800;s:49:\"\0ActionScheduler_IntervalSchedule\0start_timestamp\";i:1731383448;s:53:\"\0ActionScheduler_IntervalSchedule\0interval_in_seconds\";i:604800;}', 8, 1, '2024-11-12 04:19:20', '2024-11-12 04:19:20', 0, NULL, 10),
(1622, 'woocommerce_cleanup_draft_orders', 'complete', '2024-11-09 20:14:04', '2024-11-09 20:14:04', '[]', 'O:32:\"ActionScheduler_IntervalSchedule\":5:{s:22:\"\0*\0scheduled_timestamp\";i:1731183244;s:18:\"\0*\0first_timestamp\";i:1681188147;s:13:\"\0*\0recurrence\";i:86400;s:49:\"\0ActionScheduler_IntervalSchedule\0start_timestamp\";i:1731183244;s:53:\"\0ActionScheduler_IntervalSchedule\0interval_in_seconds\";i:86400;}', 7, 1, '2024-11-09 20:52:02', '2024-11-09 20:52:02', 0, NULL, 10),
(1623, 'wp_mail_smtp_admin_notifications_update', 'complete', '2024-11-09 20:14:04', '2024-11-09 20:14:04', '[2]', 'O:32:\"ActionScheduler_IntervalSchedule\":5:{s:22:\"\0*\0scheduled_timestamp\";i:1731183244;s:18:\"\0*\0first_timestamp\";i:1721745038;s:13:\"\0*\0recurrence\";i:86400;s:49:\"\0ActionScheduler_IntervalSchedule\0start_timestamp\";i:1731183244;s:53:\"\0ActionScheduler_IntervalSchedule\0interval_in_seconds\";i:86400;}', 8, 1, '2024-11-09 20:52:02', '2024-11-09 20:52:02', 0, NULL, 10),
(1624, 'woocommerce_cleanup_draft_orders', 'complete', '2024-11-10 20:52:02', '2024-11-10 20:52:02', '[]', 'O:32:\"ActionScheduler_IntervalSchedule\":5:{s:22:\"\0*\0scheduled_timestamp\";i:1731271922;s:18:\"\0*\0first_timestamp\";i:1681188147;s:13:\"\0*\0recurrence\";i:86400;s:49:\"\0ActionScheduler_IntervalSchedule\0start_timestamp\";i:1731271922;s:53:\"\0ActionScheduler_IntervalSchedule\0interval_in_seconds\";i:86400;}', 7, 1, '2024-11-10 21:47:51', '2024-11-10 21:47:51', 0, NULL, 10),
(1625, 'wp_mail_smtp_admin_notifications_update', 'complete', '2024-11-10 20:52:02', '2024-11-10 20:52:02', '[2]', 'O:32:\"ActionScheduler_IntervalSchedule\":5:{s:22:\"\0*\0scheduled_timestamp\";i:1731271922;s:18:\"\0*\0first_timestamp\";i:1721745038;s:13:\"\0*\0recurrence\";i:86400;s:49:\"\0ActionScheduler_IntervalSchedule\0start_timestamp\";i:1731271922;s:53:\"\0ActionScheduler_IntervalSchedule\0interval_in_seconds\";i:86400;}', 8, 1, '2024-11-10 21:47:51', '2024-11-10 21:47:51', 0, NULL, 10),
(1626, 'woocommerce_cleanup_draft_orders', 'complete', '2024-11-11 21:47:51', '2024-11-11 21:47:51', '[]', 'O:32:\"ActionScheduler_IntervalSchedule\":5:{s:22:\"\0*\0scheduled_timestamp\";i:1731361671;s:18:\"\0*\0first_timestamp\";i:1681188147;s:13:\"\0*\0recurrence\";i:86400;s:49:\"\0ActionScheduler_IntervalSchedule\0start_timestamp\";i:1731361671;s:53:\"\0ActionScheduler_IntervalSchedule\0interval_in_seconds\";i:86400;}', 7, 1, '2024-11-11 22:34:27', '2024-11-11 22:34:27', 0, NULL, 10),
(1627, 'wp_mail_smtp_admin_notifications_update', 'complete', '2024-11-11 21:47:51', '2024-11-11 21:47:51', '[2]', 'O:32:\"ActionScheduler_IntervalSchedule\":5:{s:22:\"\0*\0scheduled_timestamp\";i:1731361671;s:18:\"\0*\0first_timestamp\";i:1721745038;s:13:\"\0*\0recurrence\";i:86400;s:49:\"\0ActionScheduler_IntervalSchedule\0start_timestamp\";i:1731361671;s:53:\"\0ActionScheduler_IntervalSchedule\0interval_in_seconds\";i:86400;}', 8, 1, '2024-11-11 22:34:28', '2024-11-11 22:34:28', 0, NULL, 10),
(1628, 'woocommerce_cleanup_draft_orders', 'complete', '2024-11-12 22:34:27', '2024-11-12 22:34:27', '[]', 'O:32:\"ActionScheduler_IntervalSchedule\":5:{s:22:\"\0*\0scheduled_timestamp\";i:1731450867;s:18:\"\0*\0first_timestamp\";i:1681188147;s:13:\"\0*\0recurrence\";i:86400;s:49:\"\0ActionScheduler_IntervalSchedule\0start_timestamp\";i:1731450867;s:53:\"\0ActionScheduler_IntervalSchedule\0interval_in_seconds\";i:86400;}', 7, 1, '2024-11-13 00:21:12', '2024-11-13 00:21:12', 0, NULL, 10),
(1629, 'wp_mail_smtp_admin_notifications_update', 'complete', '2024-11-12 22:34:28', '2024-11-12 22:34:28', '[2]', 'O:32:\"ActionScheduler_IntervalSchedule\":5:{s:22:\"\0*\0scheduled_timestamp\";i:1731450868;s:18:\"\0*\0first_timestamp\";i:1721745038;s:13:\"\0*\0recurrence\";i:86400;s:49:\"\0ActionScheduler_IntervalSchedule\0start_timestamp\";i:1731450868;s:53:\"\0ActionScheduler_IntervalSchedule\0interval_in_seconds\";i:86400;}', 8, 1, '2024-11-13 00:21:12', '2024-11-13 00:21:12', 0, NULL, 10),
(1630, 'wp_mail_smtp_summary_report_email', 'complete', '2024-11-19 04:19:20', '2024-11-19 04:19:20', '[null]', 'O:32:\"ActionScheduler_IntervalSchedule\":5:{s:22:\"\0*\0scheduled_timestamp\";i:1731989960;s:18:\"\0*\0first_timestamp\";i:1722261600;s:13:\"\0*\0recurrence\";i:604800;s:49:\"\0ActionScheduler_IntervalSchedule\0start_timestamp\";i:1731989960;s:53:\"\0ActionScheduler_IntervalSchedule\0interval_in_seconds\";i:604800;}', 8, 1, '2024-11-19 04:38:16', '2024-11-19 04:38:16', 0, NULL, 10),
(1631, 'woocommerce_cleanup_draft_orders', 'complete', '2024-11-14 00:21:12', '2024-11-14 00:21:12', '[]', 'O:32:\"ActionScheduler_IntervalSchedule\":5:{s:22:\"\0*\0scheduled_timestamp\";i:1731543672;s:18:\"\0*\0first_timestamp\";i:1681188147;s:13:\"\0*\0recurrence\";i:86400;s:49:\"\0ActionScheduler_IntervalSchedule\0start_timestamp\";i:1731543672;s:53:\"\0ActionScheduler_IntervalSchedule\0interval_in_seconds\";i:86400;}', 7, 1, '2024-11-14 00:26:34', '2024-11-14 00:26:34', 0, NULL, 10),
(1632, 'wp_mail_smtp_admin_notifications_update', 'complete', '2024-11-14 00:21:12', '2024-11-14 00:21:12', '[2]', 'O:32:\"ActionScheduler_IntervalSchedule\":5:{s:22:\"\0*\0scheduled_timestamp\";i:1731543672;s:18:\"\0*\0first_timestamp\";i:1721745038;s:13:\"\0*\0recurrence\";i:86400;s:49:\"\0ActionScheduler_IntervalSchedule\0start_timestamp\";i:1731543672;s:53:\"\0ActionScheduler_IntervalSchedule\0interval_in_seconds\";i:86400;}', 8, 1, '2024-11-14 00:26:35', '2024-11-14 00:26:35', 0, NULL, 10),
(1633, 'woocommerce_cleanup_draft_orders', 'complete', '2024-11-15 00:26:34', '2024-11-15 00:26:34', '[]', 'O:32:\"ActionScheduler_IntervalSchedule\":5:{s:22:\"\0*\0scheduled_timestamp\";i:1731630394;s:18:\"\0*\0first_timestamp\";i:1681188147;s:13:\"\0*\0recurrence\";i:86400;s:49:\"\0ActionScheduler_IntervalSchedule\0start_timestamp\";i:1731630394;s:53:\"\0ActionScheduler_IntervalSchedule\0interval_in_seconds\";i:86400;}', 7, 1, '2024-11-15 00:41:34', '2024-11-15 00:41:34', 0, NULL, 10),
(1634, 'wp_mail_smtp_admin_notifications_update', 'complete', '2024-11-15 00:26:35', '2024-11-15 00:26:35', '[2]', 'O:32:\"ActionScheduler_IntervalSchedule\":5:{s:22:\"\0*\0scheduled_timestamp\";i:1731630395;s:18:\"\0*\0first_timestamp\";i:1721745038;s:13:\"\0*\0recurrence\";i:86400;s:49:\"\0ActionScheduler_IntervalSchedule\0start_timestamp\";i:1731630395;s:53:\"\0ActionScheduler_IntervalSchedule\0interval_in_seconds\";i:86400;}', 8, 1, '2024-11-15 00:41:35', '2024-11-15 00:41:35', 0, NULL, 10),
(1635, 'woocommerce_cleanup_draft_orders', 'complete', '2024-11-16 00:41:34', '2024-11-16 00:41:34', '[]', 'O:32:\"ActionScheduler_IntervalSchedule\":5:{s:22:\"\0*\0scheduled_timestamp\";i:1731717694;s:18:\"\0*\0first_timestamp\";i:1681188147;s:13:\"\0*\0recurrence\";i:86400;s:49:\"\0ActionScheduler_IntervalSchedule\0start_timestamp\";i:1731717694;s:53:\"\0ActionScheduler_IntervalSchedule\0interval_in_seconds\";i:86400;}', 7, 1, '2024-11-16 01:14:13', '2024-11-16 01:14:13', 0, NULL, 10),
(1636, 'wp_mail_smtp_admin_notifications_update', 'complete', '2024-11-16 00:41:35', '2024-11-16 00:41:35', '[2]', 'O:32:\"ActionScheduler_IntervalSchedule\":5:{s:22:\"\0*\0scheduled_timestamp\";i:1731717695;s:18:\"\0*\0first_timestamp\";i:1721745038;s:13:\"\0*\0recurrence\";i:86400;s:49:\"\0ActionScheduler_IntervalSchedule\0start_timestamp\";i:1731717695;s:53:\"\0ActionScheduler_IntervalSchedule\0interval_in_seconds\";i:86400;}', 8, 1, '2024-11-16 01:14:13', '2024-11-16 01:14:13', 0, NULL, 10),
(1637, 'woocommerce_cleanup_draft_orders', 'complete', '2024-11-17 01:14:13', '2024-11-17 01:14:13', '[]', 'O:32:\"ActionScheduler_IntervalSchedule\":5:{s:22:\"\0*\0scheduled_timestamp\";i:1731806053;s:18:\"\0*\0first_timestamp\";i:1681188147;s:13:\"\0*\0recurrence\";i:86400;s:49:\"\0ActionScheduler_IntervalSchedule\0start_timestamp\";i:1731806053;s:53:\"\0ActionScheduler_IntervalSchedule\0interval_in_seconds\";i:86400;}', 7, 1, '2024-11-17 02:11:42', '2024-11-17 02:11:42', 0, NULL, 10),
(1638, 'wp_mail_smtp_admin_notifications_update', 'complete', '2024-11-17 01:14:13', '2024-11-17 01:14:13', '[2]', 'O:32:\"ActionScheduler_IntervalSchedule\":5:{s:22:\"\0*\0scheduled_timestamp\";i:1731806053;s:18:\"\0*\0first_timestamp\";i:1721745038;s:13:\"\0*\0recurrence\";i:86400;s:49:\"\0ActionScheduler_IntervalSchedule\0start_timestamp\";i:1731806053;s:53:\"\0ActionScheduler_IntervalSchedule\0interval_in_seconds\";i:86400;}', 8, 1, '2024-11-17 02:11:42', '2024-11-17 02:11:42', 0, NULL, 10),
(1639, 'woocommerce_cleanup_draft_orders', 'complete', '2024-11-18 02:11:42', '2024-11-18 02:11:42', '[]', 'O:32:\"ActionScheduler_IntervalSchedule\":5:{s:22:\"\0*\0scheduled_timestamp\";i:1731895902;s:18:\"\0*\0first_timestamp\";i:1681188147;s:13:\"\0*\0recurrence\";i:86400;s:49:\"\0ActionScheduler_IntervalSchedule\0start_timestamp\";i:1731895902;s:53:\"\0ActionScheduler_IntervalSchedule\0interval_in_seconds\";i:86400;}', 7, 1, '2024-11-18 02:11:58', '2024-11-18 02:11:58', 0, NULL, 10),
(1640, 'wp_mail_smtp_admin_notifications_update', 'complete', '2024-11-18 02:11:42', '2024-11-18 02:11:42', '[2]', 'O:32:\"ActionScheduler_IntervalSchedule\":5:{s:22:\"\0*\0scheduled_timestamp\";i:1731895902;s:18:\"\0*\0first_timestamp\";i:1721745038;s:13:\"\0*\0recurrence\";i:86400;s:49:\"\0ActionScheduler_IntervalSchedule\0start_timestamp\";i:1731895902;s:53:\"\0ActionScheduler_IntervalSchedule\0interval_in_seconds\";i:86400;}', 8, 1, '2024-11-18 02:11:59', '2024-11-18 02:11:59', 0, NULL, 10),
(1641, 'woocommerce_cleanup_draft_orders', 'complete', '2024-11-19 02:11:58', '2024-11-19 02:11:58', '[]', 'O:32:\"ActionScheduler_IntervalSchedule\":5:{s:22:\"\0*\0scheduled_timestamp\";i:1731982318;s:18:\"\0*\0first_timestamp\";i:1681188147;s:13:\"\0*\0recurrence\";i:86400;s:49:\"\0ActionScheduler_IntervalSchedule\0start_timestamp\";i:1731982318;s:53:\"\0ActionScheduler_IntervalSchedule\0interval_in_seconds\";i:86400;}', 7, 1, '2024-11-19 02:45:23', '2024-11-19 02:45:23', 0, NULL, 10),
(1642, 'wp_mail_smtp_admin_notifications_update', 'complete', '2024-11-19 02:11:59', '2024-11-19 02:11:59', '[2]', 'O:32:\"ActionScheduler_IntervalSchedule\":5:{s:22:\"\0*\0scheduled_timestamp\";i:1731982319;s:18:\"\0*\0first_timestamp\";i:1721745038;s:13:\"\0*\0recurrence\";i:86400;s:49:\"\0ActionScheduler_IntervalSchedule\0start_timestamp\";i:1731982319;s:53:\"\0ActionScheduler_IntervalSchedule\0interval_in_seconds\";i:86400;}', 8, 1, '2024-11-19 02:45:23', '2024-11-19 02:45:23', 0, NULL, 10),
(1643, 'woocommerce_cleanup_draft_orders', 'complete', '2024-11-20 02:45:23', '2024-11-20 02:45:23', '[]', 'O:32:\"ActionScheduler_IntervalSchedule\":5:{s:22:\"\0*\0scheduled_timestamp\";i:1732070723;s:18:\"\0*\0first_timestamp\";i:1681188147;s:13:\"\0*\0recurrence\";i:86400;s:49:\"\0ActionScheduler_IntervalSchedule\0start_timestamp\";i:1732070723;s:53:\"\0ActionScheduler_IntervalSchedule\0interval_in_seconds\";i:86400;}', 7, 1, '2024-11-20 03:27:09', '2024-11-20 03:27:09', 0, NULL, 10),
(1644, 'wp_mail_smtp_admin_notifications_update', 'complete', '2024-11-20 02:45:23', '2024-11-20 02:45:23', '[2]', 'O:32:\"ActionScheduler_IntervalSchedule\":5:{s:22:\"\0*\0scheduled_timestamp\";i:1732070723;s:18:\"\0*\0first_timestamp\";i:1721745038;s:13:\"\0*\0recurrence\";i:86400;s:49:\"\0ActionScheduler_IntervalSchedule\0start_timestamp\";i:1732070723;s:53:\"\0ActionScheduler_IntervalSchedule\0interval_in_seconds\";i:86400;}', 8, 1, '2024-11-20 03:27:09', '2024-11-20 03:27:09', 0, NULL, 10),
(1645, 'wp_mail_smtp_summary_report_email', 'complete', '2024-11-26 04:38:16', '2024-11-26 04:38:16', '[null]', 'O:32:\"ActionScheduler_IntervalSchedule\":5:{s:22:\"\0*\0scheduled_timestamp\";i:1732595896;s:18:\"\0*\0first_timestamp\";i:1722261600;s:13:\"\0*\0recurrence\";i:604800;s:49:\"\0ActionScheduler_IntervalSchedule\0start_timestamp\";i:1732595896;s:53:\"\0ActionScheduler_IntervalSchedule\0interval_in_seconds\";i:604800;}', 8, 1, '2024-11-26 04:44:32', '2024-11-26 04:44:32', 0, NULL, 10),
(1646, 'woocommerce_cleanup_draft_orders', 'complete', '2024-11-21 03:27:09', '2024-11-21 03:27:09', '[]', 'O:32:\"ActionScheduler_IntervalSchedule\":5:{s:22:\"\0*\0scheduled_timestamp\";i:1732159629;s:18:\"\0*\0first_timestamp\";i:1681188147;s:13:\"\0*\0recurrence\";i:86400;s:49:\"\0ActionScheduler_IntervalSchedule\0start_timestamp\";i:1732159629;s:53:\"\0ActionScheduler_IntervalSchedule\0interval_in_seconds\";i:86400;}', 7, 1, '2024-11-21 04:18:58', '2024-11-21 04:18:58', 0, NULL, 10),
(1647, 'wp_mail_smtp_admin_notifications_update', 'complete', '2024-11-21 03:27:09', '2024-11-21 03:27:09', '[2]', 'O:32:\"ActionScheduler_IntervalSchedule\":5:{s:22:\"\0*\0scheduled_timestamp\";i:1732159629;s:18:\"\0*\0first_timestamp\";i:1721745038;s:13:\"\0*\0recurrence\";i:86400;s:49:\"\0ActionScheduler_IntervalSchedule\0start_timestamp\";i:1732159629;s:53:\"\0ActionScheduler_IntervalSchedule\0interval_in_seconds\";i:86400;}', 8, 1, '2024-11-21 04:18:58', '2024-11-21 04:18:58', 0, NULL, 10),
(1648, 'woocommerce_cleanup_draft_orders', 'complete', '2024-11-22 04:18:58', '2024-11-22 04:18:58', '[]', 'O:32:\"ActionScheduler_IntervalSchedule\":5:{s:22:\"\0*\0scheduled_timestamp\";i:1732249138;s:18:\"\0*\0first_timestamp\";i:1681188147;s:13:\"\0*\0recurrence\";i:86400;s:49:\"\0ActionScheduler_IntervalSchedule\0start_timestamp\";i:1732249138;s:53:\"\0ActionScheduler_IntervalSchedule\0interval_in_seconds\";i:86400;}', 7, 1, '2024-11-22 04:20:49', '2024-11-22 04:20:49', 0, NULL, 10),
(1649, 'wp_mail_smtp_admin_notifications_update', 'complete', '2024-11-22 04:18:58', '2024-11-22 04:18:58', '[2]', 'O:32:\"ActionScheduler_IntervalSchedule\":5:{s:22:\"\0*\0scheduled_timestamp\";i:1732249138;s:18:\"\0*\0first_timestamp\";i:1721745038;s:13:\"\0*\0recurrence\";i:86400;s:49:\"\0ActionScheduler_IntervalSchedule\0start_timestamp\";i:1732249138;s:53:\"\0ActionScheduler_IntervalSchedule\0interval_in_seconds\";i:86400;}', 8, 1, '2024-11-22 04:20:49', '2024-11-22 04:20:49', 0, NULL, 10),
(1650, 'woocommerce_cleanup_draft_orders', 'complete', '2024-11-23 04:20:49', '2024-11-23 04:20:49', '[]', 'O:32:\"ActionScheduler_IntervalSchedule\":5:{s:22:\"\0*\0scheduled_timestamp\";i:1732335649;s:18:\"\0*\0first_timestamp\";i:1681188147;s:13:\"\0*\0recurrence\";i:86400;s:49:\"\0ActionScheduler_IntervalSchedule\0start_timestamp\";i:1732335649;s:53:\"\0ActionScheduler_IntervalSchedule\0interval_in_seconds\";i:86400;}', 7, 1, '2024-11-23 04:25:19', '2024-11-23 04:25:19', 0, NULL, 10),
(1651, 'wp_mail_smtp_admin_notifications_update', 'complete', '2024-11-23 04:20:49', '2024-11-23 04:20:49', '[2]', 'O:32:\"ActionScheduler_IntervalSchedule\":5:{s:22:\"\0*\0scheduled_timestamp\";i:1732335649;s:18:\"\0*\0first_timestamp\";i:1721745038;s:13:\"\0*\0recurrence\";i:86400;s:49:\"\0ActionScheduler_IntervalSchedule\0start_timestamp\";i:1732335649;s:53:\"\0ActionScheduler_IntervalSchedule\0interval_in_seconds\";i:86400;}', 8, 1, '2024-11-23 04:25:20', '2024-11-23 04:25:20', 0, NULL, 10),
(1652, 'woocommerce_cleanup_draft_orders', 'complete', '2024-11-24 04:25:19', '2024-11-24 04:25:19', '[]', 'O:32:\"ActionScheduler_IntervalSchedule\":5:{s:22:\"\0*\0scheduled_timestamp\";i:1732422319;s:18:\"\0*\0first_timestamp\";i:1681188147;s:13:\"\0*\0recurrence\";i:86400;s:49:\"\0ActionScheduler_IntervalSchedule\0start_timestamp\";i:1732422319;s:53:\"\0ActionScheduler_IntervalSchedule\0interval_in_seconds\";i:86400;}', 7, 1, '2024-11-24 04:39:22', '2024-11-24 04:39:22', 0, NULL, 10),
(1653, 'wp_mail_smtp_admin_notifications_update', 'complete', '2024-11-24 04:25:20', '2024-11-24 04:25:20', '[2]', 'O:32:\"ActionScheduler_IntervalSchedule\":5:{s:22:\"\0*\0scheduled_timestamp\";i:1732422320;s:18:\"\0*\0first_timestamp\";i:1721745038;s:13:\"\0*\0recurrence\";i:86400;s:49:\"\0ActionScheduler_IntervalSchedule\0start_timestamp\";i:1732422320;s:53:\"\0ActionScheduler_IntervalSchedule\0interval_in_seconds\";i:86400;}', 8, 1, '2024-11-24 04:39:22', '2024-11-24 04:39:22', 0, NULL, 10),
(1654, 'woocommerce_cleanup_draft_orders', 'complete', '2024-11-25 04:39:22', '2024-11-25 04:39:22', '[]', 'O:32:\"ActionScheduler_IntervalSchedule\":5:{s:22:\"\0*\0scheduled_timestamp\";i:1732509562;s:18:\"\0*\0first_timestamp\";i:1681188147;s:13:\"\0*\0recurrence\";i:86400;s:49:\"\0ActionScheduler_IntervalSchedule\0start_timestamp\";i:1732509562;s:53:\"\0ActionScheduler_IntervalSchedule\0interval_in_seconds\";i:86400;}', 7, 1, '2024-11-25 04:53:33', '2024-11-25 04:53:33', 0, NULL, 10),
(1655, 'wp_mail_smtp_admin_notifications_update', 'complete', '2024-11-25 04:39:22', '2024-11-25 04:39:22', '[2]', 'O:32:\"ActionScheduler_IntervalSchedule\":5:{s:22:\"\0*\0scheduled_timestamp\";i:1732509562;s:18:\"\0*\0first_timestamp\";i:1721745038;s:13:\"\0*\0recurrence\";i:86400;s:49:\"\0ActionScheduler_IntervalSchedule\0start_timestamp\";i:1732509562;s:53:\"\0ActionScheduler_IntervalSchedule\0interval_in_seconds\";i:86400;}', 8, 1, '2024-11-25 04:53:33', '2024-11-25 04:53:33', 0, NULL, 10),
(1656, 'woocommerce_cleanup_draft_orders', 'complete', '2024-11-26 04:53:33', '2024-11-26 04:53:33', '[]', 'O:32:\"ActionScheduler_IntervalSchedule\":5:{s:22:\"\0*\0scheduled_timestamp\";i:1732596813;s:18:\"\0*\0first_timestamp\";i:1681188147;s:13:\"\0*\0recurrence\";i:86400;s:49:\"\0ActionScheduler_IntervalSchedule\0start_timestamp\";i:1732596813;s:53:\"\0ActionScheduler_IntervalSchedule\0interval_in_seconds\";i:86400;}', 7, 1, '2024-11-26 04:54:52', '2024-11-26 04:54:52', 0, NULL, 10),
(1657, 'wp_mail_smtp_admin_notifications_update', 'complete', '2024-11-26 04:53:33', '2024-11-26 04:53:33', '[2]', 'O:32:\"ActionScheduler_IntervalSchedule\":5:{s:22:\"\0*\0scheduled_timestamp\";i:1732596813;s:18:\"\0*\0first_timestamp\";i:1721745038;s:13:\"\0*\0recurrence\";i:86400;s:49:\"\0ActionScheduler_IntervalSchedule\0start_timestamp\";i:1732596813;s:53:\"\0ActionScheduler_IntervalSchedule\0interval_in_seconds\";i:86400;}', 8, 1, '2024-11-26 04:54:52', '2024-11-26 04:54:52', 0, NULL, 10),
(1658, 'wp_mail_smtp_summary_report_email', 'complete', '2024-12-03 04:44:32', '2024-12-03 04:44:32', '[null]', 'O:32:\"ActionScheduler_IntervalSchedule\":5:{s:22:\"\0*\0scheduled_timestamp\";i:1733201072;s:18:\"\0*\0first_timestamp\";i:1722261600;s:13:\"\0*\0recurrence\";i:604800;s:49:\"\0ActionScheduler_IntervalSchedule\0start_timestamp\";i:1733201072;s:53:\"\0ActionScheduler_IntervalSchedule\0interval_in_seconds\";i:604800;}', 8, 1, '2024-12-03 07:05:42', '2024-12-03 07:05:42', 0, NULL, 10),
(1659, 'woocommerce_cleanup_draft_orders', 'complete', '2024-11-27 04:54:52', '2024-11-27 04:54:52', '[]', 'O:32:\"ActionScheduler_IntervalSchedule\":5:{s:22:\"\0*\0scheduled_timestamp\";i:1732683292;s:18:\"\0*\0first_timestamp\";i:1681188147;s:13:\"\0*\0recurrence\";i:86400;s:49:\"\0ActionScheduler_IntervalSchedule\0start_timestamp\";i:1732683292;s:53:\"\0ActionScheduler_IntervalSchedule\0interval_in_seconds\";i:86400;}', 7, 1, '2024-11-27 05:05:04', '2024-11-27 05:05:04', 0, NULL, 10),
(1660, 'wp_mail_smtp_admin_notifications_update', 'complete', '2024-11-27 04:54:52', '2024-11-27 04:54:52', '[2]', 'O:32:\"ActionScheduler_IntervalSchedule\":5:{s:22:\"\0*\0scheduled_timestamp\";i:1732683292;s:18:\"\0*\0first_timestamp\";i:1721745038;s:13:\"\0*\0recurrence\";i:86400;s:49:\"\0ActionScheduler_IntervalSchedule\0start_timestamp\";i:1732683292;s:53:\"\0ActionScheduler_IntervalSchedule\0interval_in_seconds\";i:86400;}', 8, 1, '2024-11-27 05:05:04', '2024-11-27 05:05:04', 0, NULL, 10),
(1661, 'woocommerce_cleanup_draft_orders', 'complete', '2024-11-28 05:05:04', '2024-11-28 05:05:04', '[]', 'O:32:\"ActionScheduler_IntervalSchedule\":5:{s:22:\"\0*\0scheduled_timestamp\";i:1732770304;s:18:\"\0*\0first_timestamp\";i:1681188147;s:13:\"\0*\0recurrence\";i:86400;s:49:\"\0ActionScheduler_IntervalSchedule\0start_timestamp\";i:1732770304;s:53:\"\0ActionScheduler_IntervalSchedule\0interval_in_seconds\";i:86400;}', 7, 1, '2024-11-28 05:11:29', '2024-11-28 05:11:29', 0, NULL, 10),
(1662, 'wp_mail_smtp_admin_notifications_update', 'complete', '2024-11-28 05:05:04', '2024-11-28 05:05:04', '[2]', 'O:32:\"ActionScheduler_IntervalSchedule\":5:{s:22:\"\0*\0scheduled_timestamp\";i:1732770304;s:18:\"\0*\0first_timestamp\";i:1721745038;s:13:\"\0*\0recurrence\";i:86400;s:49:\"\0ActionScheduler_IntervalSchedule\0start_timestamp\";i:1732770304;s:53:\"\0ActionScheduler_IntervalSchedule\0interval_in_seconds\";i:86400;}', 8, 1, '2024-11-28 05:11:29', '2024-11-28 05:11:29', 0, NULL, 10),
(1663, 'woocommerce_cleanup_draft_orders', 'complete', '2024-11-29 05:11:29', '2024-11-29 05:11:29', '[]', 'O:32:\"ActionScheduler_IntervalSchedule\":5:{s:22:\"\0*\0scheduled_timestamp\";i:1732857089;s:18:\"\0*\0first_timestamp\";i:1681188147;s:13:\"\0*\0recurrence\";i:86400;s:49:\"\0ActionScheduler_IntervalSchedule\0start_timestamp\";i:1732857089;s:53:\"\0ActionScheduler_IntervalSchedule\0interval_in_seconds\";i:86400;}', 7, 1, '2024-11-29 05:42:10', '2024-11-29 05:42:10', 0, NULL, 10),
(1664, 'wp_mail_smtp_admin_notifications_update', 'complete', '2024-11-29 05:11:29', '2024-11-29 05:11:29', '[2]', 'O:32:\"ActionScheduler_IntervalSchedule\":5:{s:22:\"\0*\0scheduled_timestamp\";i:1732857089;s:18:\"\0*\0first_timestamp\";i:1721745038;s:13:\"\0*\0recurrence\";i:86400;s:49:\"\0ActionScheduler_IntervalSchedule\0start_timestamp\";i:1732857089;s:53:\"\0ActionScheduler_IntervalSchedule\0interval_in_seconds\";i:86400;}', 8, 1, '2024-11-29 05:42:11', '2024-11-29 05:42:11', 0, NULL, 10),
(1665, 'woocommerce_cleanup_draft_orders', 'complete', '2024-11-30 05:42:10', '2024-11-30 05:42:10', '[]', 'O:32:\"ActionScheduler_IntervalSchedule\":5:{s:22:\"\0*\0scheduled_timestamp\";i:1732945330;s:18:\"\0*\0first_timestamp\";i:1681188147;s:13:\"\0*\0recurrence\";i:86400;s:49:\"\0ActionScheduler_IntervalSchedule\0start_timestamp\";i:1732945330;s:53:\"\0ActionScheduler_IntervalSchedule\0interval_in_seconds\";i:86400;}', 7, 1, '2024-11-30 05:50:06', '2024-11-30 05:50:06', 0, NULL, 10),
(1666, 'wp_mail_smtp_admin_notifications_update', 'complete', '2024-11-30 05:42:11', '2024-11-30 05:42:11', '[2]', 'O:32:\"ActionScheduler_IntervalSchedule\":5:{s:22:\"\0*\0scheduled_timestamp\";i:1732945331;s:18:\"\0*\0first_timestamp\";i:1721745038;s:13:\"\0*\0recurrence\";i:86400;s:49:\"\0ActionScheduler_IntervalSchedule\0start_timestamp\";i:1732945331;s:53:\"\0ActionScheduler_IntervalSchedule\0interval_in_seconds\";i:86400;}', 8, 1, '2024-11-30 05:50:06', '2024-11-30 05:50:06', 0, NULL, 10),
(1667, 'woocommerce_cleanup_draft_orders', 'complete', '2024-12-01 05:50:06', '2024-12-01 05:50:06', '[]', 'O:32:\"ActionScheduler_IntervalSchedule\":5:{s:22:\"\0*\0scheduled_timestamp\";i:1733032206;s:18:\"\0*\0first_timestamp\";i:1681188147;s:13:\"\0*\0recurrence\";i:86400;s:49:\"\0ActionScheduler_IntervalSchedule\0start_timestamp\";i:1733032206;s:53:\"\0ActionScheduler_IntervalSchedule\0interval_in_seconds\";i:86400;}', 7, 1, '2024-12-01 06:06:48', '2024-12-01 06:06:48', 0, NULL, 10),
(1668, 'wp_mail_smtp_admin_notifications_update', 'complete', '2024-12-01 05:50:06', '2024-12-01 05:50:06', '[2]', 'O:32:\"ActionScheduler_IntervalSchedule\":5:{s:22:\"\0*\0scheduled_timestamp\";i:1733032206;s:18:\"\0*\0first_timestamp\";i:1721745038;s:13:\"\0*\0recurrence\";i:86400;s:49:\"\0ActionScheduler_IntervalSchedule\0start_timestamp\";i:1733032206;s:53:\"\0ActionScheduler_IntervalSchedule\0interval_in_seconds\";i:86400;}', 8, 1, '2024-12-01 06:06:48', '2024-12-01 06:06:48', 0, NULL, 10),
(1669, 'woocommerce_cleanup_draft_orders', 'complete', '2024-12-02 06:06:48', '2024-12-02 06:06:48', '[]', 'O:32:\"ActionScheduler_IntervalSchedule\":5:{s:22:\"\0*\0scheduled_timestamp\";i:1733119608;s:18:\"\0*\0first_timestamp\";i:1681188147;s:13:\"\0*\0recurrence\";i:86400;s:49:\"\0ActionScheduler_IntervalSchedule\0start_timestamp\";i:1733119608;s:53:\"\0ActionScheduler_IntervalSchedule\0interval_in_seconds\";i:86400;}', 7, 1, '2024-12-02 06:10:23', '2024-12-02 06:10:23', 0, NULL, 10),
(1670, 'wp_mail_smtp_admin_notifications_update', 'complete', '2024-12-02 06:06:48', '2024-12-02 06:06:48', '[2]', 'O:32:\"ActionScheduler_IntervalSchedule\":5:{s:22:\"\0*\0scheduled_timestamp\";i:1733119608;s:18:\"\0*\0first_timestamp\";i:1721745038;s:13:\"\0*\0recurrence\";i:86400;s:49:\"\0ActionScheduler_IntervalSchedule\0start_timestamp\";i:1733119608;s:53:\"\0ActionScheduler_IntervalSchedule\0interval_in_seconds\";i:86400;}', 8, 1, '2024-12-02 06:10:23', '2024-12-02 06:10:23', 0, NULL, 10),
(1671, 'woocommerce_cleanup_draft_orders', 'complete', '2024-12-03 06:10:23', '2024-12-03 06:10:23', '[]', 'O:32:\"ActionScheduler_IntervalSchedule\":5:{s:22:\"\0*\0scheduled_timestamp\";i:1733206223;s:18:\"\0*\0first_timestamp\";i:1681188147;s:13:\"\0*\0recurrence\";i:86400;s:49:\"\0ActionScheduler_IntervalSchedule\0start_timestamp\";i:1733206223;s:53:\"\0ActionScheduler_IntervalSchedule\0interval_in_seconds\";i:86400;}', 7, 1, '2024-12-03 07:05:42', '2024-12-03 07:05:42', 0, NULL, 10),
(1672, 'wp_mail_smtp_admin_notifications_update', 'complete', '2024-12-03 06:10:23', '2024-12-03 06:10:23', '[2]', 'O:32:\"ActionScheduler_IntervalSchedule\":5:{s:22:\"\0*\0scheduled_timestamp\";i:1733206223;s:18:\"\0*\0first_timestamp\";i:1721745038;s:13:\"\0*\0recurrence\";i:86400;s:49:\"\0ActionScheduler_IntervalSchedule\0start_timestamp\";i:1733206223;s:53:\"\0ActionScheduler_IntervalSchedule\0interval_in_seconds\";i:86400;}', 8, 1, '2024-12-03 07:05:42', '2024-12-03 07:05:42', 0, NULL, 10),
(1673, 'wp_mail_smtp_summary_report_email', 'pending', '2024-12-10 07:05:42', '2024-12-10 07:05:42', '[null]', 'O:32:\"ActionScheduler_IntervalSchedule\":5:{s:22:\"\0*\0scheduled_timestamp\";i:1733814342;s:18:\"\0*\0first_timestamp\";i:1722261600;s:13:\"\0*\0recurrence\";i:604800;s:49:\"\0ActionScheduler_IntervalSchedule\0start_timestamp\";i:1733814342;s:53:\"\0ActionScheduler_IntervalSchedule\0interval_in_seconds\";i:604800;}', 8, 0, '0000-00-00 00:00:00', '0000-00-00 00:00:00', 0, NULL, 10),
(1674, 'woocommerce_cleanup_draft_orders', 'complete', '2024-12-04 07:05:42', '2024-12-04 07:05:42', '[]', 'O:32:\"ActionScheduler_IntervalSchedule\":5:{s:22:\"\0*\0scheduled_timestamp\";i:1733295942;s:18:\"\0*\0first_timestamp\";i:1681188147;s:13:\"\0*\0recurrence\";i:86400;s:49:\"\0ActionScheduler_IntervalSchedule\0start_timestamp\";i:1733295942;s:53:\"\0ActionScheduler_IntervalSchedule\0interval_in_seconds\";i:86400;}', 7, 1, '2024-12-04 07:35:36', '2024-12-04 07:35:36', 0, NULL, 10),
(1675, 'wp_mail_smtp_admin_notifications_update', 'complete', '2024-12-04 07:05:42', '2024-12-04 07:05:42', '[2]', 'O:32:\"ActionScheduler_IntervalSchedule\":5:{s:22:\"\0*\0scheduled_timestamp\";i:1733295942;s:18:\"\0*\0first_timestamp\";i:1721745038;s:13:\"\0*\0recurrence\";i:86400;s:49:\"\0ActionScheduler_IntervalSchedule\0start_timestamp\";i:1733295942;s:53:\"\0ActionScheduler_IntervalSchedule\0interval_in_seconds\";i:86400;}', 8, 1, '2024-12-04 07:35:36', '2024-12-04 07:35:36', 0, NULL, 10),
(1676, 'woocommerce_cleanup_draft_orders', 'complete', '2024-12-05 07:35:36', '2024-12-05 07:35:36', '[]', 'O:32:\"ActionScheduler_IntervalSchedule\":5:{s:22:\"\0*\0scheduled_timestamp\";i:1733384136;s:18:\"\0*\0first_timestamp\";i:1681188147;s:13:\"\0*\0recurrence\";i:86400;s:49:\"\0ActionScheduler_IntervalSchedule\0start_timestamp\";i:1733384136;s:53:\"\0ActionScheduler_IntervalSchedule\0interval_in_seconds\";i:86400;}', 7, 1, '2024-12-05 08:18:55', '2024-12-05 08:18:55', 0, NULL, 10),
(1677, 'wp_mail_smtp_admin_notifications_update', 'complete', '2024-12-05 07:35:36', '2024-12-05 07:35:36', '[2]', 'O:32:\"ActionScheduler_IntervalSchedule\":5:{s:22:\"\0*\0scheduled_timestamp\";i:1733384136;s:18:\"\0*\0first_timestamp\";i:1721745038;s:13:\"\0*\0recurrence\";i:86400;s:49:\"\0ActionScheduler_IntervalSchedule\0start_timestamp\";i:1733384136;s:53:\"\0ActionScheduler_IntervalSchedule\0interval_in_seconds\";i:86400;}', 8, 1, '2024-12-05 08:18:56', '2024-12-05 08:18:56', 0, NULL, 10),
(1678, 'woocommerce_cleanup_draft_orders', 'complete', '2024-12-06 08:18:55', '2024-12-06 08:18:55', '[]', 'O:32:\"ActionScheduler_IntervalSchedule\":5:{s:22:\"\0*\0scheduled_timestamp\";i:1733473135;s:18:\"\0*\0first_timestamp\";i:1681188147;s:13:\"\0*\0recurrence\";i:86400;s:49:\"\0ActionScheduler_IntervalSchedule\0start_timestamp\";i:1733473135;s:53:\"\0ActionScheduler_IntervalSchedule\0interval_in_seconds\";i:86400;}', 7, 1, '2024-12-06 08:24:26', '2024-12-06 08:24:26', 0, NULL, 10),
(1679, 'wp_mail_smtp_admin_notifications_update', 'complete', '2024-12-06 08:18:56', '2024-12-06 08:18:56', '[2]', 'O:32:\"ActionScheduler_IntervalSchedule\":5:{s:22:\"\0*\0scheduled_timestamp\";i:1733473136;s:18:\"\0*\0first_timestamp\";i:1721745038;s:13:\"\0*\0recurrence\";i:86400;s:49:\"\0ActionScheduler_IntervalSchedule\0start_timestamp\";i:1733473136;s:53:\"\0ActionScheduler_IntervalSchedule\0interval_in_seconds\";i:86400;}', 8, 1, '2024-12-06 08:24:26', '2024-12-06 08:24:26', 0, NULL, 10),
(1680, 'woocommerce_cleanup_draft_orders', 'complete', '2024-12-07 08:24:26', '2024-12-07 08:24:26', '[]', 'O:32:\"ActionScheduler_IntervalSchedule\":5:{s:22:\"\0*\0scheduled_timestamp\";i:1733559866;s:18:\"\0*\0first_timestamp\";i:1681188147;s:13:\"\0*\0recurrence\";i:86400;s:49:\"\0ActionScheduler_IntervalSchedule\0start_timestamp\";i:1733559866;s:53:\"\0ActionScheduler_IntervalSchedule\0interval_in_seconds\";i:86400;}', 7, 1, '2024-12-07 08:46:15', '2024-12-07 08:46:15', 0, NULL, 10),
(1681, 'wp_mail_smtp_admin_notifications_update', 'complete', '2024-12-07 08:24:26', '2024-12-07 08:24:26', '[2]', 'O:32:\"ActionScheduler_IntervalSchedule\":5:{s:22:\"\0*\0scheduled_timestamp\";i:1733559866;s:18:\"\0*\0first_timestamp\";i:1721745038;s:13:\"\0*\0recurrence\";i:86400;s:49:\"\0ActionScheduler_IntervalSchedule\0start_timestamp\";i:1733559866;s:53:\"\0ActionScheduler_IntervalSchedule\0interval_in_seconds\";i:86400;}', 8, 1, '2024-12-07 08:46:15', '2024-12-07 08:46:15', 0, NULL, 10),
(1682, 'woocommerce_cleanup_draft_orders', 'complete', '2024-12-08 08:46:15', '2024-12-08 08:46:15', '[]', 'O:32:\"ActionScheduler_IntervalSchedule\":5:{s:22:\"\0*\0scheduled_timestamp\";i:1733647575;s:18:\"\0*\0first_timestamp\";i:1681188147;s:13:\"\0*\0recurrence\";i:86400;s:49:\"\0ActionScheduler_IntervalSchedule\0start_timestamp\";i:1733647575;s:53:\"\0ActionScheduler_IntervalSchedule\0interval_in_seconds\";i:86400;}', 7, 1, '2024-12-08 08:49:16', '2024-12-08 08:49:16', 0, NULL, 10),
(1683, 'wp_mail_smtp_admin_notifications_update', 'complete', '2024-12-08 08:46:15', '2024-12-08 08:46:15', '[2]', 'O:32:\"ActionScheduler_IntervalSchedule\":5:{s:22:\"\0*\0scheduled_timestamp\";i:1733647575;s:18:\"\0*\0first_timestamp\";i:1721745038;s:13:\"\0*\0recurrence\";i:86400;s:49:\"\0ActionScheduler_IntervalSchedule\0start_timestamp\";i:1733647575;s:53:\"\0ActionScheduler_IntervalSchedule\0interval_in_seconds\";i:86400;}', 8, 1, '2024-12-08 08:49:16', '2024-12-08 08:49:16', 0, NULL, 10),
(1684, 'woocommerce_cleanup_draft_orders', 'complete', '2024-12-09 08:49:16', '2024-12-09 08:49:16', '[]', 'O:32:\"ActionScheduler_IntervalSchedule\":5:{s:22:\"\0*\0scheduled_timestamp\";i:1733734156;s:18:\"\0*\0first_timestamp\";i:1681188147;s:13:\"\0*\0recurrence\";i:86400;s:49:\"\0ActionScheduler_IntervalSchedule\0start_timestamp\";i:1733734156;s:53:\"\0ActionScheduler_IntervalSchedule\0interval_in_seconds\";i:86400;}', 7, 1, '2024-12-09 09:11:24', '2024-12-09 09:11:24', 0, NULL, 10),
(1685, 'wp_mail_smtp_admin_notifications_update', 'complete', '2024-12-09 08:49:16', '2024-12-09 08:49:16', '[2]', 'O:32:\"ActionScheduler_IntervalSchedule\":5:{s:22:\"\0*\0scheduled_timestamp\";i:1733734156;s:18:\"\0*\0first_timestamp\";i:1721745038;s:13:\"\0*\0recurrence\";i:86400;s:49:\"\0ActionScheduler_IntervalSchedule\0start_timestamp\";i:1733734156;s:53:\"\0ActionScheduler_IntervalSchedule\0interval_in_seconds\";i:86400;}', 8, 1, '2024-12-09 09:11:24', '2024-12-09 09:11:24', 0, NULL, 10),
(1686, 'woocommerce_cleanup_draft_orders', 'pending', '2024-12-10 09:11:24', '2024-12-10 09:11:24', '[]', 'O:32:\"ActionScheduler_IntervalSchedule\":5:{s:22:\"\0*\0scheduled_timestamp\";i:1733821884;s:18:\"\0*\0first_timestamp\";i:1681188147;s:13:\"\0*\0recurrence\";i:86400;s:49:\"\0ActionScheduler_IntervalSchedule\0start_timestamp\";i:1733821884;s:53:\"\0ActionScheduler_IntervalSchedule\0interval_in_seconds\";i:86400;}', 7, 0, '0000-00-00 00:00:00', '0000-00-00 00:00:00', 0, NULL, 10),
(1687, 'wp_mail_smtp_admin_notifications_update', 'pending', '2024-12-10 09:11:24', '2024-12-10 09:11:24', '[2]', 'O:32:\"ActionScheduler_IntervalSchedule\":5:{s:22:\"\0*\0scheduled_timestamp\";i:1733821884;s:18:\"\0*\0first_timestamp\";i:1721745038;s:13:\"\0*\0recurrence\";i:86400;s:49:\"\0ActionScheduler_IntervalSchedule\0start_timestamp\";i:1733821884;s:53:\"\0ActionScheduler_IntervalSchedule\0interval_in_seconds\";i:86400;}', 8, 0, '0000-00-00 00:00:00', '0000-00-00 00:00:00', 0, NULL, 10);

-- --------------------------------------------------------

--
-- Table structure for table `wp_actionscheduler_claims`
--

CREATE TABLE `wp_actionscheduler_claims` (
  `claim_id` bigint(20) UNSIGNED NOT NULL,
  `date_created_gmt` datetime DEFAULT '0000-00-00 00:00:00'
) ENGINE=InnoDB DEFAULT CHARSET=utf8mb4 COLLATE=utf8mb4_unicode_520_ci;

--
-- Dumping data for table `wp_actionscheduler_claims`
--

INSERT INTO `wp_actionscheduler_claims` (`claim_id`, `date_created_gmt`) VALUES
(33309, '2023-12-23 20:31:21');

-- --------------------------------------------------------

--
-- Table structure for table `wp_actionscheduler_groups`
--

CREATE TABLE `wp_actionscheduler_groups` (
  `group_id` bigint(20) UNSIGNED NOT NULL,
  `slug` varchar(255) NOT NULL
) ENGINE=InnoDB DEFAULT CHARSET=utf8mb4 COLLATE=utf8mb4_unicode_520_ci;

--
-- Dumping data for table `wp_actionscheduler_groups`
--

INSERT INTO `wp_actionscheduler_groups` (`group_id`, `slug`) VALUES
(1, 'action-scheduler-migration'),
(2, 'wpforms'),
(3, 'wc-admin-data'),
(4, 'woocommerce-remote-inbox-engine'),
(5, 'woocommerce-db-updates'),
(6, 'wc_update_product_default_cat'),
(7, ''),
(8, 'wp_mail_smtp');

-- --------------------------------------------------------

--
-- Table structure for table `wp_actionscheduler_logs`
--

CREATE TABLE `wp_actionscheduler_logs` (
  `log_id` bigint(20) UNSIGNED NOT NULL,
  `action_id` bigint(20) UNSIGNED NOT NULL,
  `message` text NOT NULL,
  `log_date_gmt` datetime DEFAULT '0000-00-00 00:00:00',
  `log_date_local` datetime DEFAULT '0000-00-00 00:00:00'
) ENGINE=InnoDB DEFAULT CHARSET=utf8mb4 COLLATE=utf8mb4_unicode_520_ci;

--
-- Dumping data for table `wp_actionscheduler_logs`
--

INSERT INTO `wp_actionscheduler_logs` (`log_id`, `action_id`, `message`, `log_date_gmt`, `log_date_local`) VALUES
(90, 39, 'action created', '2023-04-14 14:45:54', '2023-04-14 14:45:54'),
(91, 39, 'action started via Async Request', '2023-04-14 14:46:26', '2023-04-14 14:46:26'),
(92, 39, 'action failed via Async Request: Scheduled action for woocommerce_run_on_woocommerce_admin_updated will not be executed as no callbacks are registered.', '2023-04-14 14:46:26', '2023-04-14 14:46:26'),
(186, 91, 'action created', '2023-04-21 00:52:28', '2023-04-21 00:52:28'),
(236, 91, 'action started via WP Cron', '2023-04-21 00:52:42', '2023-04-21 00:52:42'),
(237, 91, 'action failed via WP Cron: Scheduled action for woocommerce_admin/stored_state_setup_for_products/async/run_remote_notifications will not be executed as no callbacks are registered.', '2023-04-21 00:52:42', '2023-04-21 00:52:42'),
(1677, 567, 'action created', '2023-04-27 19:20:23', '2023-04-27 19:20:23'),
(1678, 567, 'action started via WP Cron', '2023-04-27 19:32:55', '2023-04-27 19:32:55'),
(1679, 567, 'action failed via WP Cron: Scheduled action for woocommerce_run_on_woocommerce_admin_updated will not be executed as no callbacks are registered.', '2023-04-27 19:32:55', '2023-04-27 19:32:55'),
(1760, 594, 'action created', '2023-05-07 04:59:41', '2023-05-07 04:59:41'),
(1761, 594, 'action started via WP Cron', '2023-05-07 05:00:57', '2023-05-07 05:00:57'),
(1762, 594, 'action failed via WP Cron: Scheduled action for action_scheduler/migration_hook will not be executed as no callbacks are registered.', '2023-05-07 05:00:57', '2023-05-07 05:00:57'),
(1827, 617, 'action created', '2023-05-19 16:57:56', '2023-05-19 16:57:56'),
(1828, 617, 'action started via WP Cron', '2023-05-19 16:57:58', '2023-05-19 16:57:58'),
(1829, 617, 'action failed via WP Cron: Scheduled action for woocommerce_run_on_woocommerce_admin_updated will not be executed as no callbacks are registered.', '2023-05-19 16:57:58', '2023-05-19 16:57:58'),
(1973, 665, 'action created', '2023-06-19 10:32:38', '2023-06-19 10:32:38'),
(1974, 665, 'action started via WP Cron', '2023-06-19 10:34:39', '2023-06-19 10:34:39'),
(1975, 665, 'action failed via WP Cron: Scheduled action for action_scheduler/migration_hook will not be executed as no callbacks are registered.', '2023-06-19 10:34:39', '2023-06-19 10:34:39'),
(2132, 718, 'action created', '2023-10-22 10:56:36', '2023-10-22 10:56:36'),
(2133, 718, 'action started via WP Cron', '2023-10-22 10:58:48', '2023-10-22 10:58:48'),
(2134, 718, 'action failed via WP Cron: Scheduled action for action_scheduler/migration_hook will not be executed as no callbacks are registered.', '2023-10-22 10:58:48', '2023-10-22 10:58:48'),
(2141, 721, 'action created', '2023-10-23 09:28:11', '2023-10-23 09:28:11'),
(2142, 721, 'action started via Async Request', '2023-10-23 09:29:32', '2023-10-23 09:29:32'),
(2143, 721, 'action failed via Async Request: Scheduled action for action_scheduler/migration_hook will not be executed as no callbacks are registered.', '2023-10-23 09:29:32', '2023-10-23 09:29:32'),
(2147, 723, 'action created', '2023-10-23 11:05:30', '2023-10-23 11:05:30'),
(2148, 723, 'action started via WP Cron', '2023-10-23 11:09:08', '2023-10-23 11:09:08'),
(2149, 723, 'action failed via WP Cron: Scheduled action for action_scheduler/migration_hook will not be executed as no callbacks are registered.', '2023-10-23 11:09:08', '2023-10-23 11:09:08'),
(2219, 747, 'action created', '2023-11-12 03:29:26', '2023-11-12 03:29:26'),
(2220, 747, 'action started via Async Request', '2023-11-12 03:30:31', '2023-11-12 03:30:31'),
(2221, 747, 'action failed via Async Request: Scheduled action for action_scheduler/migration_hook will not be executed as no callbacks are registered.', '2023-11-12 03:30:31', '2023-11-12 03:30:31'),
(3005, 1009, 'action created', '2023-12-23 20:30:08', '2023-12-23 20:30:08'),
(3008, 1009, 'action started via Async Request', '2023-12-23 20:31:21', '2023-12-23 20:31:21'),
(3011, 1009, 'action marked as failed after 300 seconds. Unknown error occurred. Check server, PHP and database error logs to diagnose cause.', '2023-12-23 20:41:58', '2023-12-23 20:41:58'),
(4817, 1615, 'action created', '2024-11-05 03:50:48', '2024-11-05 03:50:48'),
(4838, 1622, 'action created', '2024-11-08 20:14:04', '2024-11-08 20:14:04'),
(4841, 1623, 'action created', '2024-11-08 20:14:04', '2024-11-08 20:14:04'),
(4842, 1622, 'action started via WP Cron', '2024-11-09 20:52:02', '2024-11-09 20:52:02'),
(4843, 1622, 'action complete via WP Cron', '2024-11-09 20:52:02', '2024-11-09 20:52:02'),
(4844, 1624, 'action created', '2024-11-09 20:52:02', '2024-11-09 20:52:02'),
(4845, 1623, 'action started via WP Cron', '2024-11-09 20:52:02', '2024-11-09 20:52:02'),
(4846, 1623, 'action complete via WP Cron', '2024-11-09 20:52:02', '2024-11-09 20:52:02'),
(4847, 1625, 'action created', '2024-11-09 20:52:02', '2024-11-09 20:52:02'),
(4848, 1624, 'action started via WP Cron', '2024-11-10 21:47:51', '2024-11-10 21:47:51'),
(4849, 1624, 'action complete via WP Cron', '2024-11-10 21:47:51', '2024-11-10 21:47:51'),
(4850, 1626, 'action created', '2024-11-10 21:47:51', '2024-11-10 21:47:51'),
(4851, 1625, 'action started via WP Cron', '2024-11-10 21:47:51', '2024-11-10 21:47:51'),
(4852, 1625, 'action complete via WP Cron', '2024-11-10 21:47:51', '2024-11-10 21:47:51'),
(4853, 1627, 'action created', '2024-11-10 21:47:51', '2024-11-10 21:47:51'),
(4854, 1626, 'action started via WP Cron', '2024-11-11 22:34:27', '2024-11-11 22:34:27'),
(4855, 1626, 'action complete via WP Cron', '2024-11-11 22:34:27', '2024-11-11 22:34:27'),
(4856, 1628, 'action created', '2024-11-11 22:34:27', '2024-11-11 22:34:27'),
(4857, 1627, 'action started via WP Cron', '2024-11-11 22:34:27', '2024-11-11 22:34:27'),
(4858, 1627, 'action complete via WP Cron', '2024-11-11 22:34:28', '2024-11-11 22:34:28'),
(4859, 1629, 'action created', '2024-11-11 22:34:28', '2024-11-11 22:34:28'),
(4860, 1615, 'action started via WP Cron', '2024-11-12 04:19:19', '2024-11-12 04:19:19'),
(4861, 1615, 'action complete via WP Cron', '2024-11-12 04:19:20', '2024-11-12 04:19:20'),
(4862, 1630, 'action created', '2024-11-12 04:19:20', '2024-11-12 04:19:20'),
(4863, 1628, 'action started via WP Cron', '2024-11-13 00:21:12', '2024-11-13 00:21:12'),
(4864, 1628, 'action complete via WP Cron', '2024-11-13 00:21:12', '2024-11-13 00:21:12'),
(4865, 1631, 'action created', '2024-11-13 00:21:12', '2024-11-13 00:21:12'),
(4866, 1629, 'action started via WP Cron', '2024-11-13 00:21:12', '2024-11-13 00:21:12'),
(4867, 1629, 'action complete via WP Cron', '2024-11-13 00:21:12', '2024-11-13 00:21:12'),
(4868, 1632, 'action created', '2024-11-13 00:21:12', '2024-11-13 00:21:12'),
(4869, 1631, 'action started via WP Cron', '2024-11-14 00:26:34', '2024-11-14 00:26:34'),
(4870, 1631, 'action complete via WP Cron', '2024-11-14 00:26:34', '2024-11-14 00:26:34'),
(4871, 1633, 'action created', '2024-11-14 00:26:34', '2024-11-14 00:26:34'),
(4872, 1632, 'action started via WP Cron', '2024-11-14 00:26:34', '2024-11-14 00:26:34'),
(4873, 1632, 'action complete via WP Cron', '2024-11-14 00:26:35', '2024-11-14 00:26:35'),
(4874, 1634, 'action created', '2024-11-14 00:26:35', '2024-11-14 00:26:35'),
(4875, 1633, 'action started via WP Cron', '2024-11-15 00:41:34', '2024-11-15 00:41:34'),
(4876, 1633, 'action complete via WP Cron', '2024-11-15 00:41:34', '2024-11-15 00:41:34'),
(4877, 1635, 'action created', '2024-11-15 00:41:34', '2024-11-15 00:41:34'),
(4878, 1634, 'action started via WP Cron', '2024-11-15 00:41:34', '2024-11-15 00:41:34'),
(4879, 1634, 'action complete via WP Cron', '2024-11-15 00:41:35', '2024-11-15 00:41:35'),
(4880, 1636, 'action created', '2024-11-15 00:41:35', '2024-11-15 00:41:35'),
(4881, 1635, 'action started via WP Cron', '2024-11-16 01:14:13', '2024-11-16 01:14:13'),
(4882, 1635, 'action complete via WP Cron', '2024-11-16 01:14:13', '2024-11-16 01:14:13'),
(4883, 1637, 'action created', '2024-11-16 01:14:13', '2024-11-16 01:14:13'),
(4884, 1636, 'action started via WP Cron', '2024-11-16 01:14:13', '2024-11-16 01:14:13'),
(4885, 1636, 'action complete via WP Cron', '2024-11-16 01:14:13', '2024-11-16 01:14:13'),
(4886, 1638, 'action created', '2024-11-16 01:14:13', '2024-11-16 01:14:13'),
(4887, 1637, 'action started via WP Cron', '2024-11-17 02:11:42', '2024-11-17 02:11:42'),
(4888, 1637, 'action complete via WP Cron', '2024-11-17 02:11:42', '2024-11-17 02:11:42'),
(4889, 1639, 'action created', '2024-11-17 02:11:42', '2024-11-17 02:11:42'),
(4890, 1638, 'action started via WP Cron', '2024-11-17 02:11:42', '2024-11-17 02:11:42'),
(4891, 1638, 'action complete via WP Cron', '2024-11-17 02:11:42', '2024-11-17 02:11:42'),
(4892, 1640, 'action created', '2024-11-17 02:11:42', '2024-11-17 02:11:42'),
(4893, 1639, 'action started via WP Cron', '2024-11-18 02:11:58', '2024-11-18 02:11:58'),
(4894, 1639, 'action complete via WP Cron', '2024-11-18 02:11:58', '2024-11-18 02:11:58'),
(4895, 1641, 'action created', '2024-11-18 02:11:58', '2024-11-18 02:11:58'),
(4896, 1640, 'action started via WP Cron', '2024-11-18 02:11:58', '2024-11-18 02:11:58'),
(4897, 1640, 'action complete via WP Cron', '2024-11-18 02:11:59', '2024-11-18 02:11:59'),
(4898, 1642, 'action created', '2024-11-18 02:11:59', '2024-11-18 02:11:59'),
(4899, 1641, 'action started via WP Cron', '2024-11-19 02:45:23', '2024-11-19 02:45:23'),
(4900, 1641, 'action complete via WP Cron', '2024-11-19 02:45:23', '2024-11-19 02:45:23'),
(4901, 1643, 'action created', '2024-11-19 02:45:23', '2024-11-19 02:45:23'),
(4902, 1642, 'action started via WP Cron', '2024-11-19 02:45:23', '2024-11-19 02:45:23'),
(4903, 1642, 'action complete via WP Cron', '2024-11-19 02:45:23', '2024-11-19 02:45:23'),
(4904, 1644, 'action created', '2024-11-19 02:45:23', '2024-11-19 02:45:23'),
(4905, 1630, 'action started via WP Cron', '2024-11-19 04:38:15', '2024-11-19 04:38:15'),
(4906, 1630, 'action complete via WP Cron', '2024-11-19 04:38:16', '2024-11-19 04:38:16'),
(4907, 1645, 'action created', '2024-11-19 04:38:16', '2024-11-19 04:38:16'),
(4908, 1643, 'action started via WP Cron', '2024-11-20 03:27:09', '2024-11-20 03:27:09'),
(4909, 1643, 'action complete via WP Cron', '2024-11-20 03:27:09', '2024-11-20 03:27:09'),
(4910, 1646, 'action created', '2024-11-20 03:27:09', '2024-11-20 03:27:09'),
(4911, 1644, 'action started via WP Cron', '2024-11-20 03:27:09', '2024-11-20 03:27:09'),
(4912, 1644, 'action complete via WP Cron', '2024-11-20 03:27:09', '2024-11-20 03:27:09'),
(4913, 1647, 'action created', '2024-11-20 03:27:09', '2024-11-20 03:27:09'),
(4914, 1646, 'action started via WP Cron', '2024-11-21 04:18:58', '2024-11-21 04:18:58'),
(4915, 1646, 'action complete via WP Cron', '2024-11-21 04:18:58', '2024-11-21 04:18:58'),
(4916, 1648, 'action created', '2024-11-21 04:18:58', '2024-11-21 04:18:58'),
(4917, 1647, 'action started via WP Cron', '2024-11-21 04:18:58', '2024-11-21 04:18:58'),
(4918, 1647, 'action complete via WP Cron', '2024-11-21 04:18:58', '2024-11-21 04:18:58'),
(4919, 1649, 'action created', '2024-11-21 04:18:58', '2024-11-21 04:18:58'),
(4920, 1648, 'action started via WP Cron', '2024-11-22 04:20:49', '2024-11-22 04:20:49'),
(4921, 1648, 'action complete via WP Cron', '2024-11-22 04:20:49', '2024-11-22 04:20:49'),
(4922, 1650, 'action created', '2024-11-22 04:20:49', '2024-11-22 04:20:49'),
(4923, 1649, 'action started via WP Cron', '2024-11-22 04:20:49', '2024-11-22 04:20:49'),
(4924, 1649, 'action complete via WP Cron', '2024-11-22 04:20:49', '2024-11-22 04:20:49'),
(4925, 1651, 'action created', '2024-11-22 04:20:49', '2024-11-22 04:20:49'),
(4926, 1650, 'action started via WP Cron', '2024-11-23 04:25:19', '2024-11-23 04:25:19'),
(4927, 1650, 'action complete via WP Cron', '2024-11-23 04:25:19', '2024-11-23 04:25:19'),
(4928, 1652, 'action created', '2024-11-23 04:25:19', '2024-11-23 04:25:19'),
(4929, 1651, 'action started via WP Cron', '2024-11-23 04:25:19', '2024-11-23 04:25:19'),
(4930, 1651, 'action complete via WP Cron', '2024-11-23 04:25:20', '2024-11-23 04:25:20'),
(4931, 1653, 'action created', '2024-11-23 04:25:20', '2024-11-23 04:25:20'),
(4932, 1652, 'action started via WP Cron', '2024-11-24 04:39:22', '2024-11-24 04:39:22'),
(4933, 1652, 'action complete via WP Cron', '2024-11-24 04:39:22', '2024-11-24 04:39:22'),
(4934, 1654, 'action created', '2024-11-24 04:39:22', '2024-11-24 04:39:22'),
(4935, 1653, 'action started via WP Cron', '2024-11-24 04:39:22', '2024-11-24 04:39:22'),
(4936, 1653, 'action complete via WP Cron', '2024-11-24 04:39:22', '2024-11-24 04:39:22'),
(4937, 1655, 'action created', '2024-11-24 04:39:22', '2024-11-24 04:39:22'),
(4938, 1654, 'action started via WP Cron', '2024-11-25 04:53:33', '2024-11-25 04:53:33'),
(4939, 1654, 'action complete via WP Cron', '2024-11-25 04:53:33', '2024-11-25 04:53:33'),
(4940, 1656, 'action created', '2024-11-25 04:53:33', '2024-11-25 04:53:33'),
(4941, 1655, 'action started via WP Cron', '2024-11-25 04:53:33', '2024-11-25 04:53:33'),
(4942, 1655, 'action complete via WP Cron', '2024-11-25 04:53:33', '2024-11-25 04:53:33'),
(4943, 1657, 'action created', '2024-11-25 04:53:33', '2024-11-25 04:53:33'),
(4944, 1645, 'action started via WP Cron', '2024-11-26 04:44:30', '2024-11-26 04:44:30'),
(4945, 1645, 'action complete via WP Cron', '2024-11-26 04:44:32', '2024-11-26 04:44:32'),
(4946, 1658, 'action created', '2024-11-26 04:44:32', '2024-11-26 04:44:32'),
(4947, 1656, 'action started via WP Cron', '2024-11-26 04:54:52', '2024-11-26 04:54:52'),
(4948, 1656, 'action complete via WP Cron', '2024-11-26 04:54:52', '2024-11-26 04:54:52'),
(4949, 1659, 'action created', '2024-11-26 04:54:52', '2024-11-26 04:54:52'),
(4950, 1657, 'action started via WP Cron', '2024-11-26 04:54:52', '2024-11-26 04:54:52'),
(4951, 1657, 'action complete via WP Cron', '2024-11-26 04:54:52', '2024-11-26 04:54:52'),
(4952, 1660, 'action created', '2024-11-26 04:54:52', '2024-11-26 04:54:52'),
(4953, 1659, 'action started via WP Cron', '2024-11-27 05:05:04', '2024-11-27 05:05:04'),
(4954, 1659, 'action complete via WP Cron', '2024-11-27 05:05:04', '2024-11-27 05:05:04'),
(4955, 1661, 'action created', '2024-11-27 05:05:04', '2024-11-27 05:05:04'),
(4956, 1660, 'action started via WP Cron', '2024-11-27 05:05:04', '2024-11-27 05:05:04'),
(4957, 1660, 'action complete via WP Cron', '2024-11-27 05:05:04', '2024-11-27 05:05:04'),
(4958, 1662, 'action created', '2024-11-27 05:05:04', '2024-11-27 05:05:04'),
(4959, 1661, 'action started via WP Cron', '2024-11-28 05:11:29', '2024-11-28 05:11:29'),
(4960, 1661, 'action complete via WP Cron', '2024-11-28 05:11:29', '2024-11-28 05:11:29'),
(4961, 1663, 'action created', '2024-11-28 05:11:29', '2024-11-28 05:11:29'),
(4962, 1662, 'action started via WP Cron', '2024-11-28 05:11:29', '2024-11-28 05:11:29'),
(4963, 1662, 'action complete via WP Cron', '2024-11-28 05:11:29', '2024-11-28 05:11:29'),
(4964, 1664, 'action created', '2024-11-28 05:11:29', '2024-11-28 05:11:29'),
(4965, 1663, 'action started via WP Cron', '2024-11-29 05:42:10', '2024-11-29 05:42:10'),
(4966, 1663, 'action complete via WP Cron', '2024-11-29 05:42:10', '2024-11-29 05:42:10'),
(4967, 1665, 'action created', '2024-11-29 05:42:10', '2024-11-29 05:42:10'),
(4968, 1664, 'action started via WP Cron', '2024-11-29 05:42:11', '2024-11-29 05:42:11'),
(4969, 1664, 'action complete via WP Cron', '2024-11-29 05:42:11', '2024-11-29 05:42:11'),
(4970, 1666, 'action created', '2024-11-29 05:42:11', '2024-11-29 05:42:11'),
(4971, 1665, 'action started via WP Cron', '2024-11-30 05:50:06', '2024-11-30 05:50:06'),
(4972, 1665, 'action complete via WP Cron', '2024-11-30 05:50:06', '2024-11-30 05:50:06'),
(4973, 1667, 'action created', '2024-11-30 05:50:06', '2024-11-30 05:50:06'),
(4974, 1666, 'action started via WP Cron', '2024-11-30 05:50:06', '2024-11-30 05:50:06'),
(4975, 1666, 'action complete via WP Cron', '2024-11-30 05:50:06', '2024-11-30 05:50:06'),
(4976, 1668, 'action created', '2024-11-30 05:50:06', '2024-11-30 05:50:06'),
(4977, 1667, 'action started via WP Cron', '2024-12-01 06:06:48', '2024-12-01 06:06:48'),
(4978, 1667, 'action complete via WP Cron', '2024-12-01 06:06:48', '2024-12-01 06:06:48'),
(4979, 1669, 'action created', '2024-12-01 06:06:48', '2024-12-01 06:06:48'),
(4980, 1668, 'action started via WP Cron', '2024-12-01 06:06:48', '2024-12-01 06:06:48'),
(4981, 1668, 'action complete via WP Cron', '2024-12-01 06:06:48', '2024-12-01 06:06:48'),
(4982, 1670, 'action created', '2024-12-01 06:06:48', '2024-12-01 06:06:48'),
(4983, 1669, 'action started via WP Cron', '2024-12-02 06:10:23', '2024-12-02 06:10:23'),
(4984, 1669, 'action complete via WP Cron', '2024-12-02 06:10:23', '2024-12-02 06:10:23'),
(4985, 1671, 'action created', '2024-12-02 06:10:23', '2024-12-02 06:10:23'),
(4986, 1670, 'action started via WP Cron', '2024-12-02 06:10:23', '2024-12-02 06:10:23'),
(4987, 1670, 'action complete via WP Cron', '2024-12-02 06:10:23', '2024-12-02 06:10:23'),
(4988, 1672, 'action created', '2024-12-02 06:10:23', '2024-12-02 06:10:23'),
(4989, 1658, 'action started via WP Cron', '2024-12-03 07:05:40', '2024-12-03 07:05:40'),
(4990, 1658, 'action complete via WP Cron', '2024-12-03 07:05:42', '2024-12-03 07:05:42'),
(4991, 1673, 'action created', '2024-12-03 07:05:42', '2024-12-03 07:05:42'),
(4992, 1671, 'action started via WP Cron', '2024-12-03 07:05:42', '2024-12-03 07:05:42'),
(4993, 1671, 'action complete via WP Cron', '2024-12-03 07:05:42', '2024-12-03 07:05:42'),
(4994, 1674, 'action created', '2024-12-03 07:05:42', '2024-12-03 07:05:42'),
(4995, 1672, 'action started via WP Cron', '2024-12-03 07:05:42', '2024-12-03 07:05:42'),
(4996, 1672, 'action complete via WP Cron', '2024-12-03 07:05:42', '2024-12-03 07:05:42'),
(4997, 1675, 'action created', '2024-12-03 07:05:42', '2024-12-03 07:05:42'),
(4998, 1674, 'action started via WP Cron', '2024-12-04 07:35:36', '2024-12-04 07:35:36'),
(4999, 1674, 'action complete via WP Cron', '2024-12-04 07:35:36', '2024-12-04 07:35:36'),
(5000, 1676, 'action created', '2024-12-04 07:35:36', '2024-12-04 07:35:36'),
(5001, 1675, 'action started via WP Cron', '2024-12-04 07:35:36', '2024-12-04 07:35:36'),
(5002, 1675, 'action complete via WP Cron', '2024-12-04 07:35:36', '2024-12-04 07:35:36'),
(5003, 1677, 'action created', '2024-12-04 07:35:36', '2024-12-04 07:35:36'),
(5004, 1676, 'action started via WP Cron', '2024-12-05 08:18:55', '2024-12-05 08:18:55'),
(5005, 1676, 'action complete via WP Cron', '2024-12-05 08:18:55', '2024-12-05 08:18:55'),
(5006, 1678, 'action created', '2024-12-05 08:18:55', '2024-12-05 08:18:55'),
(5007, 1677, 'action started via WP Cron', '2024-12-05 08:18:55', '2024-12-05 08:18:55'),
(5008, 1677, 'action complete via WP Cron', '2024-12-05 08:18:56', '2024-12-05 08:18:56'),
(5009, 1679, 'action created', '2024-12-05 08:18:56', '2024-12-05 08:18:56'),
(5010, 1678, 'action started via WP Cron', '2024-12-06 08:24:26', '2024-12-06 08:24:26'),
(5011, 1678, 'action complete via WP Cron', '2024-12-06 08:24:26', '2024-12-06 08:24:26'),
(5012, 1680, 'action created', '2024-12-06 08:24:26', '2024-12-06 08:24:26'),
(5013, 1679, 'action started via WP Cron', '2024-12-06 08:24:26', '2024-12-06 08:24:26'),
(5014, 1679, 'action complete via WP Cron', '2024-12-06 08:24:26', '2024-12-06 08:24:26'),
(5015, 1681, 'action created', '2024-12-06 08:24:26', '2024-12-06 08:24:26'),
(5016, 1680, 'action started via WP Cron', '2024-12-07 08:46:15', '2024-12-07 08:46:15'),
(5017, 1680, 'action complete via WP Cron', '2024-12-07 08:46:15', '2024-12-07 08:46:15'),
(5018, 1682, 'action created', '2024-12-07 08:46:15', '2024-12-07 08:46:15'),
(5019, 1681, 'action started via WP Cron', '2024-12-07 08:46:15', '2024-12-07 08:46:15'),
(5020, 1681, 'action complete via WP Cron', '2024-12-07 08:46:15', '2024-12-07 08:46:15'),
(5021, 1683, 'action created', '2024-12-07 08:46:15', '2024-12-07 08:46:15'),
(5022, 1682, 'action started via WP Cron', '2024-12-08 08:49:16', '2024-12-08 08:49:16'),
(5023, 1682, 'action complete via WP Cron', '2024-12-08 08:49:16', '2024-12-08 08:49:16'),
(5024, 1684, 'action created', '2024-12-08 08:49:16', '2024-12-08 08:49:16'),
(5025, 1683, 'action started via WP Cron', '2024-12-08 08:49:16', '2024-12-08 08:49:16'),
(5026, 1683, 'action complete via WP Cron', '2024-12-08 08:49:16', '2024-12-08 08:49:16'),
(5027, 1685, 'action created', '2024-12-08 08:49:16', '2024-12-08 08:49:16'),
(5028, 1684, 'action started via WP Cron', '2024-12-09 09:11:24', '2024-12-09 09:11:24'),
(5029, 1684, 'action complete via WP Cron', '2024-12-09 09:11:24', '2024-12-09 09:11:24'),
(5030, 1686, 'action created', '2024-12-09 09:11:24', '2024-12-09 09:11:24'),
(5031, 1685, 'action started via WP Cron', '2024-12-09 09:11:24', '2024-12-09 09:11:24'),
(5032, 1685, 'action complete via WP Cron', '2024-12-09 09:11:24', '2024-12-09 09:11:24'),
(5033, 1687, 'action created', '2024-12-09 09:11:24', '2024-12-09 09:11:24');

-- --------------------------------------------------------

--
-- Table structure for table `wp_cf7b_builder`
--

CREATE TABLE `wp_cf7b_builder` (
  `id` bigint(20) NOT NULL,
  `post_id` bigint(20) NOT NULL,
  `form` longtext NOT NULL,
  `template` longtext NOT NULL,
  `content` longtext NOT NULL,
  `order` bigint(20) NOT NULL,
  `active` tinyint(1) NOT NULL,
  `modified_date` int(11) NOT NULL
) ENGINE=InnoDB DEFAULT CHARSET=utf8mb4 COLLATE=utf8mb4_unicode_520_ci;

--
-- Dumping data for table `wp_cf7b_builder`
--

INSERT INTO `wp_cf7b_builder` (`id`, `post_id`, `form`, `template`, `content`, `order`, `active`, `modified_date`) VALUES
(1, 1415, '', '<div class=\"elementor-container elementor-column-gap-default\">\n<div class=\"elementor-column elementor-col-25 elementor-top-column\">\n  [text* names placeholder \"Name\"]<br>\n  [text* surname placeholder \"Surname (s)\"]<br>\n  [text company placeholder \"Company\"]<br>\n  [text position placeholder \"Position\"]<br>\n  [tel tel-204 placeholder \"Telephone\"]<br>\n  [email* email-582 placeholder \"Email\"]\n  [text web-chat-name placeholder \"Web chat name\"]<br>\n  [text address placeholder \"Address\"]<br>\n  [text town-city placeholder \"Town/City\"]<br>\n  [text post-code placeholder \"Post Code\"]<br>\n  [select* your-country data:countries]\n  [select* menu-672 \"Sales\" \"Purchases\" \"HR\" \"Other\"]\n\n</div>\n \n<div class=\"elementor-column elementor-col-75 elementor-top-column\">\n  [textarea textarea-281 placeholder \"Comments\"]\n\n</div>\n</div>', '<div class=\"elementor-container elementor-column-gap-default\">\r\n<div class=\"elementor-column elementor-col-25 elementor-top-column\">\r\n  [text* names placeholder \"Name\"]<br>\r\n  [text* surname placeholder \"Surname (s)\"]<br>\r\n  [text company placeholder \"Company\"]<br>\r\n  [text position placeholder \"Position\"]<br>\r\n  [tel tel-204 placeholder \"Telephone\"]<br>\r\n  [email* email-582 placeholder \"Email\"]\r\n  [text web-chat-name placeholder \"Web chat name\"]<br>\r\n  [text address placeholder \"Address\"]<br>\r\n  [text town-city placeholder \"Town/City\"]<br>\r\n  [text post-code placeholder \"Post Code\"]<br>\r\n  [select* your-country data:countries]\r\n  [select* menu-672 \"Sales\" \"Purchases\" \"HR\" \"Other\"]\r\n\r\n</div>\r\n \r\n<div class=\"elementor-column elementor-col-75 elementor-top-column\">\r\n  [textarea textarea-281 placeholder \"Comments\"]\r\n\r\n</div>\r\n</div>\n1\n[_site_title] \"[your-subject]\"\n[_site_title] <wordpress@smithfieldfreshmeats.com>\n[_site_admin_email]\nFrom: [your-name] [your-email]\r\nSubject: [your-subject]\r\n\r\nMessage Body:\r\n[your-message]\r\n\r\n-- \r\nThis e-mail was sent from a contact form on [_site_title] ([_site_url])\nReply-To: [your-email]\n\n\n\n\n[_site_title] \"[your-subject]\"\n[_site_title] <wordpress@smithfieldfreshmeats.com>\n[your-email]\nMessage Body:\r\n[your-message]\r\n\r\n-- \r\nThis e-mail was sent from a contact form on [_site_title] ([_site_url])\nReply-To: [_site_admin_email]\n\n\n\nThank you for your message. It has been sent.\nThere was an error trying to send your message. Please try again later.\nOne or more fields have an error. Please check and try again.\nThere was an error trying to send your message. Please try again later.\nYou must accept the terms and conditions before sending your message.\nPlease fill out this field.\nThis field has a too long input.\nThis field has a too short input.\nThere was an unknown error uploading the file.\nYou are not allowed to upload files of this type.\nThe uploaded file is too large.\nThere was an error uploading the file.\nPlease enter a date in YYYY-MM-DD format.\nThis field has a too early date.\nThis field has a too late date.\nPlease enter a number.\nThis field has a too small number.\nThis field has a too large number.\nThe answer to the quiz is incorrect.\nPlease enter an email address.\nPlease enter a URL.\nPlease enter a telephone number.', 0, 0, 1681483604),
(2, 1415, '', '<div class=\"cf7b-content\"><div class=\"cf7b-page\"><div class=\"cf7b-section\"><div class=\"cf7b-col\"><div class=\"cf7b-row\"><span class=\"cf7b-label-names cf7b-required\">Names</span><div class=\"cf7b-group-names\">[text* names placeholder \"Name\"]</div></div></div><div class=\"cf7b-col\"><div class=\"cf7b-row\"><span class=\"cf7b-label-surname cf7b-required\">Surname</span><div class=\"cf7b-group-surname\">[text* surname placeholder \"Surname (s)\"]</div></div></div><div class=\"cf7b-col\"><div class=\"cf7b-row\"><span class=\"cf7b-label-company \">Company</span><div class=\"cf7b-group-company\">[text company placeholder \"Company\"]</div></div></div><div class=\"cf7b-col\"><div class=\"cf7b-row\"><span class=\"cf7b-label-position \">Position</span><div class=\"cf7b-group-position\">[text position placeholder \"Position\"]</div></div></div><div class=\"cf7b-col\"><div class=\"cf7b-row\"><span class=\"cf7b-label-tel-204 \">Tel 204</span><div class=\"cf7b-group-tel-204\">[tel tel-204 placeholder \"Telephone\"]</div></div></div><div class=\"cf7b-col\"><div class=\"cf7b-row\"><span class=\"cf7b-label-email-582 cf7b-required\">Email 582</span><div class=\"cf7b-group-email-582\">[email* email-582 placeholder \"Email\"]</div></div></div><div class=\"cf7b-col\"><div class=\"cf7b-row\"><span class=\"cf7b-label-web-chat-name \">Web Chat Name</span><div class=\"cf7b-group-web-chat-name\">[text web-chat-name placeholder \"Web chat name\"]</div></div></div><div class=\"cf7b-col\"><div class=\"cf7b-row\"><span class=\"cf7b-label-address \">Address</span><div class=\"cf7b-group-address\">[text address placeholder \"Address\"]</div></div></div><div class=\"cf7b-col\"><div class=\"cf7b-row\"><span class=\"cf7b-label-town-city \">Town City</span><div class=\"cf7b-group-town-city\">[text town-city placeholder \"Town/City\"]</div></div></div><div class=\"cf7b-col\"><div class=\"cf7b-row\"><span class=\"cf7b-label-post-code \">Post Code</span><div class=\"cf7b-group-post-code\">[text post-code placeholder \"Post Code\"]</div></div></div><div class=\"cf7b-col\"><div class=\"cf7b-row\"><span class=\"cf7b-label-your-country cf7b-required\">Your Country</span><div class=\"cf7b-group-your-country\">[select* your-country data:countries]</div></div></div><div class=\"cf7b-col\"><div class=\"cf7b-row\"><span class=\"cf7b-label-menu-672 cf7b-required\">Menu 672</span><div class=\"cf7b-group-menu-672\">[select* menu-672 \"Sales\" \"Purchases\" \"HR\" \"Other\"]</div></div></div></div><div class=\"cf7b-section\"><div class=\"cf7b-col\"><div class=\"cf7b-row\"><span class=\"cf7b-label-textarea-281 \">Textarea 281</span><div class=\"cf7b-group-textarea-281\">[textarea textarea-281 placeholder \"Comments\"]</div></div></div></div></div><div class=\"cf7b-page\"><div class=\"cf7b-section\"><div class=\"cf7b-col\"><div class=\"cf7b-row\"><span class=\"cf7b-label-acceptance-901\">acceptance-901</span><div class=\"cf7b-group-acceptance-901\">[acceptance acceptance-901] I have read and I accept the terms and conditions of the Privacy Policy on how my data will be processed to manage my query or request. [/acceptance]</div></div></div><div class=\"cf7b-col\"><div class=\"cf7b-row\"><span class=\"cf7b-label-acceptance-380\">acceptance-380</span><div class=\"cf7b-group-acceptance-380\">[acceptance acceptance-380] I would like to receive commercial information on the products, services and latest news of Smithfield Fresh Meats [/acceptance]</div></div></div></div><div class=\"cf7b-section\"><div class=\"cf7b-col sortable ui-sortable\"><div class=\"cf7b-row\"><span class=\"cf7b-label-cf7b-random-name-1\">cf7b-random-name-1</span><div class=\"cf7b-group-cf7b-random-name-1\">[submit cf7b-random-name-1 \"SEND\"]</div></div></div></div></div></div>', '<div class=\"cf7b-content\"><div class=\"cf7b-page\"><div class=\"cf7b-section\"><div class=\"cf7b-col\"><div class=\"cf7b-row\"><span class=\"cf7b-label-names cf7b-required\">Names</span><div class=\"cf7b-group-names\">[text* names placeholder \"Name\"]</div></div></div><div class=\"cf7b-col\"><div class=\"cf7b-row\"><span class=\"cf7b-label-surname cf7b-required\">Surname</span><div class=\"cf7b-group-surname\">[text* surname placeholder \"Surname (s)\"]</div></div></div><div class=\"cf7b-col\"><div class=\"cf7b-row\"><span class=\"cf7b-label-company \">Company</span><div class=\"cf7b-group-company\">[text company placeholder \"Company\"]</div></div></div><div class=\"cf7b-col\"><div class=\"cf7b-row\"><span class=\"cf7b-label-position \">Position</span><div class=\"cf7b-group-position\">[text position placeholder \"Position\"]</div></div></div><div class=\"cf7b-col\"><div class=\"cf7b-row\"><span class=\"cf7b-label-tel-204 \">Tel 204</span><div class=\"cf7b-group-tel-204\">[tel tel-204 placeholder \"Telephone\"]</div></div></div><div class=\"cf7b-col\"><div class=\"cf7b-row\"><span class=\"cf7b-label-email-582 cf7b-required\">Email 582</span><div class=\"cf7b-group-email-582\">[email* email-582 placeholder \"Email\"]</div></div></div><div class=\"cf7b-col\"><div class=\"cf7b-row\"><span class=\"cf7b-label-web-chat-name \">Web Chat Name</span><div class=\"cf7b-group-web-chat-name\">[text web-chat-name placeholder \"Web chat name\"]</div></div></div><div class=\"cf7b-col\"><div class=\"cf7b-row\"><span class=\"cf7b-label-address \">Address</span><div class=\"cf7b-group-address\">[text address placeholder \"Address\"]</div></div></div><div class=\"cf7b-col\"><div class=\"cf7b-row\"><span class=\"cf7b-label-town-city \">Town City</span><div class=\"cf7b-group-town-city\">[text town-city placeholder \"Town/City\"]</div></div></div><div class=\"cf7b-col\"><div class=\"cf7b-row\"><span class=\"cf7b-label-post-code \">Post Code</span><div class=\"cf7b-group-post-code\">[text post-code placeholder \"Post Code\"]</div></div></div><div class=\"cf7b-col\"><div class=\"cf7b-row\"><span class=\"cf7b-label-your-country cf7b-required\">Your Country</span><div class=\"cf7b-group-your-country\">[select* your-country data:countries]</div></div></div><div class=\"cf7b-col\"><div class=\"cf7b-row\"><span class=\"cf7b-label-menu-672 cf7b-required\">Menu 672</span><div class=\"cf7b-group-menu-672\">[select* menu-672 \"Sales\" \"Purchases\" \"HR\" \"Other\"]</div></div></div></div><div class=\"cf7b-section\"><div class=\"cf7b-col\"><div class=\"cf7b-row\"><span class=\"cf7b-label-textarea-281 \">Textarea 281</span><div class=\"cf7b-group-textarea-281\">[textarea textarea-281 placeholder \"Comments\"]</div></div></div></div></div><div class=\"cf7b-page\"><div class=\"cf7b-section\"><div class=\"cf7b-col\"><div class=\"cf7b-row\"><span class=\"cf7b-label-acceptance-901\">acceptance-901</span><div class=\"cf7b-group-acceptance-901\">[acceptance acceptance-901] I have read and I accept the terms and conditions of the Privacy Policy on how my data will be processed to manage my query or request. [/acceptance]</div></div></div><div class=\"cf7b-col\"><div class=\"cf7b-row\"><span class=\"cf7b-label-acceptance-380\">acceptance-380</span><div class=\"cf7b-group-acceptance-380\">[acceptance acceptance-380] I would like to receive commercial information on the products, services and latest news of Smithfield Fresh Meats [/acceptance]</div></div></div></div><div class=\"cf7b-section\"><div class=\"cf7b-col sortable ui-sortable\"><div class=\"cf7b-row\"><span class=\"cf7b-label-cf7b-random-name-1\">cf7b-random-name-1</span><div class=\"cf7b-group-cf7b-random-name-1\">[submit cf7b-random-name-1 \"SEND\"]</div></div></div></div></div></div>\n1\n[_site_title] \"[your-subject]\"\n[_site_title] <wordpress@smithfieldfreshmeats.com>\n[_site_admin_email]\nFrom: [your-name] [your-email]\r\nSubject: [your-subject]\r\n\r\nMessage Body:\r\n[your-message]\r\n\r\n-- \r\nThis e-mail was sent from a contact form on [_site_title] ([_site_url])\nReply-To: [your-email]\n\n\n\n\n[_site_title] \"[your-subject]\"\n[_site_title] <wordpress@smithfieldfreshmeats.com>\n[your-email]\nMessage Body:\r\n[your-message]\r\n\r\n-- \r\nThis e-mail was sent from a contact form on [_site_title] ([_site_url])\nReply-To: [_site_admin_email]\n\n\n\nThank you for your message. It has been sent.\nThere was an error trying to send your message. Please try again later.\nOne or more fields have an error. Please check and try again.\nThere was an error trying to send your message. Please try again later.\nYou must accept the terms and conditions before sending your message.\nPlease fill out this field.\nThis field has a too long input.\nThis field has a too short input.\nThere was an unknown error uploading the file.\nYou are not allowed to upload files of this type.\nThe uploaded file is too large.\nThere was an error uploading the file.\nPlease enter a date in YYYY-MM-DD format.\nThis field has a too early date.\nThis field has a too late date.\nPlease enter a number.\nThis field has a too small number.\nThis field has a too large number.\nThe answer to the quiz is incorrect.\nPlease enter an email address.\nPlease enter a URL.\nPlease enter a telephone number.', 0, 1, 1681483930);

-- --------------------------------------------------------

--
-- Table structure for table `wp_cf7b_submissions`
--

CREATE TABLE `wp_cf7b_submissions` (
  `id` bigint(20) NOT NULL,
  `form_id` int(11) NOT NULL,
  `fields` longtext NOT NULL,
  `created` varchar(50) NOT NULL,
  `ip_address` varchar(200) NOT NULL,
  `user_agent` varchar(250) NOT NULL
) ENGINE=InnoDB DEFAULT CHARSET=utf8mb4 COLLATE=utf8mb4_unicode_520_ci;

-- --------------------------------------------------------

--
-- Table structure for table `wp_cf7b_themes`
--

CREATE TABLE `wp_cf7b_themes` (
  `id` bigint(20) NOT NULL,
  `title` varchar(200) NOT NULL,
  `options` text NOT NULL,
  `def` tinyint(1) NOT NULL,
  `created` varchar(50) NOT NULL
) ENGINE=InnoDB DEFAULT CHARSET=utf8mb4 COLLATE=utf8mb4_unicode_520_ci;

--
-- Dumping data for table `wp_cf7b_themes`
--

INSERT INTO `wp_cf7b_themes` (`id`, `title`, `options`, `def`, `created`) VALUES
(1, 'Default Theme', '{\"general\":{\"general_container_width\":\"100\",\"general_bg_color\":\"#ffffff\",\"general_font_size\":\"12\",\"general_font_weight\":\"normal\",\"general_font_color\":\"#7e7974\",\"general_margin\":\"5px\",\"general_padding\":\"5px\",\"general_border_width\":\"1\",\"general_border_style\":\"solid\",\"general_border_color\":\"#7e7974\",\"general_border_radius\":\"0\",\"general_column_margin\":\"10px\",\"general_column_padding\":\"10px\"},\"input_fields\":{\"input_width\":\"100\",\"input_height\":\"30\",\"input_font_size\":\"12\",\"input_font_weight\":\"normal\",\"input_bg_color\":\"#ffffff\",\"input_color\":\"#7e7974\",\"input_margin\":\"2px\",\"input_padding\":\"2px\",\"input_border_width\":\"1\",\"input_border_style\":\"solid\",\"input_border_color\":\"#7e7974\",\"input_border_radius\":\"0\",\"input_box_shadow\":\"none\"},\"textarea\":{\"textarea_width\":\"100\",\"textarea_height\":\"360\",\"textarea_font_size\":\"12\",\"textarea_font_weight\":\"normal\",\"textarea_bg_color\":\"#ffffff\",\"textarea_color\":\"#7e7974\",\"textarea_margin\":\"2px\",\"textarea_padding\":\"2px\",\"textarea_border_width\":\"1\",\"textarea_border_style\":\"solid\",\"textarea_border_color\":\"#7e7974\",\"textarea_border_radius\":\"0\",\"textarea_box_shadow\":\"none\"},\"drodown_fields\":{\"drodown_width\":\"100\",\"drodown_height\":\"30\",\"drodown_font_size\":\"12\",\"drodown_font_weight\":\"normal\",\"drodown_bg_color\":\"#ffffff\",\"drodown_color\":\"#7e7974\",\"drodown_margin\":\"2px\",\"drodown_padding\":\"2px\",\"drodown_border_width\":\"1\",\"drodown_border_style\":\"solid\",\"drodown_border_color\":\"#7e7974\",\"drodown_border_radius\":\"0\",\"drodown_box_shadow\":\"none\"},\"radio_fields\":{\"radio_width\":\"14\",\"radio_height\":\"14\",\"radio_bg_color\":\"#ffffff\",\"radio_margin\":\"0px 10px 0px 0px\",\"radio_padding\":\"0px\",\"radio_border_width\":\"1\",\"radio_border_style\":\"solid\",\"radio_border_color\":\"#7e7974\",\"radio_border_radius\":\"7\",\"radio_box_shadow\":\"none\",\"radio_checked_bg_color\":\"#7e7974\"},\"checkbox_fields\":{\"checkbox_width\":\"15\",\"checkbox_height\":\"15\",\"checkbox_bg_color\":\"#ffffff\",\"checkbox_margin\":\"2px\",\"checkbox_padding\":\"2px\",\"checkbox_border_width\":\"0\",\"checkbox_border_style\":\"solid\",\"checkbox_border_color\":\"#dfdfdf\",\"checkbox_border_radius\":\"2\",\"checkbox_box_shadow\":\"none\",\"checkbox_checked_bg_color\":\"#7e7974\"},\"button_fields\":{\"button_width\":\"200\",\"button_height\":\"20\",\"button_font_size\":\"12\",\"button_bg_color\":\"#ffffff\",\"button_color\":\"#ffffff\",\"button_font_weight\":\"normal\",\"button_margin\":\"2px\",\"button_padding\":\"2px\",\"button_border_width\":\"1\",\"button_border_style\":\"solid\",\"button_border_color\":\"#000000\",\"button_border_radius\":\"2\",\"button_box_shadow\":\"none\",\"button_text_align\":\"center\",\"button_hover_font_weight\":\"\",\"button_hover_bg_color\":\"#7e7974\",\"button_hover_color\":\"#ffffff\"},\"pagination_fields\":{\"pagination_width\":\"100\",\"pagination_height\":\"20\",\"pagination_font_size\":\"12\",\"pagination_bg_color\":\"#2271b1\",\"pagination_color\":\"#ffffff\",\"pagination_font_weight\":\"normal\",\"pagination_margin\":\"2px\",\"pagination_padding\":\"2px\",\"pagination_border_width\":\"1\",\"pagination_border_style\":\"solid\",\"pagination_border_color\":\"#2271b1\",\"pagination_border_radius\":\"2\",\"pagination_box_shadow\":\"none\",\"pagination_prev_text_align\":\"center\",\"pagination_next_text_align\":\"center\",\"pagination_hover_font_weight\":\"normal\",\"pagination_hover_bg_color\":\"#135e96\",\"pagination_hover_color\":\"#ffffff\"},\"custom_css\":{\"custom_css\":\"\"}}', 1, '2023/04/14');

-- --------------------------------------------------------

--
-- Table structure for table `wp_commentmeta`
--

CREATE TABLE `wp_commentmeta` (
  `meta_id` bigint(20) UNSIGNED NOT NULL,
  `comment_id` bigint(20) UNSIGNED NOT NULL DEFAULT 0,
  `meta_key` varchar(255) DEFAULT NULL,
  `meta_value` longtext DEFAULT NULL
) ENGINE=InnoDB DEFAULT CHARSET=utf8mb4 COLLATE=utf8mb4_unicode_520_ci;

-- --------------------------------------------------------

--
-- Table structure for table `wp_comments`
--

CREATE TABLE `wp_comments` (
  `comment_ID` bigint(20) UNSIGNED NOT NULL,
  `comment_post_ID` bigint(20) UNSIGNED NOT NULL DEFAULT 0,
  `comment_author` tinytext NOT NULL,
  `comment_author_email` varchar(100) NOT NULL DEFAULT '',
  `comment_author_url` varchar(200) NOT NULL DEFAULT '',
  `comment_author_IP` varchar(100) NOT NULL DEFAULT '',
  `comment_date` datetime NOT NULL DEFAULT '0000-00-00 00:00:00',
  `comment_date_gmt` datetime NOT NULL DEFAULT '0000-00-00 00:00:00',
  `comment_content` text NOT NULL,
  `comment_karma` int(11) NOT NULL DEFAULT 0,
  `comment_approved` varchar(20) NOT NULL DEFAULT '1',
  `comment_agent` varchar(255) NOT NULL DEFAULT '',
  `comment_type` varchar(20) NOT NULL DEFAULT 'comment',
  `comment_parent` bigint(20) UNSIGNED NOT NULL DEFAULT 0,
  `user_id` bigint(20) UNSIGNED NOT NULL DEFAULT 0
) ENGINE=InnoDB DEFAULT CHARSET=utf8mb4 COLLATE=utf8mb4_unicode_520_ci;

-- --------------------------------------------------------

--
-- Table structure for table `wp_edd_adjustmentmeta`
--

CREATE TABLE `wp_edd_adjustmentmeta` (
  `meta_id` bigint(20) UNSIGNED NOT NULL,
  `edd_adjustment_id` bigint(20) UNSIGNED NOT NULL DEFAULT 0,
  `meta_key` varchar(255) DEFAULT NULL,
  `meta_value` longtext DEFAULT NULL
) ENGINE=InnoDB DEFAULT CHARSET=utf8mb4 COLLATE=utf8mb4_unicode_520_ci;

-- --------------------------------------------------------

--
-- Table structure for table `wp_edd_adjustments`
--

CREATE TABLE `wp_edd_adjustments` (
  `id` bigint(20) UNSIGNED NOT NULL,
  `parent` bigint(20) UNSIGNED NOT NULL DEFAULT 0,
  `name` varchar(200) NOT NULL DEFAULT '',
  `code` varchar(50) NOT NULL DEFAULT '',
  `status` varchar(20) NOT NULL DEFAULT '',
  `type` varchar(20) NOT NULL DEFAULT '',
  `scope` varchar(20) NOT NULL DEFAULT 'all',
  `amount_type` varchar(20) NOT NULL DEFAULT '',
  `amount` decimal(18,9) NOT NULL DEFAULT 0.000000000,
  `description` longtext NOT NULL,
  `max_uses` bigint(20) UNSIGNED NOT NULL DEFAULT 0,
  `use_count` bigint(20) UNSIGNED NOT NULL DEFAULT 0,
  `once_per_customer` int(11) NOT NULL DEFAULT 0,
  `min_charge_amount` decimal(18,9) NOT NULL DEFAULT 0.000000000,
  `start_date` datetime DEFAULT NULL,
  `end_date` datetime DEFAULT NULL,
  `date_created` datetime NOT NULL DEFAULT current_timestamp(),
  `date_modified` datetime NOT NULL DEFAULT current_timestamp(),
  `uuid` varchar(100) NOT NULL DEFAULT ''
) ENGINE=InnoDB DEFAULT CHARSET=utf8mb4 COLLATE=utf8mb4_unicode_520_ci;

-- --------------------------------------------------------

--
-- Table structure for table `wp_edd_customermeta`
--

CREATE TABLE `wp_edd_customermeta` (
  `meta_id` bigint(20) UNSIGNED NOT NULL,
  `edd_customer_id` bigint(20) UNSIGNED NOT NULL DEFAULT 0,
  `meta_key` varchar(255) DEFAULT NULL,
  `meta_value` longtext DEFAULT NULL
) ENGINE=InnoDB DEFAULT CHARSET=utf8mb4 COLLATE=utf8mb4_unicode_520_ci;

-- --------------------------------------------------------

--
-- Table structure for table `wp_edd_customers`
--

CREATE TABLE `wp_edd_customers` (
  `id` bigint(20) UNSIGNED NOT NULL,
  `user_id` bigint(20) UNSIGNED NOT NULL DEFAULT 0,
  `email` varchar(100) NOT NULL DEFAULT '',
  `name` varchar(255) NOT NULL DEFAULT '',
  `status` varchar(20) NOT NULL DEFAULT '',
  `purchase_value` decimal(18,9) NOT NULL DEFAULT 0.000000000,
  `purchase_count` bigint(20) UNSIGNED NOT NULL DEFAULT 0,
  `date_created` datetime NOT NULL DEFAULT current_timestamp(),
  `date_modified` datetime NOT NULL DEFAULT current_timestamp(),
  `uuid` varchar(100) NOT NULL DEFAULT ''
) ENGINE=InnoDB DEFAULT CHARSET=utf8mb4 COLLATE=utf8mb4_unicode_520_ci;

-- --------------------------------------------------------

--
-- Table structure for table `wp_edd_customer_addresses`
--

CREATE TABLE `wp_edd_customer_addresses` (
  `id` bigint(20) UNSIGNED NOT NULL,
  `customer_id` bigint(20) UNSIGNED NOT NULL DEFAULT 0,
  `is_primary` tinyint(1) NOT NULL DEFAULT 0,
  `type` varchar(20) NOT NULL DEFAULT 'billing',
  `status` varchar(20) NOT NULL DEFAULT 'active',
  `name` mediumtext NOT NULL,
  `address` mediumtext NOT NULL,
  `address2` mediumtext NOT NULL,
  `city` mediumtext NOT NULL,
  `region` mediumtext NOT NULL,
  `postal_code` varchar(32) NOT NULL DEFAULT '',
  `country` mediumtext NOT NULL,
  `date_created` datetime NOT NULL DEFAULT current_timestamp(),
  `date_modified` datetime NOT NULL DEFAULT current_timestamp(),
  `uuid` varchar(100) NOT NULL DEFAULT ''
) ENGINE=InnoDB DEFAULT CHARSET=utf8mb4 COLLATE=utf8mb4_unicode_520_ci;

-- --------------------------------------------------------

--
-- Table structure for table `wp_edd_customer_email_addresses`
--

CREATE TABLE `wp_edd_customer_email_addresses` (
  `id` bigint(20) UNSIGNED NOT NULL,
  `customer_id` bigint(20) UNSIGNED NOT NULL DEFAULT 0,
  `type` varchar(20) NOT NULL DEFAULT 'secondary',
  `status` varchar(20) NOT NULL DEFAULT 'active',
  `email` varchar(100) NOT NULL DEFAULT '',
  `date_created` datetime NOT NULL DEFAULT current_timestamp(),
  `date_modified` datetime NOT NULL DEFAULT current_timestamp(),
  `uuid` varchar(100) NOT NULL DEFAULT ''
) ENGINE=InnoDB DEFAULT CHARSET=utf8mb4 COLLATE=utf8mb4_unicode_520_ci;

-- --------------------------------------------------------

--
-- Table structure for table `wp_edd_logmeta`
--

CREATE TABLE `wp_edd_logmeta` (
  `meta_id` bigint(20) UNSIGNED NOT NULL,
  `edd_log_id` bigint(20) UNSIGNED NOT NULL DEFAULT 0,
  `meta_key` varchar(255) DEFAULT NULL,
  `meta_value` longtext DEFAULT NULL
) ENGINE=InnoDB DEFAULT CHARSET=utf8mb4 COLLATE=utf8mb4_unicode_520_ci;

-- --------------------------------------------------------

--
-- Table structure for table `wp_edd_logs`
--

CREATE TABLE `wp_edd_logs` (
  `id` bigint(20) UNSIGNED NOT NULL,
  `object_id` bigint(20) UNSIGNED NOT NULL DEFAULT 0,
  `object_type` varchar(20) DEFAULT NULL,
  `user_id` bigint(20) UNSIGNED NOT NULL DEFAULT 0,
  `type` varchar(20) DEFAULT NULL,
  `title` varchar(200) DEFAULT NULL,
  `content` longtext DEFAULT NULL,
  `date_created` datetime NOT NULL DEFAULT current_timestamp(),
  `date_modified` datetime NOT NULL DEFAULT current_timestamp(),
  `uuid` varchar(100) NOT NULL DEFAULT ''
) ENGINE=InnoDB DEFAULT CHARSET=utf8mb4 COLLATE=utf8mb4_unicode_520_ci;

-- --------------------------------------------------------

--
-- Table structure for table `wp_edd_logs_api_requestmeta`
--

CREATE TABLE `wp_edd_logs_api_requestmeta` (
  `meta_id` bigint(20) UNSIGNED NOT NULL,
  `edd_logs_api_request_id` bigint(20) UNSIGNED NOT NULL DEFAULT 0,
  `meta_key` varchar(255) DEFAULT NULL,
  `meta_value` longtext DEFAULT NULL
) ENGINE=InnoDB DEFAULT CHARSET=utf8mb4 COLLATE=utf8mb4_unicode_520_ci;

-- --------------------------------------------------------

--
-- Table structure for table `wp_edd_logs_api_requests`
--

CREATE TABLE `wp_edd_logs_api_requests` (
  `id` bigint(20) UNSIGNED NOT NULL,
  `user_id` bigint(20) UNSIGNED NOT NULL DEFAULT 0,
  `api_key` varchar(32) NOT NULL DEFAULT 'public',
  `token` varchar(32) NOT NULL DEFAULT '',
  `version` varchar(32) NOT NULL DEFAULT '',
  `request` longtext NOT NULL,
  `error` longtext NOT NULL,
  `ip` varchar(60) NOT NULL DEFAULT '',
  `time` varchar(60) NOT NULL DEFAULT '',
  `date_created` datetime NOT NULL DEFAULT current_timestamp(),
  `date_modified` datetime NOT NULL DEFAULT current_timestamp(),
  `uuid` varchar(100) NOT NULL DEFAULT ''
) ENGINE=InnoDB DEFAULT CHARSET=utf8mb4 COLLATE=utf8mb4_unicode_520_ci;

-- --------------------------------------------------------

--
-- Table structure for table `wp_edd_logs_file_downloadmeta`
--

CREATE TABLE `wp_edd_logs_file_downloadmeta` (
  `meta_id` bigint(20) UNSIGNED NOT NULL,
  `edd_logs_file_download_id` bigint(20) UNSIGNED NOT NULL DEFAULT 0,
  `meta_key` varchar(255) DEFAULT NULL,
  `meta_value` longtext DEFAULT NULL
) ENGINE=InnoDB DEFAULT CHARSET=utf8mb4 COLLATE=utf8mb4_unicode_520_ci;

-- --------------------------------------------------------

--
-- Table structure for table `wp_edd_logs_file_downloads`
--

CREATE TABLE `wp_edd_logs_file_downloads` (
  `id` bigint(20) UNSIGNED NOT NULL,
  `product_id` bigint(20) UNSIGNED NOT NULL DEFAULT 0,
  `file_id` bigint(20) UNSIGNED NOT NULL DEFAULT 0,
  `order_id` bigint(20) UNSIGNED NOT NULL DEFAULT 0,
  `price_id` bigint(20) UNSIGNED NOT NULL DEFAULT 0,
  `customer_id` bigint(20) UNSIGNED NOT NULL DEFAULT 0,
  `ip` varchar(60) NOT NULL DEFAULT '',
  `user_agent` varchar(200) NOT NULL DEFAULT '',
  `date_created` datetime NOT NULL DEFAULT current_timestamp(),
  `date_modified` datetime NOT NULL DEFAULT current_timestamp(),
  `uuid` varchar(100) NOT NULL DEFAULT ''
) ENGINE=InnoDB DEFAULT CHARSET=utf8mb4 COLLATE=utf8mb4_unicode_520_ci;

-- --------------------------------------------------------

--
-- Table structure for table `wp_edd_notemeta`
--

CREATE TABLE `wp_edd_notemeta` (
  `meta_id` bigint(20) UNSIGNED NOT NULL,
  `edd_note_id` bigint(20) UNSIGNED NOT NULL DEFAULT 0,
  `meta_key` varchar(255) DEFAULT NULL,
  `meta_value` longtext DEFAULT NULL
) ENGINE=InnoDB DEFAULT CHARSET=utf8mb4 COLLATE=utf8mb4_unicode_520_ci;

-- --------------------------------------------------------

--
-- Table structure for table `wp_edd_notes`
--

CREATE TABLE `wp_edd_notes` (
  `id` bigint(20) UNSIGNED NOT NULL,
  `object_id` bigint(20) UNSIGNED NOT NULL DEFAULT 0,
  `object_type` varchar(20) NOT NULL DEFAULT '',
  `user_id` bigint(20) UNSIGNED NOT NULL DEFAULT 0,
  `content` longtext NOT NULL,
  `date_created` datetime NOT NULL DEFAULT current_timestamp(),
  `date_modified` datetime NOT NULL DEFAULT current_timestamp(),
  `uuid` varchar(100) NOT NULL DEFAULT ''
) ENGINE=InnoDB DEFAULT CHARSET=utf8mb4 COLLATE=utf8mb4_unicode_520_ci;

-- --------------------------------------------------------

--
-- Table structure for table `wp_edd_notifications`
--

CREATE TABLE `wp_edd_notifications` (
  `id` bigint(20) UNSIGNED NOT NULL,
  `remote_id` varchar(20) DEFAULT NULL,
  `source` varchar(20) NOT NULL DEFAULT 'api',
  `title` text NOT NULL,
  `content` longtext NOT NULL,
  `buttons` longtext DEFAULT NULL,
  `type` varchar(64) NOT NULL DEFAULT 'success',
  `conditions` longtext DEFAULT NULL,
  `start` datetime DEFAULT NULL,
  `end` datetime DEFAULT NULL,
  `dismissed` tinyint(3) UNSIGNED NOT NULL DEFAULT 0,
  `date_created` datetime NOT NULL DEFAULT current_timestamp(),
  `date_updated` datetime NOT NULL DEFAULT current_timestamp()
) ENGINE=InnoDB DEFAULT CHARSET=utf8mb4 COLLATE=utf8mb4_unicode_520_ci;

-- --------------------------------------------------------

--
-- Table structure for table `wp_edd_ordermeta`
--

CREATE TABLE `wp_edd_ordermeta` (
  `meta_id` bigint(20) UNSIGNED NOT NULL,
  `edd_order_id` bigint(20) UNSIGNED NOT NULL DEFAULT 0,
  `meta_key` varchar(255) DEFAULT NULL,
  `meta_value` longtext DEFAULT NULL
) ENGINE=InnoDB DEFAULT CHARSET=utf8mb4 COLLATE=utf8mb4_unicode_520_ci;

-- --------------------------------------------------------

--
-- Table structure for table `wp_edd_orders`
--

CREATE TABLE `wp_edd_orders` (
  `id` bigint(20) UNSIGNED NOT NULL,
  `parent` bigint(20) UNSIGNED NOT NULL DEFAULT 0,
  `order_number` varchar(255) NOT NULL DEFAULT '',
  `status` varchar(20) NOT NULL DEFAULT 'pending',
  `type` varchar(20) NOT NULL DEFAULT 'sale',
  `user_id` bigint(20) UNSIGNED NOT NULL DEFAULT 0,
  `customer_id` bigint(20) UNSIGNED NOT NULL DEFAULT 0,
  `email` varchar(100) NOT NULL DEFAULT '',
  `ip` varchar(60) NOT NULL DEFAULT '',
  `gateway` varchar(100) NOT NULL DEFAULT 'manual',
  `mode` varchar(20) NOT NULL DEFAULT '',
  `currency` varchar(20) NOT NULL DEFAULT '',
  `payment_key` varchar(64) NOT NULL DEFAULT '',
  `tax_rate_id` bigint(20) DEFAULT NULL,
  `subtotal` decimal(18,9) NOT NULL DEFAULT 0.000000000,
  `discount` decimal(18,9) NOT NULL DEFAULT 0.000000000,
  `tax` decimal(18,9) NOT NULL DEFAULT 0.000000000,
  `total` decimal(18,9) NOT NULL DEFAULT 0.000000000,
  `rate` decimal(10,5) NOT NULL DEFAULT 1.00000,
  `date_created` datetime NOT NULL DEFAULT current_timestamp(),
  `date_modified` datetime NOT NULL DEFAULT current_timestamp(),
  `date_completed` datetime DEFAULT NULL,
  `date_refundable` datetime DEFAULT NULL,
  `uuid` varchar(100) NOT NULL DEFAULT ''
) ENGINE=InnoDB DEFAULT CHARSET=utf8mb4 COLLATE=utf8mb4_unicode_520_ci;

-- --------------------------------------------------------

--
-- Table structure for table `wp_edd_order_addresses`
--

CREATE TABLE `wp_edd_order_addresses` (
  `id` bigint(20) UNSIGNED NOT NULL,
  `order_id` bigint(20) UNSIGNED NOT NULL DEFAULT 0,
  `type` varchar(20) NOT NULL DEFAULT 'billing',
  `name` mediumtext NOT NULL,
  `address` mediumtext NOT NULL,
  `address2` mediumtext NOT NULL,
  `city` mediumtext NOT NULL,
  `region` mediumtext NOT NULL,
  `postal_code` varchar(32) NOT NULL DEFAULT '',
  `country` mediumtext NOT NULL,
  `date_created` datetime NOT NULL DEFAULT current_timestamp(),
  `date_modified` datetime NOT NULL DEFAULT current_timestamp(),
  `uuid` varchar(100) NOT NULL DEFAULT ''
) ENGINE=InnoDB DEFAULT CHARSET=utf8mb4 COLLATE=utf8mb4_unicode_520_ci;

-- --------------------------------------------------------

--
-- Table structure for table `wp_edd_order_adjustmentmeta`
--

CREATE TABLE `wp_edd_order_adjustmentmeta` (
  `meta_id` bigint(20) UNSIGNED NOT NULL,
  `edd_order_adjustment_id` bigint(20) UNSIGNED NOT NULL DEFAULT 0,
  `meta_key` varchar(255) DEFAULT NULL,
  `meta_value` longtext DEFAULT NULL
) ENGINE=InnoDB DEFAULT CHARSET=utf8mb4 COLLATE=utf8mb4_unicode_520_ci;

-- --------------------------------------------------------

--
-- Table structure for table `wp_edd_order_adjustments`
--

CREATE TABLE `wp_edd_order_adjustments` (
  `id` bigint(20) UNSIGNED NOT NULL,
  `parent` bigint(20) UNSIGNED NOT NULL DEFAULT 0,
  `object_id` bigint(20) UNSIGNED NOT NULL DEFAULT 0,
  `object_type` varchar(20) DEFAULT NULL,
  `type_id` bigint(20) UNSIGNED DEFAULT NULL,
  `type` varchar(20) DEFAULT NULL,
  `type_key` varchar(255) DEFAULT NULL,
  `description` varchar(100) DEFAULT NULL,
  `subtotal` decimal(18,9) NOT NULL DEFAULT 0.000000000,
  `tax` decimal(18,9) NOT NULL DEFAULT 0.000000000,
  `total` decimal(18,9) NOT NULL DEFAULT 0.000000000,
  `rate` decimal(10,5) NOT NULL DEFAULT 1.00000,
  `date_created` datetime NOT NULL DEFAULT current_timestamp(),
  `date_modified` datetime NOT NULL DEFAULT current_timestamp(),
  `uuid` varchar(100) NOT NULL DEFAULT ''
) ENGINE=InnoDB DEFAULT CHARSET=utf8mb4 COLLATE=utf8mb4_unicode_520_ci;

-- --------------------------------------------------------

--
-- Table structure for table `wp_edd_order_itemmeta`
--

CREATE TABLE `wp_edd_order_itemmeta` (
  `meta_id` bigint(20) UNSIGNED NOT NULL,
  `edd_order_item_id` bigint(20) UNSIGNED NOT NULL DEFAULT 0,
  `meta_key` varchar(255) DEFAULT NULL,
  `meta_value` longtext DEFAULT NULL
) ENGINE=InnoDB DEFAULT CHARSET=utf8mb4 COLLATE=utf8mb4_unicode_520_ci;

-- --------------------------------------------------------

--
-- Table structure for table `wp_edd_order_items`
--

CREATE TABLE `wp_edd_order_items` (
  `id` bigint(20) UNSIGNED NOT NULL,
  `parent` bigint(20) UNSIGNED NOT NULL DEFAULT 0,
  `order_id` bigint(20) UNSIGNED NOT NULL DEFAULT 0,
  `product_id` bigint(20) UNSIGNED NOT NULL DEFAULT 0,
  `product_name` text NOT NULL,
  `price_id` bigint(20) UNSIGNED DEFAULT NULL,
  `cart_index` bigint(20) UNSIGNED NOT NULL DEFAULT 0,
  `type` varchar(20) NOT NULL DEFAULT 'download',
  `status` varchar(20) NOT NULL DEFAULT 'pending',
  `quantity` int(11) NOT NULL DEFAULT 0,
  `amount` decimal(18,9) NOT NULL DEFAULT 0.000000000,
  `subtotal` decimal(18,9) NOT NULL DEFAULT 0.000000000,
  `discount` decimal(18,9) NOT NULL DEFAULT 0.000000000,
  `tax` decimal(18,9) NOT NULL DEFAULT 0.000000000,
  `total` decimal(18,9) NOT NULL DEFAULT 0.000000000,
  `rate` decimal(10,5) NOT NULL DEFAULT 1.00000,
  `date_created` datetime NOT NULL DEFAULT current_timestamp(),
  `date_modified` datetime NOT NULL DEFAULT current_timestamp(),
  `uuid` varchar(100) NOT NULL DEFAULT ''
) ENGINE=InnoDB DEFAULT CHARSET=utf8mb4 COLLATE=utf8mb4_unicode_520_ci;

-- --------------------------------------------------------

--
-- Table structure for table `wp_edd_order_transactions`
--

CREATE TABLE `wp_edd_order_transactions` (
  `id` bigint(20) UNSIGNED NOT NULL,
  `object_id` bigint(20) UNSIGNED NOT NULL DEFAULT 0,
  `object_type` varchar(20) NOT NULL DEFAULT '',
  `transaction_id` varchar(256) NOT NULL DEFAULT '',
  `gateway` varchar(20) NOT NULL DEFAULT '',
  `status` varchar(20) NOT NULL DEFAULT '',
  `total` decimal(18,9) NOT NULL DEFAULT 0.000000000,
  `rate` decimal(10,5) NOT NULL DEFAULT 1.00000,
  `date_created` datetime NOT NULL DEFAULT current_timestamp(),
  `date_modified` datetime NOT NULL DEFAULT current_timestamp(),
  `uuid` varchar(100) NOT NULL DEFAULT ''
) ENGINE=InnoDB DEFAULT CHARSET=utf8mb4 COLLATE=utf8mb4_unicode_520_ci;

-- --------------------------------------------------------

--
-- Table structure for table `wp_e_events`
--

CREATE TABLE `wp_e_events` (
  `id` bigint(20) UNSIGNED NOT NULL,
  `event_data` text DEFAULT NULL,
  `created_at` datetime NOT NULL
) ENGINE=InnoDB DEFAULT CHARSET=utf8mb4 COLLATE=utf8mb4_unicode_520_ci;

-- --------------------------------------------------------

--
-- Table structure for table `wp_e_notes`
--

CREATE TABLE `wp_e_notes` (
  `id` bigint(20) UNSIGNED NOT NULL,
  `route_url` text DEFAULT NULL COMMENT 'Clean url where the note was created.',
  `route_title` varchar(255) DEFAULT NULL,
  `route_post_id` bigint(20) UNSIGNED DEFAULT NULL COMMENT 'The post id of the route that the note was created on.',
  `post_id` bigint(20) UNSIGNED DEFAULT NULL,
  `element_id` varchar(60) DEFAULT NULL COMMENT 'The Elementor element ID the note is attached to.',
  `parent_id` bigint(20) UNSIGNED NOT NULL DEFAULT 0,
  `author_id` bigint(20) UNSIGNED DEFAULT NULL,
  `author_display_name` varchar(250) DEFAULT NULL COMMENT 'Save the author name when the author was deleted.',
  `status` varchar(20) NOT NULL DEFAULT 'publish',
  `position` text DEFAULT NULL COMMENT 'A JSON string that represents the position of the note inside the element in percentages. e.g. {x:10, y:15}',
  `content` longtext DEFAULT NULL,
  `is_resolved` tinyint(1) NOT NULL DEFAULT 0,
  `is_public` tinyint(1) NOT NULL DEFAULT 1,
  `last_activity_at` datetime DEFAULT NULL,
  `created_at` datetime NOT NULL,
  `updated_at` datetime NOT NULL
) ENGINE=InnoDB DEFAULT CHARSET=utf8mb4 COLLATE=utf8mb4_unicode_520_ci;

-- --------------------------------------------------------

--
-- Table structure for table `wp_e_notes_users_relations`
--

CREATE TABLE `wp_e_notes_users_relations` (
  `id` bigint(20) UNSIGNED NOT NULL,
  `type` varchar(60) NOT NULL COMMENT 'The relation type between user and note (e.g mention, watch, read).',
  `note_id` bigint(20) UNSIGNED NOT NULL,
  `user_id` bigint(20) UNSIGNED NOT NULL,
  `created_at` datetime NOT NULL,
  `updated_at` datetime NOT NULL
) ENGINE=InnoDB DEFAULT CHARSET=utf8mb4 COLLATE=utf8mb4_unicode_520_ci;

-- --------------------------------------------------------

--
-- Table structure for table `wp_e_submissions`
--

CREATE TABLE `wp_e_submissions` (
  `id` bigint(20) UNSIGNED NOT NULL,
  `type` varchar(60) DEFAULT NULL,
  `hash_id` varchar(60) NOT NULL,
  `main_meta_id` bigint(20) UNSIGNED NOT NULL COMMENT 'Id of main field. to represent the main meta field',
  `post_id` bigint(20) UNSIGNED NOT NULL,
  `referer` varchar(500) NOT NULL,
  `referer_title` varchar(300) DEFAULT NULL,
  `element_id` varchar(20) NOT NULL,
  `form_name` varchar(60) NOT NULL,
  `campaign_id` bigint(20) UNSIGNED NOT NULL,
  `user_id` bigint(20) UNSIGNED DEFAULT NULL,
  `user_ip` varchar(46) NOT NULL,
  `user_agent` text NOT NULL,
  `actions_count` int(11) DEFAULT 0,
  `actions_succeeded_count` int(11) DEFAULT 0,
  `status` varchar(20) NOT NULL,
  `is_read` tinyint(1) NOT NULL DEFAULT 0,
  `meta` text DEFAULT NULL,
  `created_at_gmt` datetime NOT NULL,
  `updated_at_gmt` datetime NOT NULL,
  `created_at` datetime NOT NULL,
  `updated_at` datetime NOT NULL
) ENGINE=InnoDB DEFAULT CHARSET=utf8mb4 COLLATE=utf8mb4_unicode_520_ci;

--
-- Dumping data for table `wp_e_submissions`
--

INSERT INTO `wp_e_submissions` (`id`, `type`, `hash_id`, `main_meta_id`, `post_id`, `referer`, `referer_title`, `element_id`, `form_name`, `campaign_id`, `user_id`, `user_ip`, `user_agent`, `actions_count`, `actions_succeeded_count`, `status`, `is_read`, `meta`, `created_at_gmt`, `updated_at_gmt`, `created_at`, `updated_at`) VALUES
(1, 'submission', '377004e6-096f-4328-bd72-a84f307ca174', 6, 1410, 'https://smithfieldfreshmeats.com/contact-us/', 'Contact Us - Smithfield Fresh Meats', '80c7c93', 'Contact Form', 0, 1, '5.180.61.157', 'Mozilla/5.0 (Macintosh; Intel Mac OS X 10_15_7) AppleWebKit/537.36 (KHTML, like Gecko) Chrome/112.0.0.0 Safari/537.36', 1, 1, 'new', 0, '{\"edit_post_id\":\"1410\"}', '2023-04-27 15:05:43', '2023-04-27 15:05:43', '2023-04-27 15:05:43', '2023-04-27 15:05:43'),
(2, 'submission', '581dfbea-61ab-414a-bc98-97c68c963f63', 22, 1410, 'https://smithfieldfreshmeats.com/contact-us/', 'Contact Frozen pork - Import export - Import Frozen Pork', '80c7c93', 'Contact Form', 0, 0, '146.196.33.140', 'Mozilla/5.0 (Windows NT 10.0; Win64; x64) AppleWebKit/537.36 (KHTML, like Gecko) Chrome/112.0.0.0 Safari/537.36', 1, 1, 'new', 0, '{\"edit_post_id\":\"1410\"}', '2023-05-08 06:35:25', '2023-05-08 06:35:26', '2023-05-08 06:35:25', '2023-05-08 06:35:26'),
(3, 'submission', 'd818a0cc-08bd-4edd-a9a3-79bb67c849d0', 38, 1864, 'https://smithfieldfreshmeats.com/product/wholesale-frozen-pig-half-head-without-ear-%e5%8d%8a%e5%a4%b4%e6%97%a0%e8%80%b3-Smithfield-pork-United States/', 'Wholesale frozen pig half head without ear at Smithfield Pork United States', 'c31420f', 'Contact Form', 0, 1, '129.0.79.156', 'Mozilla/5.0 (Windows NT 10.0; Win64; x64) AppleWebKit/537.36 (KHTML, like Gecko) Chrome/113.0.0.0 Safari/537.36', 1, 1, 'new', 0, '{\"edit_post_id\":\"1864\"}', '2023-05-11 13:17:31', '2023-05-11 13:17:31', '2023-05-11 13:17:31', '2023-05-11 13:17:31'),
(4, 'submission', '88da2582-73fe-4f88-a466-910d93656cd1', 55, 1410, 'https://smithfieldfreshmeats.com/contact-us/', 'Contact Frozen pork - Import export - Import Frozen Pork', '80c7c93', 'Contact Form', 0, 0, '58.59.216.83', 'Mozilla/5.0 (Windows NT 10.0; Win64; x64) AppleWebKit/537.36 (KHTML, like Gecko) Chrome/112.0.0.0 Safari/537.36', 1, 1, 'new', 0, '{\"edit_post_id\":\"1410\"}', '2023-05-22 07:47:16', '2023-05-22 07:47:16', '2023-05-22 07:47:16', '2023-05-22 07:47:16'),
(5, 'submission', '98989394-baee-4a2d-bc69-17558c19e15a', 71, 1410, 'https://smithfieldfreshmeats.com/contact-us/', 'Contact Frozen pork - Import export - Import Frozen Pork', '80c7c93', 'Contact Form', 0, 0, '223.235.119.240', 'Mozilla/5.0 (Windows NT 10.0; Win64; x64) AppleWebKit/537.36 (KHTML, like Gecko) Chrome/113.0.0.0 Safari/537.36', 1, 1, 'new', 0, '{\"edit_post_id\":\"1410\"}', '2023-05-25 08:28:15', '2023-05-25 08:28:16', '2023-05-25 08:28:15', '2023-05-25 08:28:16'),
(6, 'submission', '1dba057b-3cb1-47dd-a834-eb7698a647cb', 87, 1864, 'https://smithfieldfreshmeats.com/product/frozen-pork-central-face/', 'Wholesale Frozen Pork Central Face | Smithfield S.A United States', 'c31420f', 'Contact Form', 0, 0, '182.239.89.221', 'Mozilla/5.0 (iPhone; CPU iPhone OS 15_6_1 like Mac OS X) AppleWebKit/605.1.15 (KHTML, like Gecko) Version/15.6.1 Mobile/15E148 Safari/604.1', 1, 1, 'new', 0, '{\"edit_post_id\":\"1864\"}', '2023-05-26 08:26:10', '2023-05-26 08:26:10', '2023-05-26 08:26:10', '2023-05-26 08:26:10'),
(7, 'submission', '29109eef-12f0-4399-a509-a0100a5f855e', 104, 1410, 'https://smithfieldfreshmeats.com/contact-us/', 'Contact Frozen pork - Import export - Import Frozen Pork', '80c7c93', 'Contact Form', 0, 0, '2400:8902::f03c:93ff:fe17:16f2', 'Mozilla/5.0 (Linux; Android 10; K) AppleWebKit/537.36 (KHTML, like Gecko) Chrome/113.0.0.0 Mobile Safari/537.36', 1, 1, 'new', 0, '{\"edit_post_id\":\"1410\"}', '2023-05-31 08:07:55', '2023-05-31 08:07:55', '2023-05-31 08:07:55', '2023-05-31 08:07:55'),
(8, 'submission', 'b9f26b81-1995-4b0b-8d9b-b7ec099fe4a6', 120, 1759, 'https://smithfieldfreshmeats.com/product-category/fat-lean-meat-offal-tripes/', 'Fat / Lean / Meat / Offal / Tripes Archives - Smithfield Fresh Meats', 'e2d0c40', 'Contact Form', 0, 0, '159.138.48.156', 'Mozilla/5.0 (Windows NT 10.0; Win64; x64) AppleWebKit/537.36 (KHTML, like Gecko) Chrome/113.0.0.0 Safari/537.36', 1, 1, 'new', 0, '{\"edit_post_id\":\"1759\"}', '2023-05-31 10:01:33', '2023-05-31 10:01:33', '2023-05-31 10:01:33', '2023-05-31 10:01:33'),
(9, 'submission', '19d741a7-e8ab-437e-9024-b4ccba1a75e9', 137, 1410, 'https://smithfieldfreshmeats.com/contact-us/', 'Contact Frozen pork - Import export - Import Frozen Pork', '80c7c93', 'Contact Form', 0, 0, '2407:d140:1:1fe::f902:a81a', 'Mozilla/5.0 (Linux; Android 10; K) AppleWebKit/537.36 (KHTML, like Gecko) Chrome/113.0.0.0 Mobile Safari/537.36', 1, 1, 'new', 0, '{\"edit_post_id\":\"1410\"}', '2023-06-02 09:19:28', '2023-06-02 09:19:29', '2023-06-02 09:19:28', '2023-06-02 09:19:29'),
(10, 'submission', 'd0c880e3-a7f1-451f-8faa-0d440d8a57b8', 153, 1410, '', 'Contact Frozen pork - Import export - Import Frozen Pork', '80c7c93', 'Contact Form', 0, 0, '14.169.180.158', 'Mozilla/5.0 (Windows NT 6.1; WOW64) AppleWebKit/537.36 (KHTML, like Gecko) Chrome/103.0.0.0 Safari/537.36', 1, 1, 'new', 0, '{\"edit_post_id\":\"1410\"}', '2023-06-27 16:34:50', '2023-06-27 16:34:50', '2023-06-27 16:34:50', '2023-06-27 16:34:50'),
(11, 'submission', 'a2c01a0d-36e8-412b-8235-d87451203519', 169, 1864, 'https://smithfieldfreshmeats.com/product/wholesale-frozen-pork-fat/', 'Wholesale Frozen Pork Fat - From Smithfield Pork United States', 'c31420f', 'Contact Form', 0, 0, '77.185.51.116', 'Mozilla/5.0 (Windows NT 10.0; Win64; x64) AppleWebKit/537.36 (KHTML, like Gecko) Chrome/117.0.0.0 Safari/537.36 OPR/103.0.0.0', 1, 0, 'new', 0, '{\"edit_post_id\":\"1864\"}', '2023-10-21 15:43:11', '2023-10-21 15:43:11', '2023-10-21 15:43:11', '2023-10-21 15:43:11'),
(12, 'submission', 'da82ab93-da68-4eb0-8a46-ca48756006e1', 186, 1410, 'https://smithfieldfreshmeats.com/contact-us/', 'Contact Frozen pork - Import export - Import Frozen Pork', '80c7c93', 'Contact Form', 0, 0, '77.181.14.182', 'Mozilla/5.0 (Windows NT 10.0; Win64; x64) AppleWebKit/537.36 (KHTML, like Gecko) Chrome/117.0.0.0 Safari/537.36 OPR/103.0.0.0', 1, 0, 'new', 0, '{\"edit_post_id\":\"1410\"}', '2023-10-23 00:14:47', '2023-10-23 00:14:47', '2023-10-23 00:14:47', '2023-10-23 00:14:47'),
(13, 'submission', 'f0ca41c8-0449-4d96-b411-b5cbdc9c0b39', 202, 1410, 'https://smithfieldfreshmeats.com/contact-us/', 'Contact Frozen pork - Import export - Import Frozen Pork', '80c7c93', 'Contact Form', 0, 0, '46.170.192.10', 'Mozilla/5.0 (Windows NT 10.0; Win64; x64) AppleWebKit/537.36 (KHTML, like Gecko) Chrome/118.0.0.0 Safari/537.36', 1, 1, 'new', 0, '{\"edit_post_id\":\"1410\"}', '2023-10-25 07:17:27', '2023-10-25 07:17:32', '2023-10-25 07:17:27', '2023-10-25 07:17:32'),
(14, 'submission', '5f4faf20-c0e0-4385-90dc-5812cf522c00', 218, 1410, 'https://smithfieldfreshmeats.com/contact-us/', 'Contact Frozen pork - Import export - Import Frozen Pork', '80c7c93', 'Contact Form', 0, 0, '160.154.210.96', 'Mozilla/5.0 (Macintosh; Intel Mac OS X 10_14_6) AppleWebKit/605.1.15 (KHTML, like Gecko) Version/14.1.2 Safari/605.1.15', 1, 1, 'new', 0, '{\"edit_post_id\":\"1410\"}', '2023-10-25 16:40:45', '2023-10-25 16:40:50', '2023-10-25 16:40:45', '2023-10-25 16:40:50'),
(15, 'submission', '14c24356-3888-4647-a298-1158c36057fa', 234, 1410, 'https://smithfieldfreshmeats.com/contact-us/', 'Contact Frozen pork - Import export - Import Frozen Pork', '80c7c93', 'Contact Form', 0, 0, '122.176.196.167', 'Mozilla/5.0 (Windows NT 10.0; Win64; x64; Xbox; Xbox One) AppleWebKit/537.36 (KHTML, like Gecko) Chrome/114.0.0.0 Safari/537.36 Edge/44.18363.8131', 1, 0, 'new', 0, '{\"edit_post_id\":\"1410\"}', '2023-10-27 10:34:30', '2023-10-27 10:34:30', '2023-10-27 10:34:30', '2023-10-27 10:34:30'),
(16, 'submission', '6d3f9a25-5054-4906-860c-6672b5add979', 250, 1410, 'https://smithfieldfreshmeats.com/contact-us/', 'Contact Frozen pork - Import export - Import Frozen Pork', '80c7c93', 'Contact Form', 0, 0, '50.67.152.216', 'Mozilla/5.0 (Macintosh; Intel Mac OS X 10_15_7) AppleWebKit/605.1.15 (KHTML, like Gecko) Version/16.1 Safari/605.1.15', 1, 1, 'new', 0, '{\"edit_post_id\":\"1410\"}', '2023-11-15 18:33:31', '2023-11-15 18:33:36', '2023-11-15 18:33:31', '2023-11-15 18:33:36'),
(17, 'submission', 'c7e3cca9-bf3e-48fd-9fd7-ddd0f9770440', 266, 1410, 'https://smithfieldfreshmeats.com/contact-us/', 'Contact Frozen pork - Import export - Import Frozen Pork', '80c7c93', 'Contact Form', 0, 0, '118.102.81.126', 'Mozilla/5.0 (Macintosh; Intel Mac OS X 10_15_7) AppleWebKit/537.36 (KHTML, like Gecko) Chrome/119.0.0.0 Safari/537.36', 1, 0, 'new', 0, '{\"edit_post_id\":\"1410\"}', '2023-11-27 00:35:05', '2023-11-27 00:35:05', '2023-11-27 00:35:05', '2023-11-27 00:35:05'),
(18, 'submission', '67528cf7-361d-42e5-876a-07a3e141d7ca', 282, 1864, 'https://smithfieldfreshmeats.com/product/pork-ruffle-fat-for-sale/', 'Pork Ruffle Fat For Sale | 出售猪肉荷叶边脂肪 | Smithfield S.A', 'c31420f', 'Contact Form', 0, 0, '49.183.11.154', 'Mozilla/5.0 (iPhone; CPU iPhone OS 17_1_2 like Mac OS X) AppleWebKit/605.1.15 (KHTML, like Gecko) Version/17.1.2 Mobile/15E148 Safari/604.1', 1, 0, 'new', 0, '{\"edit_post_id\":\"1864\"}', '2023-12-09 19:37:23', '2023-12-09 19:37:23', '2023-12-09 19:37:23', '2023-12-09 19:37:23'),
(19, 'submission', '3cbc2a3e-b203-4600-8550-cbc5da9fc687', 299, 1864, 'https://smithfieldfreshmeats.com/product/pork-ruffle-fat-for-sale/', 'Pork Ruffle Fat For Sale | 出售猪肉荷叶边脂肪 | Smithfield S.A', 'c31420f', 'Contact Form', 0, 0, '49.183.11.154', 'Mozilla/5.0 (iPhone; CPU iPhone OS 17_1_2 like Mac OS X) AppleWebKit/605.1.15 (KHTML, like Gecko) Version/17.1.2 Mobile/15E148 Safari/604.1', 1, 0, 'new', 0, '{\"edit_post_id\":\"1864\"}', '2023-12-09 19:37:45', '2023-12-09 19:37:45', '2023-12-09 19:37:45', '2023-12-09 19:37:45'),
(20, 'submission', '100b0735-ec53-4ef5-9d85-eea5fe675a71', 316, 1864, 'https://smithfieldfreshmeats.com/product/pork-ruffle-fat-for-sale/', 'Pork Ruffle Fat For Sale | 出售猪肉荷叶边脂肪 | Smithfield S.A', 'c31420f', 'Contact Form', 0, 0, '49.183.11.154', 'Mozilla/5.0 (iPhone; CPU iPhone OS 17_1_2 like Mac OS X) AppleWebKit/605.1.15 (KHTML, like Gecko) Version/17.1.2 Mobile/15E148 Safari/604.1', 1, 0, 'new', 0, '{\"edit_post_id\":\"1864\"}', '2023-12-09 19:38:53', '2023-12-09 19:38:53', '2023-12-09 19:38:53', '2023-12-09 19:38:53'),
(21, 'submission', 'cb9cf9d3-4523-4ef4-b44d-cdea6fafe17f', 333, 1410, 'https://smithfieldfreshmeats.com/contact-us/', 'Contact Frozen pork - Import export - Import Frozen Pork', '80c7c93', 'Contact Form', 0, 0, '164.92.170.82', 'Mozilla/5.0 (Windows NT 10.0; Win64; x64) AppleWebKit/537.36 (KHTML, like Gecko) Chrome/120.0.0.0 Safari/537.36', 1, 1, 'new', 0, '{\"edit_post_id\":\"1410\"}', '2023-12-16 07:35:10', '2023-12-16 07:35:15', '2023-12-16 07:35:10', '2023-12-16 07:35:15'),
(22, 'submission', 'ce540542-0fdf-4c1a-8b14-d8bd90b44a4d', 349, 1410, 'https://smithfieldfreshmeats.com/contact-us/', 'Contact Frozen pork - Import export - Import Frozen Pork', '80c7c93', 'Contact Form', 0, 0, '134.19.249.162', 'Mozilla/5.0 (Windows NT 10.0; Win64; x64) AppleWebKit/537.36 (KHTML, like Gecko) Chrome/119.0.0.0 Safari/537.36', 1, 1, 'new', 0, '{\"edit_post_id\":\"1410\"}', '2023-12-21 11:22:16', '2023-12-21 11:22:21', '2023-12-21 11:22:16', '2023-12-21 11:22:21'),
(23, 'submission', 'b0377bc5-5422-4bab-b925-30e40dec50a6', 365, 1864, 'https://smithfieldfreshmeats.com/product/wholesale-frozen-pork-lard-%e7%8c%aa%e6%b2%b9-buy-from-Smithfield-pork-United States/', 'Wholesale Frozen Pork Lard Near Me | Buy Now!! - Smithfield Fresh Meats', 'c31420f', 'Contact Form', 0, 0, '203.160.80.215', 'Mozilla/5.0 (iPhone; CPU iPhone OS 15_5 like Mac OS X) AppleWebKit/605.1.15 (KHTML, like Gecko) CriOS/116.0.5845.146 Mobile/15E148 Safari/604.1', 1, 0, 'new', 0, '{\"edit_post_id\":\"1864\"}', '2023-12-29 16:12:01', '2023-12-29 16:12:01', '2023-12-29 16:12:01', '2023-12-29 16:12:01'),
(24, 'submission', 'ba144739-3e69-49f0-9734-f26a25656f15', 382, 1864, 'https://smithfieldfreshmeats.com/product/wholesale-frozen-pork-lard-%e7%8c%aa%e6%b2%b9-buy-from-Smithfield-pork-United States/', 'Wholesale Frozen Pork Lard Near Me | Buy Now!! - Smithfield Fresh Meats', 'c31420f', 'Contact Form', 0, 0, '203.160.80.215', 'Mozilla/5.0 (iPhone; CPU iPhone OS 15_5 like Mac OS X) AppleWebKit/605.1.15 (KHTML, like Gecko) CriOS/116.0.5845.146 Mobile/15E148 Safari/604.1', 1, 0, 'new', 0, '{\"edit_post_id\":\"1864\"}', '2023-12-29 16:12:22', '2023-12-29 16:12:22', '2023-12-29 16:12:22', '2023-12-29 16:12:22'),
(25, 'submission', 'e8e2ed1a-c19b-4748-9587-c5a0104dbe11', 399, 1410, 'https://smithfieldfreshmeats.com/contact-us/', 'Contact Frozen pork - Import export - Import Frozen Pork', '80c7c93', 'Contact Form', 0, 0, '203.160.80.215', 'Mozilla/5.0 (iPhone; CPU iPhone OS 15_5 like Mac OS X) AppleWebKit/605.1.15 (KHTML, like Gecko) CriOS/116.0.5845.146 Mobile/15E148 Safari/604.1', 1, 0, 'new', 0, '{\"edit_post_id\":\"1410\"}', '2023-12-29 16:16:46', '2023-12-29 16:16:46', '2023-12-29 16:16:46', '2023-12-29 16:16:46'),
(26, 'submission', '95e381b7-b32b-473f-aea4-b7b1d109baa4', 415, 1864, 'https://smithfieldfreshmeats.com/product/wholesale-frozen-pork-back-fat-with-skin/', 'Wholesale Frozen Pork Back Fat With Skin | Buy Now!!', 'c31420f', 'Contact Form', 0, 0, '111.68.42.146', 'Mozilla/5.0 (Windows NT 10.0; Win64; x64) AppleWebKit/537.36 (KHTML, like Gecko) Chrome/120.0.0.0 Safari/537.36', 1, 0, 'new', 0, '{\"edit_post_id\":\"1864\"}', '2024-01-09 07:43:25', '2024-01-09 07:43:25', '2024-01-09 07:43:25', '2024-01-09 07:43:25'),
(27, 'submission', 'ad73adc1-1f80-414e-b834-c992839955e8', 432, 1864, 'https://smithfieldfreshmeats.com/product/wholesale-frozen-pork-back-fat-with-skin/', 'Wholesale Frozen Pork Back Fat With Skin | Buy Now!!', 'c31420f', 'Contact Form', 0, 0, '111.68.42.146', 'Mozilla/5.0 (Windows NT 10.0; Win64; x64) AppleWebKit/537.36 (KHTML, like Gecko) Chrome/120.0.0.0 Safari/537.36', 1, 0, 'new', 0, '{\"edit_post_id\":\"1864\"}', '2024-01-09 07:46:06', '2024-01-09 07:46:06', '2024-01-09 07:46:06', '2024-01-09 07:46:06'),
(28, 'submission', '8e5c3c7a-7e08-4702-b5f5-f83cefd4a2b5', 449, 1864, 'https://smithfieldfreshmeats.com/product/wholesale-frozen-pork-back-fat-with-skin/', 'Wholesale Frozen Pork Back Fat With Skin | Buy Now!!', 'c31420f', 'Contact Form', 0, 0, '68.196.36.31', 'Mozilla/5.0 (Linux; Android 10; K) AppleWebKit/537.36 (KHTML, like Gecko) Chrome/120.0.0.0 Mobile Safari/537.36', 1, 0, 'new', 0, '{\"edit_post_id\":\"1864\"}', '2024-01-21 06:30:47', '2024-01-21 06:30:47', '2024-01-21 06:30:47', '2024-01-21 06:30:47'),
(29, 'submission', '11766ede-76ee-4107-b057-c6be5cf542cf', 466, 1864, 'https://smithfieldfreshmeats.com/product/wholesale-frozen-pork-back-fat-with-skin/', 'Wholesale Frozen Pork Back Fat With Skin | Buy Now!!', 'c31420f', 'Contact Form', 0, 0, '68.196.36.31', 'Mozilla/5.0 (Linux; Android 10; K) AppleWebKit/537.36 (KHTML, like Gecko) Chrome/120.0.0.0 Mobile Safari/537.36', 1, 0, 'new', 0, '{\"edit_post_id\":\"1864\"}', '2024-01-21 06:31:13', '2024-01-21 06:31:13', '2024-01-21 06:31:13', '2024-01-21 06:31:13'),
(30, 'submission', '4b250f17-46e4-49e0-a4f9-8708f2b30ec4', 483, 1410, 'https://smithfieldfreshmeats.com/contact-us/', 'Contact Frozen pork - Import export - Import Frozen Pork', '80c7c93', 'Contact Form', 0, 0, '92.84.129.51', 'Mozilla/5.0 (Windows NT 10.0; Win64; x64) AppleWebKit/537.36 (KHTML, like Gecko) Chrome/120.0.0.0 Safari/537.36', 1, 0, 'new', 0, '{\"edit_post_id\":\"1410\"}', '2024-01-23 15:36:25', '2024-01-23 15:36:25', '2024-01-23 15:36:25', '2024-01-23 15:36:25'),
(31, 'submission', '1b2d0b14-0fbd-42b7-b578-f6b4945af485', 499, 1410, 'https://smithfieldfreshmeats.com/contact-us/', 'Contact Frozen pork - Import export - Import Frozen Pork', '80c7c93', 'Contact Form', 0, 0, '92.84.129.51', 'Mozilla/5.0 (Windows NT 10.0; Win64; x64) AppleWebKit/537.36 (KHTML, like Gecko) Chrome/120.0.0.0 Safari/537.36', 1, 0, 'new', 0, '{\"edit_post_id\":\"1410\"}', '2024-01-23 15:37:44', '2024-01-23 15:37:44', '2024-01-23 15:37:44', '2024-01-23 15:37:44'),
(32, 'submission', '67cdbf80-45f7-470a-88d7-98e30b957544', 515, 1410, 'https://smithfieldfreshmeats.com/contact-us/', 'Contact Frozen pork - Import export - Import Frozen Pork', '80c7c93', 'Contact Form', 0, 0, '92.84.129.51', 'Mozilla/5.0 (Windows NT 10.0; Win64; x64) AppleWebKit/537.36 (KHTML, like Gecko) Chrome/120.0.0.0 Safari/537.36', 1, 0, 'new', 0, '{\"edit_post_id\":\"1410\"}', '2024-01-23 15:38:06', '2024-01-23 15:38:06', '2024-01-23 15:38:06', '2024-01-23 15:38:06'),
(33, 'submission', '6c6f6c76-177c-4b9b-a3bb-4ac1e806e878', 531, 1410, 'https://smithfieldfreshmeats.com/contact-us/', 'Contact Frozen pork - Import export - Import Frozen Pork', '80c7c93', 'Contact Form', 0, 0, '92.84.129.51', 'Mozilla/5.0 (Windows NT 10.0; Win64; x64) AppleWebKit/537.36 (KHTML, like Gecko) Chrome/120.0.0.0 Safari/537.36', 1, 0, 'new', 0, '{\"edit_post_id\":\"1410\"}', '2024-01-23 15:39:00', '2024-01-23 15:39:00', '2024-01-23 15:39:00', '2024-01-23 15:39:00'),
(34, 'submission', '18dcfc13-4a7f-4de5-8f02-a400efc05c76', 547, 1410, 'https://smithfieldfreshmeats.com/contact-us/', 'Contact Frozen pork - Import export - Import Frozen Pork', '80c7c93', 'Contact Form', 0, 0, '86.33.72.60', 'Mozilla/5.0 (iPhone; CPU iPhone OS 17_2_1 like Mac OS X) AppleWebKit/605.1.15 (KHTML, like Gecko) Version/17.2 Mobile/15E148 Safari/604.1', 1, 1, 'new', 0, '{\"edit_post_id\":\"1410\"}', '2024-01-24 10:39:26', '2024-01-24 10:39:31', '2024-01-24 10:39:26', '2024-01-24 10:39:31'),
(35, 'submission', 'fea4b548-c58f-43da-9b75-0e66d28eae81', 563, 1864, 'https://smithfieldfreshmeats.com/product/wholesale-pig-large-intestine/', 'Pork Large Intestine for Sale | Wholesale Distributor', 'c31420f', 'Contact Form', 0, 0, '2600:1011:a011:2371:5430:7587:af7:1178', 'Mozilla/5.0 (iPhone; CPU iPhone OS 17_2 like Mac OS X) AppleWebKit/605.1.15 (KHTML, like Gecko) GSA/300.0.598994205 Mobile/15E148 Safari/604.1', 1, 0, 'new', 0, '{\"edit_post_id\":\"1864\"}', '2024-01-26 07:43:04', '2024-01-26 07:43:04', '2024-01-26 07:43:04', '2024-01-26 07:43:04'),
(36, 'submission', '278035ee-d57c-433f-b944-ab50b0b0dce5', 580, 1410, 'https://smithfieldfreshmeats.com/contact-us/', 'Contact Frozen pork - Import export - Import Frozen Pork', '80c7c93', 'Contact Form', 0, 0, '66.154.105.4', 'Mozilla/5.0 (Windows NT 10.0; Win64; x64) AppleWebKit/537.36 (KHTML, like Gecko) Chrome/120.0.0.0 Safari/537.36', 1, 0, 'new', 0, '{\"edit_post_id\":\"1410\"}', '2024-01-26 07:43:05', '2024-01-26 07:43:05', '2024-01-26 07:43:05', '2024-01-26 07:43:05'),
(37, 'submission', 'cfa18334-edc8-42b7-aa57-0333fa766e7e', 596, 1410, 'https://smithfieldfreshmeats.com/contact-us/', 'Contact Frozen pork - Import export - Import Frozen Pork', '80c7c93', 'Contact Form', 0, 0, '143.44.184.142', 'Mozilla/5.0 (Macintosh; Intel Mac OS X 10_15_7) AppleWebKit/537.36 (KHTML, like Gecko) Chrome/119.0.0.0 Safari/537.36', 1, 0, 'new', 0, '{\"edit_post_id\":\"1410\"}', '2024-01-26 08:45:43', '2024-01-26 08:45:43', '2024-01-26 08:45:43', '2024-01-26 08:45:43'),
(38, 'submission', '08aba4f1-f2fc-46dc-b58a-98b9f8e038a6', 612, 1410, 'https://smithfieldfreshmeats.com/contact-us/', 'Contact Frozen pork - Import export - Import Frozen Pork', '80c7c93', 'Contact Form', 0, 0, '143.44.184.142', 'Mozilla/5.0 (Macintosh; Intel Mac OS X 10_15_7) AppleWebKit/537.36 (KHTML, like Gecko) Chrome/119.0.0.0 Safari/537.36', 1, 0, 'new', 0, '{\"edit_post_id\":\"1410\"}', '2024-01-26 08:47:54', '2024-01-26 08:47:54', '2024-01-26 08:47:54', '2024-01-26 08:47:54'),
(39, 'submission', 'ce83b577-a288-487f-a367-3b65f6c4290b', 628, 1410, 'https://smithfieldfreshmeats.com/contact-us/', 'Contact Frozen pork - Import export - Import Frozen Pork', '80c7c93', 'Contact Form', 0, 0, '38.98.190.224', 'Mozilla/5.0 (Linux; Android 10; K) AppleWebKit/537.36 (KHTML, like Gecko) Chrome/120.0.0.0 Mobile Safari/537.36', 1, 1, 'new', 0, '{\"edit_post_id\":\"1410\"}', '2024-02-02 15:44:29', '2024-02-02 15:44:34', '2024-02-02 15:44:29', '2024-02-02 15:44:34'),
(40, 'submission', '67d5b15c-40da-4f7b-b4ac-bf87910f8b78', 644, 1410, 'https://smithfieldfreshmeats.com/contact-us/', 'Contact Frozen pork - Import export - Import Frozen Pork', '80c7c93', 'Contact Form', 0, 0, '223.239.104.38', 'Mozilla/5.0 (iPhone; CPU iPhone OS 16_7 like Mac OS X) AppleWebKit/605.1.15 (KHTML, like Gecko) CriOS/121.0.6167.138 Mobile/15E148 Safari/604.1', 1, 0, 'new', 0, '{\"edit_post_id\":\"1410\"}', '2024-02-10 14:34:48', '2024-02-10 14:34:48', '2024-02-10 14:34:48', '2024-02-10 14:34:48'),
(41, 'submission', '627df87c-f1d0-4b34-9932-2075536ed0bc', 660, 1410, 'https://smithfieldfreshmeats.com/contact-us/', 'Contact Frozen pork - Import export - Import Frozen Pork', '80c7c93', 'Contact Form', 0, 0, '223.239.104.38', 'Mozilla/5.0 (iPhone; CPU iPhone OS 16_7 like Mac OS X) AppleWebKit/605.1.15 (KHTML, like Gecko) CriOS/121.0.6167.138 Mobile/15E148 Safari/604.1', 1, 0, 'new', 0, '{\"edit_post_id\":\"1410\"}', '2024-02-10 14:35:51', '2024-02-10 14:35:51', '2024-02-10 14:35:51', '2024-02-10 14:35:51'),
(42, 'submission', '570e7e19-4d77-4cc4-8791-7101d8e2f11a', 676, 1410, 'https://smithfieldfreshmeats.com/contact-us/', 'Contact Frozen pork - Import export - Import Frozen Pork', '80c7c93', 'Contact Form', 0, 0, '223.239.104.38', 'Mozilla/5.0 (iPhone; CPU iPhone OS 16_7 like Mac OS X) AppleWebKit/605.1.15 (KHTML, like Gecko) CriOS/121.0.6167.138 Mobile/15E148 Safari/604.1', 1, 0, 'new', 0, '{\"edit_post_id\":\"1410\"}', '2024-02-10 14:36:38', '2024-02-10 14:36:38', '2024-02-10 14:36:38', '2024-02-10 14:36:38'),
(43, 'submission', 'c376e386-7af8-4173-a630-8f60ae59ebb7', 692, 1410, 'https://smithfieldfreshmeats.com/contact-us/', 'Contact Frozen pork - Import export - Import Frozen Pork', '80c7c93', 'Contact Form', 0, 0, '156.235.89.62', 'Mozilla/5.0 (Windows NT 10.0; Win64; x64) AppleWebKit/537.36 (KHTML, like Gecko) Chrome/114.0.0.0 Safari/537.36 Edg/114.0.1264.71', 1, 1, 'new', 0, '{\"edit_post_id\":\"1410\"}', '2024-02-15 03:24:30', '2024-02-15 03:24:35', '2024-02-15 03:24:30', '2024-02-15 03:24:35'),
(44, 'submission', 'b50d3b5d-37e5-42e8-baab-f710cda32a4e', 708, 1410, 'https://smithfieldfreshmeats.com/contact-us/', 'Contact Frozen pork - Import export - Import Frozen Pork', '80c7c93', 'Contact Form', 0, 0, '156.235.89.62', 'Mozilla/5.0 (Windows NT 10.0; Win64; x64) AppleWebKit/537.36 (KHTML, like Gecko) Chrome/114.0.0.0 Safari/537.36 Vivaldi/5.3.2679.68', 1, 1, 'new', 0, '{\"edit_post_id\":\"1410\"}', '2024-02-17 03:21:11', '2024-02-17 03:21:16', '2024-02-17 03:21:11', '2024-02-17 03:21:16'),
(45, 'submission', '5fc50bde-5abc-4b97-a085-9a6c4afe407f', 724, 1410, 'https://smithfieldfreshmeats.com/contact-us/', 'Contact Frozen pork - Import export - Import Frozen Pork', '80c7c93', 'Contact Form', 0, 0, '47.88.5.130', 'Mozilla/5.0 (Windows NT 10.0; Win64; x64) AppleWebKit/537.36 (KHTML, like Gecko) Chrome/121.0.0.0 Safari/537.36', 1, 0, 'new', 0, '{\"edit_post_id\":\"1410\"}', '2024-02-23 06:02:00', '2024-02-23 06:02:00', '2024-02-23 06:02:00', '2024-02-23 06:02:00'),
(46, 'submission', '9085a396-0c36-44e4-b2d7-1920b07db0b4', 740, 1410, 'https://smithfieldfreshmeats.com/contact-us/', 'Contact Frozen pork - Import export - Import Frozen Pork', '80c7c93', 'Contact Form', 0, 0, '91.237.179.146', 'Mozilla/5.0 (Windows NT 10.0; Win64; x64) AppleWebKit/537.36 (KHTML, like Gecko) Chrome/122.0.0.0 Safari/537.36 Edg/122.0.0.0', 1, 0, 'new', 0, '{\"edit_post_id\":\"1410\"}', '2024-02-28 11:14:16', '2024-02-28 11:14:16', '2024-02-28 11:14:16', '2024-02-28 11:14:16'),
(47, 'submission', 'cb3dd010-7677-44e0-8df9-f65bed39beac', 756, 1410, 'https://smithfieldfreshmeats.com/contact-us/', 'Contact Frozen pork - Import export - Import Frozen Pork', '80c7c93', 'Contact Form', 0, 0, '91.237.179.146', 'Mozilla/5.0 (Windows NT 10.0; Win64; x64) AppleWebKit/537.36 (KHTML, like Gecko) Chrome/122.0.0.0 Safari/537.36 Edg/122.0.0.0', 1, 0, 'new', 0, '{\"edit_post_id\":\"1410\"}', '2024-02-28 11:14:38', '2024-02-28 11:14:38', '2024-02-28 11:14:38', '2024-02-28 11:14:38'),
(48, 'submission', '8b33fc75-a797-4744-be2c-d5c6fe6ede18', 772, 1410, 'https://smithfieldfreshmeats.com/contact-us/', 'Contact Frozen pork - Import export - Import Frozen Pork', '80c7c93', 'Contact Form', 0, 0, '91.237.179.146', 'Mozilla/5.0 (Windows NT 10.0; Win64; x64) AppleWebKit/537.36 (KHTML, like Gecko) Chrome/122.0.0.0 Safari/537.36 Edg/122.0.0.0', 1, 0, 'new', 0, '{\"edit_post_id\":\"1410\"}', '2024-02-28 11:14:48', '2024-02-28 11:14:48', '2024-02-28 11:14:48', '2024-02-28 11:14:48'),
(49, 'submission', '1ca11ab7-94c7-4e6c-8285-8f2c87cf4bcf', 788, 1410, 'https://smithfieldfreshmeats.com/contact-us/', 'Contact Frozen pork - Import export - Import Frozen Pork', '80c7c93', 'Contact Form', 0, 0, '91.237.179.146', 'Mozilla/5.0 (Windows NT 10.0; Win64; x64) AppleWebKit/537.36 (KHTML, like Gecko) Chrome/122.0.0.0 Safari/537.36 Edg/122.0.0.0', 1, 0, 'new', 0, '{\"edit_post_id\":\"1410\"}', '2024-02-28 11:21:22', '2024-02-28 11:21:22', '2024-02-28 11:21:22', '2024-02-28 11:21:22'),
(50, 'submission', '26fdaef4-19e4-463e-ac5f-bf79ed768f87', 804, 1410, 'https://smithfieldfreshmeats.com/contact-us/', 'Contact Frozen pork - Import export - Import Frozen Pork', '80c7c93', 'Contact Form', 0, 0, '91.237.179.146', 'Mozilla/5.0 (Windows NT 10.0; Win64; x64) AppleWebKit/537.36 (KHTML, like Gecko) Chrome/122.0.0.0 Safari/537.36 Edg/122.0.0.0', 1, 0, 'new', 0, '{\"edit_post_id\":\"1410\"}', '2024-02-28 11:23:23', '2024-02-28 11:23:23', '2024-02-28 11:23:23', '2024-02-28 11:23:23'),
(51, 'submission', '0cbb6f62-5667-4fcf-bc2b-38e8a9b16b54', 820, 1410, 'https://smithfieldfreshmeats.com/contact-us/', 'Contact Frozen pork - Import export - Import Frozen Pork', '80c7c93', 'Contact Form', 0, 0, '93.152.120.252', 'Mozilla/5.0 (Linux; Android 10; K) AppleWebKit/537.36 (KHTML, like Gecko) Chrome/122.0.0.0 Mobile Safari/537.36', 1, 0, 'new', 0, '{\"edit_post_id\":\"1410\"}', '2024-03-04 21:13:39', '2024-03-04 21:13:39', '2024-03-04 21:13:39', '2024-03-04 21:13:39'),
(52, 'submission', 'b51ed376-5e60-4c13-8b4d-bae4706acc32', 836, 1410, 'https://smithfieldfreshmeats.com/contact-us/', 'Contact Frozen pork - Import export - Import Frozen Pork', '80c7c93', 'Contact Form', 0, 0, '93.152.120.252', 'Mozilla/5.0 (Linux; Android 10; K) AppleWebKit/537.36 (KHTML, like Gecko) Chrome/122.0.0.0 Mobile Safari/537.36', 1, 0, 'new', 0, '{\"edit_post_id\":\"1410\"}', '2024-03-04 21:14:07', '2024-03-04 21:14:07', '2024-03-04 21:14:07', '2024-03-04 21:14:07'),
(53, 'submission', '115fe706-a545-47a7-a367-dac0b1baa5ab', 852, 1864, 'https://smithfieldfreshmeats.com/product/wholesale-frozen-pork-hard-fat-%E7%A1%AC%E8%84%82%E8%82%AA/', 'Wholesale Frozen Pork Hard fat | Buy Now!!', 'c31420f', 'Contact Form', 0, 0, '93.152.120.252', 'Mozilla/5.0 (Linux; Android 10; K) AppleWebKit/537.36 (KHTML, like Gecko) Chrome/122.0.6261.64 Mobile Safari/537.36', 1, 0, 'new', 0, '{\"edit_post_id\":\"1864\"}', '2024-03-04 22:40:08', '2024-03-04 22:40:08', '2024-03-04 22:40:08', '2024-03-04 22:40:08'),
(54, 'submission', '6f55c666-ccf8-466d-b3ee-737ff799f6ee', 869, 1759, 'https://smithfieldfreshmeats.com/product-category/shoulder-and-neck/', 'Pork Shoulder for Sale - Pork Neck | Smithfield Fresh Meats', 'e2d0c40', 'Contact Form', 0, 0, '86.33.73.251', 'Mozilla/5.0 (Linux; Android 10; K) AppleWebKit/537.36 (KHTML, like Gecko) Chrome/121.0.0.0 Mobile Safari/537.36', 1, 0, 'new', 0, '{\"edit_post_id\":\"1759\"}', '2024-03-05 11:30:04', '2024-03-05 11:30:04', '2024-03-05 11:30:04', '2024-03-05 11:30:04'),
(55, 'submission', '55ca7b74-1179-4183-9572-82f9f7274834', 886, 1759, 'https://smithfieldfreshmeats.com/product-category/shoulder-and-neck/', 'Pork Shoulder for Sale - Pork Neck | Smithfield Fresh Meats', 'e2d0c40', 'Contact Form', 0, 0, '86.33.73.251', 'Mozilla/5.0 (Linux; Android 10; K) AppleWebKit/537.36 (KHTML, like Gecko) Chrome/121.0.0.0 Mobile Safari/537.36', 1, 0, 'new', 0, '{\"edit_post_id\":\"1759\"}', '2024-03-05 11:30:20', '2024-03-05 11:30:20', '2024-03-05 11:30:20', '2024-03-05 11:30:20'),
(56, 'submission', '034f3a4b-e1f4-41e8-b7c7-2273e8d515d8', 903, 1410, 'https://smithfieldfreshmeats.com/contact-us/', 'Contact Frozen pork - Import export - Import Frozen Pork', '80c7c93', 'Contact Form', 0, 0, '176.76.227.200', 'Mozilla/5.0 (Linux; Android 10; K) AppleWebKit/537.36 (KHTML, like Gecko) Chrome/122.0.0.0 Mobile Safari/537.36', 1, 0, 'new', 0, '{\"edit_post_id\":\"1410\"}', '2024-03-12 14:58:01', '2024-03-12 14:58:01', '2024-03-12 14:58:01', '2024-03-12 14:58:01'),
(57, 'submission', '376bc838-bb66-4dfd-92c6-2a193d41e33b', 919, 1864, 'https://smithfieldfreshmeats.com/product/wholesale-frozen-pork-trim-shoulder-%E7%81%AB%E8%85%BF%E8%BE%85%E6%96%99/', 'Wholesale Trim Pork Shoulder | Buy Pork Ham trimmings', 'c31420f', 'Contact Form', 0, 0, '82.132.215.47', 'Mozilla/5.0 (Linux; Android 10; K) AppleWebKit/537.36 (KHTML, like Gecko) Chrome/122.0.0.0 Mobile Safari/537.36', 1, 1, 'new', 0, '{\"edit_post_id\":\"1864\"}', '2024-03-12 15:20:27', '2024-03-12 15:20:31', '2024-03-12 15:20:27', '2024-03-12 15:20:31'),
(58, 'submission', 'c5948ede-4636-4809-a8f5-b0d7f77f500d', 936, 1410, 'https://smithfieldfreshmeats.com/contact-us/', 'Contact Frozen pork - Import export - Import Frozen Pork', '80c7c93', 'Contact Form', 0, 0, '92.253.212.162', 'Mozilla/5.0 (Windows NT 10.0; Win64; x64) AppleWebKit/537.36 (KHTML, like Gecko) Chrome/122.0.0.0 Safari/537.36', 1, 1, 'new', 0, '{\"edit_post_id\":\"1410\"}', '2024-03-12 16:12:48', '2024-03-12 16:12:53', '2024-03-12 16:12:48', '2024-03-12 16:12:53'),
(59, 'submission', 'e9b17a03-1a1c-48c4-942e-7105753d6772', 952, 1410, '', 'Contact Frozen pork - Import export - Import Frozen Pork', '80c7c93', 'Contact Form', 0, 0, '93.100.144.207', 'Mozilla/5.0 (Windows NT 10.0; Win64; x64) AppleWebKit/537.36 (KHTML, like Gecko) Chrome/120.0.6099.71 Safari/537.36', 1, 0, 'new', 0, '{\"edit_post_id\":\"1410\"}', '2024-03-14 01:09:17', '2024-03-14 01:09:17', '2024-03-14 01:09:17', '2024-03-14 01:09:17'),
(60, 'submission', '5517d1e9-9e3a-44dd-9263-fa6ec1e9e9ec', 968, 1410, 'https://smithfieldfreshmeats.com/contact-us/', 'Contact Frozen pork - Import export - Import Frozen Pork', '80c7c93', 'Contact Form', 0, 0, '124.120.30.152', 'Mozilla/5.0 (Windows NT 10.0; Win64; x64) AppleWebKit/537.36 (KHTML, like Gecko) Chrome/122.0.0.0 Safari/537.36', 1, 0, 'new', 0, '{\"edit_post_id\":\"1410\"}', '2024-03-14 06:03:55', '2024-03-14 06:03:55', '2024-03-14 06:03:55', '2024-03-14 06:03:55'),
(61, 'submission', 'f282fae8-ec63-4f84-b99d-b5abb2fb9269', 984, 1410, 'https://smithfieldfreshmeats.com/contact-us/', 'Contact Frozen pork - Import export - Import Frozen Pork', '80c7c93', 'Contact Form', 0, 0, '2001:f40:990:7c1:119b:7f40:a550:df70', 'Mozilla/5.0 (Windows NT 10.0; Win64; x64) AppleWebKit/537.36 (KHTML, like Gecko) Chrome/122.0.0.0 Safari/537.36', 1, 0, 'new', 0, '{\"edit_post_id\":\"1410\"}', '2024-03-14 08:26:28', '2024-03-14 08:26:28', '2024-03-14 08:26:28', '2024-03-14 08:26:28'),
(62, 'submission', 'd87bd559-15be-4abf-a649-75220c606550', 1000, 1410, '', 'Contact Frozen pork - Import export - Import Frozen Pork', '80c7c93', 'Contact Form', 0, 0, '178.18.10.90', 'Mozilla/5.0 (Windows NT 10.0; Win64; x64) AppleWebKit/537.36 (KHTML, like Gecko) Chrome/120.0.0.0 Safari/537.36', 1, 1, 'new', 0, '{\"edit_post_id\":\"1410\"}', '2024-03-15 05:25:51', '2024-03-15 05:25:56', '2024-03-15 05:25:51', '2024-03-15 05:25:56'),
(63, 'submission', 'a8f5d694-bbd0-4d82-93b5-4c0032160efd', 1016, 1410, 'https://smithfieldfreshmeats.com/contact-us/', 'Contact Frozen pork - Import export - Import Frozen Pork', '80c7c93', 'Contact Form', 0, 0, '193.176.215.194', 'Mozilla/5.0 (Windows NT 10.0; Win64; x64) AppleWebKit/537.36 (KHTML, like Gecko) Chrome/122.0.0.0 Safari/537.36', 1, 0, 'new', 0, '{\"edit_post_id\":\"1410\"}', '2024-03-15 06:36:03', '2024-03-15 06:36:03', '2024-03-15 06:36:03', '2024-03-15 06:36:03'),
(64, 'submission', 'bdd3c0d7-4104-4a9c-8509-b4313ce92f13', 1032, 1410, 'https://smithfieldfreshmeats.com/contact-us/', 'Contact Frozen pork - Import export - Import Frozen Pork', '80c7c93', 'Contact Form', 0, 0, '193.176.215.194', 'Mozilla/5.0 (Windows NT 10.0; Win64; x64) AppleWebKit/537.36 (KHTML, like Gecko) Chrome/122.0.0.0 Safari/537.36', 1, 0, 'new', 0, '{\"edit_post_id\":\"1410\"}', '2024-03-15 06:36:31', '2024-03-15 06:36:31', '2024-03-15 06:36:31', '2024-03-15 06:36:31'),
(65, 'submission', 'ab501209-9b3c-41f7-ac35-3e4bed8e486a', 1048, 1410, 'https://smithfieldfreshmeats.com/contact-us/', 'Contact Frozen pork - Import export - Import Frozen Pork', '80c7c93', 'Contact Form', 0, 0, '154.227.130.78', 'Mozilla/5.0 (Windows NT 10.0; Win64; x64) AppleWebKit/537.36 (KHTML, like Gecko) Chrome/122.0.0.0 Safari/537.36', 1, 1, 'new', 0, '{\"edit_post_id\":\"1410\"}', '2024-03-15 09:27:48', '2024-03-15 09:27:53', '2024-03-15 09:27:48', '2024-03-15 09:27:53'),
(66, 'submission', 'f1454520-6038-49e6-81ee-98c7bf32abaf', 1064, 1410, 'https://smithfieldfreshmeats.com/contact-us/', 'Contact Frozen pork - Import export - Import Frozen Pork', '80c7c93', 'Contact Form', 0, 0, '154.227.130.78', 'Mozilla/5.0 (Windows NT 10.0; Win64; x64) AppleWebKit/537.36 (KHTML, like Gecko) Chrome/122.0.0.0 Safari/537.36', 1, 1, 'new', 0, '{\"edit_post_id\":\"1410\"}', '2024-03-15 09:29:21', '2024-03-15 09:29:26', '2024-03-15 09:29:21', '2024-03-15 09:29:26'),
(67, 'submission', '0cd4d4c0-fbfa-41bf-8010-412e59c7100a', 1080, 1864, 'https://smithfieldfreshmeats.com/product/wholesale-frozen-pork-brains/', 'Wholesale Frozen Pork Brains | Buy Now!!', 'c31420f', 'Contact Form', 0, 0, '2600:1700:65a0:45d0:1c0e:ef6c:aca9:892a', 'Mozilla/5.0 (iPhone; CPU iPhone OS 17_3 like Mac OS X) AppleWebKit/605.1.15 (KHTML, like Gecko) CriOS/120.0.6099.119 Mobile/15E148 Safari/604.1', 1, 0, 'new', 0, '{\"edit_post_id\":\"1864\"}', '2024-03-20 15:58:55', '2024-03-20 15:58:55', '2024-03-20 15:58:55', '2024-03-20 15:58:55'),
(68, 'submission', '0d8ebc97-4a55-4765-bdc6-70e9a43bf410', 1097, 1410, '', 'Contact Frozen pork - Import export - Import Frozen Pork', '80c7c93', 'Contact Form', 0, 0, '151.106.12.250', 'Mozilla/5.0 (Windows NT 10.0; Win64; x64) AppleWebKit/537.36 (KHTML, like Gecko) Chrome/122.0.0.0 Safari/537.36', 1, 0, 'new', 0, '{\"edit_post_id\":\"1410\"}', '2024-03-21 02:31:45', '2024-03-21 02:31:45', '2024-03-21 02:31:45', '2024-03-21 02:31:45'),
(69, 'submission', '67589c3e-b0a5-47f9-a86b-2243275abbf4', 1113, 1864, 'https://smithfieldfreshmeats.com/product/wholesale-frozen-pigs-bladder/', 'Wholesale Frozen Pigs Bladder | Buy Now!! Smithfield Fresh Meats', 'c31420f', 'Contact Form', 0, 0, '50.194.7.81', 'Mozilla/5.0 (Windows NT 10.0; Win64; x64) AppleWebKit/537.36 (KHTML, like Gecko) Chrome/122.0.0.0 Safari/537.36', 1, 1, 'new', 0, '{\"edit_post_id\":\"1864\"}', '2024-03-22 19:19:16', '2024-03-22 19:19:21', '2024-03-22 19:19:16', '2024-03-22 19:19:21'),
(70, 'submission', '337bdcd2-3392-4ce7-aead-9f3250c0eaa2', 1130, 1410, '', 'Contact Frozen pork - Import export - Import Frozen Pork', '80c7c93', 'Contact Form', 0, 0, '37.19.217.237', 'Mozilla/5.0 (Windows NT 6.1; Win64; x64) AppleWebKit/537.36 (KHTML, like Gecko) Chrome/109.0.5414.120 Safari/537.36', 1, 0, 'new', 0, '{\"edit_post_id\":\"1410\"}', '2024-03-28 23:20:49', '2024-03-28 23:20:49', '2024-03-28 23:20:49', '2024-03-28 23:20:49'),
(71, 'submission', 'b1fbc9e9-35be-4ae9-9423-a14d705a3261', 1146, 1410, 'https://smithfieldfreshmeats.com/contact-us/', 'Contact Frozen pork - Import export - Import Frozen Pork', '80c7c93', 'Contact Form', 0, 0, '2001:4454:4b3:4000:6872:ec28:c334:750b', 'Mozilla/5.0 (X11; Linux x86_64) AppleWebKit/537.36 (KHTML, like Gecko) SamsungBrowser/24.0 Chrome/117.0.0.0 Safari/537.36', 1, 1, 'new', 0, '{\"edit_post_id\":\"1410\"}', '2024-03-29 00:22:57', '2024-03-29 00:23:02', '2024-03-29 00:22:57', '2024-03-29 00:23:02'),
(72, 'submission', '723dd97c-0d99-404b-8832-234a020c95b5', 1162, 1410, 'https://smithfieldfreshmeats.com/contact-us/', 'Contact Frozen pork - Import export - Import Frozen Pork', '80c7c93', 'Contact Form', 0, 0, '122.11.242.173', 'Mozilla/5.0 (Windows NT 10.0; Win64; x64) AppleWebKit/537.36 (KHTML, like Gecko) Chrome/123.0.0.0 Safari/537.36', 1, 0, 'new', 0, '{\"edit_post_id\":\"1410\"}', '2024-04-02 03:52:50', '2024-04-02 03:52:50', '2024-04-02 03:52:50', '2024-04-02 03:52:50'),
(73, 'submission', '29415d00-5c33-43ff-96c6-de2ee6d8bc99', 1178, 1410, 'https://smithfieldfreshmeats.com/contact-us/', 'Contact Frozen pork - Import export - Import Frozen Pork', '80c7c93', 'Contact Form', 0, 0, '122.11.242.173', 'Mozilla/5.0 (Windows NT 10.0; Win64; x64) AppleWebKit/537.36 (KHTML, like Gecko) Chrome/123.0.0.0 Safari/537.36', 1, 0, 'new', 0, '{\"edit_post_id\":\"1410\"}', '2024-04-02 03:53:14', '2024-04-02 03:53:14', '2024-04-02 03:53:14', '2024-04-02 03:53:14'),
(74, 'submission', '6369c272-c0f7-44a6-80ff-1d502dda6483', 1194, 1410, 'https://smithfieldfreshmeats.com/contact-us/', 'Contact Frozen pork - Import export - Import Frozen Pork', '80c7c93', 'Contact Form', 0, 0, '122.11.242.173', 'Mozilla/5.0 (Windows NT 10.0; Win64; x64) AppleWebKit/537.36 (KHTML, like Gecko) Chrome/123.0.0.0 Safari/537.36', 1, 0, 'new', 0, '{\"edit_post_id\":\"1410\"}', '2024-04-02 03:53:44', '2024-04-02 03:53:44', '2024-04-02 03:53:44', '2024-04-02 03:53:44'),
(75, 'submission', '1987c11e-179c-4c98-b5db-83f25a106cfa', 1210, 1864, 'https://smithfieldfreshmeats.com/product/wholesale-frozen-pork-30-70-trimmings/', 'Buy Pork 30/70 Trimmings | Wholesale Distributor', 'c31420f', 'Contact Form', 0, 0, '2600:387:15:1615::c', 'Mozilla/5.0 (iPhone; CPU iPhone OS 17_2_1 like Mac OS X) AppleWebKit/605.1.15 (KHTML, like Gecko) Version/17.2 Mobile/15E148 Safari/604.1', 1, 0, 'new', 0, '{\"edit_post_id\":\"1864\"}', '2024-04-02 15:22:35', '2024-04-02 15:22:35', '2024-04-02 15:22:35', '2024-04-02 15:22:35'),
(76, 'submission', 'f66e691d-0d62-47f2-8779-35ebe8200061', 1227, 1410, 'https://smithfieldfreshmeats.com/contact-us/', 'Contact Frozen pork - Import export - Import Frozen Pork', '80c7c93', 'Contact Form', 0, 0, '2a02:c7c:529c:fa00:a891:256e:fb4:aa85', 'Mozilla/5.0 (Macintosh; Intel Mac OS X 10_15_7) AppleWebKit/605.1.15 (KHTML, like Gecko) Version/17.3.1 Safari/605.1.15', 1, 0, 'new', 0, '{\"edit_post_id\":\"1410\"}', '2024-04-03 08:33:02', '2024-04-03 08:33:02', '2024-04-03 08:33:02', '2024-04-03 08:33:02'),
(77, 'submission', 'e4dd8a03-25e3-4655-8a2f-50941d11e02f', 1243, 1410, 'https://smithfieldfreshmeats.com/contact-us/', 'Contact Frozen pork - Import export - Import Frozen Pork', '80c7c93', 'Contact Form', 0, 0, '2405:201:1a:a84d:3d23:8b10:5bad:c1f5', 'Mozilla/5.0 (Windows NT 10.0; Win64; x64) AppleWebKit/537.36 (KHTML, like Gecko) Chrome/123.0.0.0 Safari/537.36', 1, 0, 'new', 0, '{\"edit_post_id\":\"1410\"}', '2024-04-04 09:46:44', '2024-04-04 09:46:44', '2024-04-04 09:46:44', '2024-04-04 09:46:44'),
(78, 'submission', 'a4991f2d-e6da-4a7d-8f8e-ffb01880a50e', 1259, 1410, 'https://smithfieldfreshmeats.com/contact-us/', 'Contact Frozen pork - Import export - Import Frozen Pork', '80c7c93', 'Contact Form', 0, 0, '2405:201:1a:a84d:3d23:8b10:5bad:c1f5', 'Mozilla/5.0 (Windows NT 10.0; Win64; x64) AppleWebKit/537.36 (KHTML, like Gecko) Chrome/123.0.0.0 Safari/537.36', 1, 0, 'new', 0, '{\"edit_post_id\":\"1410\"}', '2024-04-04 09:48:03', '2024-04-04 09:48:03', '2024-04-04 09:48:03', '2024-04-04 09:48:03'),
(79, 'submission', 'aaee2941-b817-4383-8cba-bbff8d4d895a', 1275, 1864, 'https://smithfieldfreshmeats.com/product/wholesale-frozen-pork-shoulder-2d/', 'Wholesale Frozen Pork Shoulder 2D | Pork Shoulder Near me', 'c31420f', 'Contact Form', 0, 0, '79.120.197.118', 'Mozilla/5.0 (Windows NT 10.0; Win64; x64) AppleWebKit/537.36 (KHTML, like Gecko) Chrome/123.0.0.0 Safari/537.36', 1, 1, 'new', 0, '{\"edit_post_id\":\"1864\"}', '2024-04-08 06:24:47', '2024-04-08 06:24:52', '2024-04-08 06:24:47', '2024-04-08 06:24:52'),
(80, 'submission', '94077df2-79ec-45a3-b955-768f3987cb7f', 1292, 1410, '', 'Contact Frozen pork - Import export - Import Frozen Pork', '80c7c93', 'Contact Form', 0, 0, '84.17.49.95', 'Mozilla/5.0 (Windows NT 10.0; Win64; x64) AppleWebKit/537.36 (KHTML, like Gecko) Chrome/120.0.0.0 Iron Safari/537.36', 1, 0, 'new', 0, '{\"edit_post_id\":\"1410\"}', '2024-04-08 19:49:28', '2024-04-08 19:49:28', '2024-04-08 19:49:28', '2024-04-08 19:49:28'),
(81, 'submission', 'ef866e74-6df6-4ee2-b584-70737a171cba', 1308, 1864, 'https://smithfieldfreshmeats.com/product/wholesale-frozen-pork-spare-ribs-on-sale/', 'Frozen Pork Spare Ribs On Sale | Wholesale Distributor', 'c31420f', 'Contact Form', 0, 0, '168.167.26.215', 'Mozilla/5.0 (Windows NT 10.0; Win64; x64) AppleWebKit/537.36 (KHTML, like Gecko) Chrome/123.0.0.0 Safari/537.36', 1, 0, 'new', 0, '{\"edit_post_id\":\"1864\"}', '2024-04-11 13:43:34', '2024-04-11 13:43:34', '2024-04-11 13:43:34', '2024-04-11 13:43:34'),
(82, 'submission', '2746c132-fec0-4f8e-8cc7-d70d493437b3', 1325, 1864, 'https://smithfieldfreshmeats.com/product/wholesale-frozen-pork-spare-ribs-on-sale/', 'Frozen Pork Spare Ribs On Sale | Wholesale Distributor', 'c31420f', 'Contact Form', 0, 0, '168.167.26.215', 'Mozilla/5.0 (Windows NT 10.0; Win64; x64) AppleWebKit/537.36 (KHTML, like Gecko) Chrome/123.0.0.0 Safari/537.36', 1, 0, 'new', 0, '{\"edit_post_id\":\"1864\"}', '2024-04-11 13:43:54', '2024-04-11 13:43:54', '2024-04-11 13:43:54', '2024-04-11 13:43:54'),
(83, 'submission', 'de3e45ef-9633-4f1e-b144-6e67611cdbd4', 1342, 1410, '', 'Contact Frozen pork - Import export - Import Frozen Pork', '80c7c93', 'Contact Form', 0, 0, '185.190.42.200', 'Mozilla/5.0 (Windows NT 10.0; Win64; x64) AppleWebKit/537.36 (KHTML, like Gecko) Chrome/114.0.0.0 Safari/537.36', 1, 0, 'new', 0, '{\"edit_post_id\":\"1410\"}', '2024-04-15 02:32:50', '2024-04-15 02:32:50', '2024-04-15 02:32:50', '2024-04-15 02:32:50'),
(84, 'submission', 'b262f028-6c26-467d-ab5b-0929fffbd385', 1358, 1410, '', 'Contact Frozen pork - Import export - Import Frozen Pork', '80c7c93', 'Contact Form', 0, 0, '87.249.132.12', 'Mozilla/5.0 (Windows NT 10.0) AppleWebKit/537.36 (KHTML, like Gecko) Chrome/110.0.0.0 Safari/537.36', 1, 0, 'new', 0, '{\"edit_post_id\":\"1410\"}', '2024-04-19 07:08:32', '2024-04-19 07:08:32', '2024-04-19 07:08:32', '2024-04-19 07:08:32'),
(85, 'submission', '42676c71-44fd-4082-8ecf-a46932759d1e', 1374, 1410, 'https://smithfieldfreshmeats.com/contact-us/', 'Contact Frozen pork - Import export - Import Frozen Pork', '80c7c93', 'Contact Form', 0, 0, '2001:d08:2843:49ff:17c7:244a:3bf0:5805', 'Mozilla/5.0 (Linux; Android 10; K) AppleWebKit/537.36 (KHTML, like Gecko) Chrome/123.0.0.0 Mobile Safari/537.36', 1, 0, 'new', 0, '{\"edit_post_id\":\"1410\"}', '2024-04-22 02:25:42', '2024-04-22 02:25:42', '2024-04-22 02:25:42', '2024-04-22 02:25:42'),
(86, 'submission', 'cf07f42e-29a5-4545-8d44-1dc4b6a90f4d', 1390, 1410, 'https://smithfieldfreshmeats.com/contact-us/', 'Contact Frozen pork - Import export - Import Frozen Pork', '80c7c93', 'Contact Form', 0, 0, '2001:d08:2843:49ff:17c7:244a:3bf0:5805', 'Mozilla/5.0 (Linux; Android 10; K) AppleWebKit/537.36 (KHTML, like Gecko) Chrome/123.0.0.0 Mobile Safari/537.36', 1, 0, 'new', 0, '{\"edit_post_id\":\"1410\"}', '2024-04-22 02:25:57', '2024-04-22 02:25:57', '2024-04-22 02:25:57', '2024-04-22 02:25:57'),
(87, 'submission', '6f217223-2cd6-48ec-b6c8-9ebc6f02f5b8', 1406, 1410, 'https://smithfieldfreshmeats.com/contact-us/', 'Contact Frozen pork - Import export - Import Frozen Pork', '80c7c93', 'Contact Form', 0, 0, '2001:d08:2843:49ff:17c7:244a:3bf0:5805', 'Mozilla/5.0 (Linux; Android 10; K) AppleWebKit/537.36 (KHTML, like Gecko) Chrome/123.0.0.0 Mobile Safari/537.36', 1, 0, 'new', 0, '{\"edit_post_id\":\"1410\"}', '2024-04-22 02:26:14', '2024-04-22 02:26:14', '2024-04-22 02:26:14', '2024-04-22 02:26:14'),
(88, 'submission', '0fd51cd6-cb7e-4d69-bdd5-821b40bd0cb2', 1422, 1410, 'https://smithfieldfreshmeats.com/contact-us/', 'Contact Frozen pork - Import export - Import Frozen Pork', '80c7c93', 'Contact Form', 0, 0, '2001:d08:2843:49ff:17c7:244a:3bf0:5805', 'Mozilla/5.0 (Linux; Android 10; K) AppleWebKit/537.36 (KHTML, like Gecko) Chrome/123.0.0.0 Mobile Safari/537.36', 1, 0, 'new', 0, '{\"edit_post_id\":\"1410\"}', '2024-04-22 02:26:24', '2024-04-22 02:26:24', '2024-04-22 02:26:24', '2024-04-22 02:26:24'),
(89, 'submission', '928ca888-2c29-4187-9b96-0ac82b8fe691', 1438, 1410, 'https://smithfieldfreshmeats.com/contact-us/', 'Contact Frozen pork - Import export - Import Frozen Pork', '80c7c93', 'Contact Form', 0, 0, '2001:d08:2843:49ff:17c7:244a:3bf0:5805', 'Mozilla/5.0 (Linux; Android 10; K) AppleWebKit/537.36 (KHTML, like Gecko) Chrome/123.0.0.0 Mobile Safari/537.36', 1, 0, 'new', 0, '{\"edit_post_id\":\"1410\"}', '2024-04-22 02:26:43', '2024-04-22 02:26:43', '2024-04-22 02:26:43', '2024-04-22 02:26:43'),
(90, 'submission', 'e9b53493-aef2-496c-bd5b-bdc2ecb6383c', 1454, 1410, '', 'Contact Frozen pork - Import export - Import Frozen Pork', '80c7c93', 'Contact Form', 0, 0, '84.247.115.72', 'Mozilla/5.0 (Windows NT 6.1; Win64; x64) AppleWebKit/537.36 (KHTML, like Gecko) Chrome/109.0.5414.120 Safari/537.36', 1, 0, 'new', 0, '{\"edit_post_id\":\"1410\"}', '2024-04-22 16:30:23', '2024-04-22 16:30:23', '2024-04-22 16:30:23', '2024-04-22 16:30:23'),
(91, 'submission', 'bb75cd8b-873b-48c8-ae41-ba9a691f126c', 1470, 1410, '', 'Contact Frozen pork - Import export - Import Frozen Pork', '80c7c93', 'Contact Form', 0, 0, '37.19.223.14', 'Mozilla/5.0 (Windows NT 10.0; Win64; x64) AppleWebKit/537.36 (KHTML, like Gecko) Chrome/120.0.0.0 Iron Safari/537.36', 1, 0, 'new', 0, '{\"edit_post_id\":\"1410\"}', '2024-04-23 10:30:15', '2024-04-23 10:30:15', '2024-04-23 10:30:15', '2024-04-23 10:30:15'),
(92, 'submission', '2381c880-71fb-462f-a89c-648e86e22241', 1486, 1410, 'https://smithfieldfreshmeats.com/contact-us/', 'Contact Frozen pork - Import export - Import Frozen Pork', '80c7c93', 'Contact Form', 0, 0, '113.210.106.157', 'Mozilla/5.0 (Linux; Android 10; K) AppleWebKit/537.36 (KHTML, like Gecko) Chrome/123.0.0.0 Mobile Safari/537.36', 1, 0, 'new', 0, '{\"edit_post_id\":\"1410\"}', '2024-04-26 01:05:51', '2024-04-26 01:05:51', '2024-04-26 01:05:51', '2024-04-26 01:05:51'),
(93, 'submission', 'aa5a145d-8c71-455a-8a32-be38dd1f6054', 1502, 1410, 'https://smithfieldfreshmeats.com/contact-us/', 'Contact Frozen pork - Import export - Import Frozen Pork', '80c7c93', 'Contact Form', 0, 0, '113.210.106.157', 'Mozilla/5.0 (Linux; Android 10; K) AppleWebKit/537.36 (KHTML, like Gecko) Chrome/123.0.0.0 Mobile Safari/537.36', 1, 0, 'new', 0, '{\"edit_post_id\":\"1410\"}', '2024-04-26 01:07:41', '2024-04-26 01:07:41', '2024-04-26 01:07:41', '2024-04-26 01:07:41'),
(94, 'submission', '39063507-dd84-49b0-9fbd-5963e81ae56d', 1518, 1864, 'https://smithfieldfreshmeats.com/product/wholesale-frozen-pork-back-fat-with-skin/', 'Wholesale Frozen Pork Back Fat With Skin | Buy Now!!', 'c31420f', 'Contact Form', 0, 0, '37.120.219.110', 'Mozilla/5.0 (Linux; Android 10; K) AppleWebKit/537.36 (KHTML, like Gecko) Chrome/123.0.0.0 Mobile Safari/537.36', 1, 0, 'new', 0, '{\"edit_post_id\":\"1864\"}', '2024-04-26 21:08:02', '2024-04-26 21:08:02', '2024-04-26 21:08:02', '2024-04-26 21:08:02'),
(95, 'submission', 'a67f4fc0-bdfc-4b63-8674-1b69ca202706', 1535, 1864, 'https://smithfieldfreshmeats.com/product/pork-ruffle-fat-for-sale/', 'Pork Ruffle Fat For Sale | 出售猪肉荷叶边脂肪 | Smithfield S.A', 'c31420f', 'Contact Form', 0, 0, '75.97.216.152', 'Mozilla/5.0 (iPhone; CPU iPhone OS 17_4_1 like Mac OS X) AppleWebKit/605.1.15 (KHTML, like Gecko) Version/17.4.1 Mobile/15E148 Safari/604.1', 1, 1, 'new', 0, '{\"edit_post_id\":\"1864\"}', '2024-05-02 12:40:05', '2024-05-02 12:40:10', '2024-05-02 12:40:05', '2024-05-02 12:40:10'),
(96, 'submission', '6ccf173d-9b41-4f3a-84b6-b9da357792ec', 1552, 1410, '', 'Contact Frozen pork - Import export - Import Frozen Pork', '80c7c93', 'Contact Form', 0, 0, '37.19.223.100', 'Mozilla/5.0 (Windows NT 10.0; Win64; x64) AppleWebKit/537.36 (KHTML, like Gecko) Chrome/120.0.6099.71 Safari/537.36', 1, 0, 'new', 0, '{\"edit_post_id\":\"1410\"}', '2024-05-03 01:17:36', '2024-05-03 01:17:36', '2024-05-03 01:17:36', '2024-05-03 01:17:36'),
(97, 'submission', '8d917ed9-e0ae-4e75-9a73-074cd5bc31ed', 1568, 1410, 'https://smithfieldfreshmeats.com/contact-us/', 'Contact Frozen pork - Import export - Import Frozen Pork', '80c7c93', 'Contact Form', 0, 0, '2401:4900:8822:b8fa:3423:b317:23c9:5add', 'Mozilla/5.0 (Windows NT 10.0; Win64; x64) AppleWebKit/537.36 (KHTML, like Gecko) Chrome/124.0.0.0 Safari/537.36', 1, 1, 'new', 0, '{\"edit_post_id\":\"1410\"}', '2024-05-03 07:43:17', '2024-05-03 07:43:22', '2024-05-03 07:43:17', '2024-05-03 07:43:22'),
(98, 'submission', '8b46c34e-8aed-41ba-bee3-5729b1b1610f', 1584, 1864, 'https://smithfieldfreshmeats.com/product/pork-ruffle-fat-for-sale/', 'Pork Ruffle Fat For Sale | 出售猪肉荷叶边脂肪 | Smithfield S.A', 'c31420f', 'Contact Form', 0, 0, '2603:6000:c3f0:bd0:25be:e9cc:3bf3:1c19', 'Mozilla/5.0 (iPhone; CPU iPhone OS 17_4_1 like Mac OS X) AppleWebKit/605.1.15 (KHTML, like Gecko) Version/17.4.1 Mobile/15E148 Safari/604.1', 1, 0, 'new', 0, '{\"edit_post_id\":\"1864\"}', '2024-05-05 18:32:50', '2024-05-05 18:32:50', '2024-05-05 18:32:50', '2024-05-05 18:32:50'),
(99, 'submission', '2916c69a-b82b-4462-a1ac-d3a036be6c2b', 1601, 1410, 'https://smithfieldfreshmeats.com/contact-us/', 'Contact Frozen pork - Import export - Import Frozen Pork', '80c7c93', 'Contact Form', 0, 0, '222.127.139.51', 'Mozilla/5.0 (Windows NT 10.0; Win64; x64; rv:125.0) Gecko/20100101 Firefox/125.0', 1, 1, 'new', 0, '{\"edit_post_id\":\"1410\"}', '2024-05-07 05:29:38', '2024-05-07 05:29:43', '2024-05-07 05:29:38', '2024-05-07 05:29:43');
INSERT INTO `wp_e_submissions` (`id`, `type`, `hash_id`, `main_meta_id`, `post_id`, `referer`, `referer_title`, `element_id`, `form_name`, `campaign_id`, `user_id`, `user_ip`, `user_agent`, `actions_count`, `actions_succeeded_count`, `status`, `is_read`, `meta`, `created_at_gmt`, `updated_at_gmt`, `created_at`, `updated_at`) VALUES
(100, 'submission', '92f463d1-3da6-4114-a5f5-310717979174', 1617, 1410, 'https://smithfieldfreshmeats.com/contact-us/', 'Contact Frozen pork - Import export - Import Frozen Pork', '80c7c93', 'Contact Form', 0, 0, '202.151.228.156', 'Mozilla/5.0 (Windows NT 10.0; Win64; x64) AppleWebKit/537.36 (KHTML, like Gecko) Chrome/124.0.0.0 Safari/537.36', 1, 0, 'new', 0, '{\"edit_post_id\":\"1410\"}', '2024-05-09 09:21:58', '2024-05-09 09:21:58', '2024-05-09 09:21:58', '2024-05-09 09:21:58'),
(101, 'submission', 'c7fdb93d-dae0-4cc7-8684-f71d4b1124da', 1633, 1410, 'https://smithfieldfreshmeats.com/contact-us/', 'Contact Frozen pork - Import export - Import Frozen Pork', '80c7c93', 'Contact Form', 0, 0, '202.151.228.156', 'Mozilla/5.0 (Windows NT 10.0; Win64; x64) AppleWebKit/537.36 (KHTML, like Gecko) Chrome/124.0.0.0 Safari/537.36', 1, 0, 'new', 0, '{\"edit_post_id\":\"1410\"}', '2024-05-09 09:22:31', '2024-05-09 09:22:31', '2024-05-09 09:22:31', '2024-05-09 09:22:31'),
(102, 'submission', '8416c7ad-38a7-4150-aee7-dbeee97d3083', 1649, 1864, 'https://smithfieldfreshmeats.com/product/wholesale-frozen-pig-ears/', 'Wholesale Frozen Pig Ears | Buy Pork From Smithfield Pork United States', 'c31420f', 'Contact Form', 0, 0, '186.192.143.142', 'Mozilla/5.0 (Windows NT 10.0; Win64; x64) AppleWebKit/537.36 (KHTML, like Gecko) Chrome/123.0.0.0 Safari/537.36', 1, 1, 'new', 0, '{\"edit_post_id\":\"1864\"}', '2024-05-10 13:57:24', '2024-05-10 13:57:30', '2024-05-10 13:57:24', '2024-05-10 13:57:30'),
(103, 'submission', 'd13bdbc8-f1b0-4ca0-956c-25469daf4f21', 1666, 1410, '', 'Contact Frozen pork - Import export - Import Frozen Pork', '80c7c93', 'Contact Form', 0, 0, '92.119.177.20', 'Mozilla/5.0 (Windows NT 10.0; Win64; x64) AppleWebKit/537.36 (KHTML, like Gecko) Chrome/120.0.0.0 Iron Safari/537.36', 1, 0, 'new', 0, '{\"edit_post_id\":\"1410\"}', '2024-05-13 05:00:43', '2024-05-13 05:00:43', '2024-05-13 05:00:43', '2024-05-13 05:00:43'),
(104, 'submission', 'a0443843-69f0-4c92-8f1f-04f593080d0d', 1682, 1864, 'https://smithfieldfreshmeats.com/product/pork-ruffle-fat-for-sale/', 'Pork Ruffle Fat For Sale | 出售猪肉荷叶边脂肪 | Smithfield S.A', 'c31420f', 'Contact Form', 0, 0, '2001:8004:1dd6:5b2b:9c31:b41b:fd9c:b31f', 'Mozilla/5.0 (iPhone; CPU iPhone OS 17_4_1 like Mac OS X) AppleWebKit/605.1.15 (KHTML, like Gecko) Version/17.4.1 Mobile/15E148 Safari/604.1', 1, 0, 'new', 0, '{\"edit_post_id\":\"1864\"}', '2024-05-13 23:51:55', '2024-05-13 23:51:55', '2024-05-13 23:51:55', '2024-05-13 23:51:55'),
(105, 'submission', '86bbf587-6cf7-4b09-be03-c25726455824', 1699, 1410, 'https://smithfieldfreshmeats.com/contact-us/', 'Contact Frozen pork - Import export - Import Frozen Pork', '80c7c93', 'Contact Form', 0, 0, '119.12.208.155', 'Mozilla/5.0 (Linux; Android 10; K) AppleWebKit/537.36 (KHTML, like Gecko) Chrome/124.0.0.0 Mobile Safari/537.36', 1, 1, 'new', 0, '{\"edit_post_id\":\"1410\"}', '2024-05-14 12:14:42', '2024-05-14 12:14:47', '2024-05-14 12:14:42', '2024-05-14 12:14:47'),
(106, 'submission', 'dbfd3ece-52ab-409d-9c7a-63b40c9e14c5', 1715, 1410, '', 'Contact Frozen pork - Import export - Import Frozen Pork', '80c7c93', 'Contact Form', 0, 0, '37.19.223.120', 'Mozilla/5.0 (Windows NT 10.0; Win64; x64) AppleWebKit/537.36 (KHTML, like Gecko) Chrome/117.0.0.0 Iron Safari/537.36', 1, 0, 'new', 0, '{\"edit_post_id\":\"1410\"}', '2024-05-15 14:13:22', '2024-05-15 14:13:22', '2024-05-15 14:13:22', '2024-05-15 14:13:22'),
(107, 'submission', 'cff33ef7-1124-4804-9e37-e71bcd54c438', 1731, 1410, '', 'Contact Frozen pork - Import export - Import Frozen Pork', '80c7c93', 'Contact Form', 0, 0, '37.19.223.120', 'Mozilla/5.0 (Windows NT 10.0; Win64; x64) AppleWebKit/537.36 (KHTML, like Gecko) Chrome/115.0.0.0 Safari/537.36', 1, 0, 'new', 0, '{\"edit_post_id\":\"1410\"}', '2024-05-15 14:15:41', '2024-05-15 14:15:41', '2024-05-15 14:15:41', '2024-05-15 14:15:41'),
(108, 'submission', '02da448b-24e5-4b2a-8f81-0e6023aaa207', 1747, 1410, '', 'Contact Frozen pork - Import export - Import Frozen Pork', '80c7c93', 'Contact Form', 0, 0, '185.190.42.200', 'Mozilla/5.0 (Windows NT 10.0; Win64; x64) AppleWebKit/537.36 (KHTML, like Gecko) Chrome/120.0.0.0 Safari/537.36', 1, 0, 'new', 0, '{\"edit_post_id\":\"1410\"}', '2024-05-16 09:53:42', '2024-05-16 09:53:42', '2024-05-16 09:53:42', '2024-05-16 09:53:42'),
(109, 'submission', '1ac3d5f0-d0b1-4441-a18a-7450644ca5c7', 1763, 1864, 'https://smithfieldfreshmeats.com/product/wholesale-frozen-pork-front-trotter/', 'Wholesale Frozen Pork Trotter | Buy Pig Front Trotters', 'c31420f', 'Contact Form', 0, 0, '189.217.197.154', 'Mozilla/5.0 (iPhone; CPU iPhone OS 17_4 like Mac OS X) AppleWebKit/605.1.15 (KHTML, like Gecko) GSA/315.0.630091404 Mobile/15E148 Safari/604.1', 1, 1, 'new', 0, '{\"edit_post_id\":\"1864\"}', '2024-05-16 12:19:44', '2024-05-16 12:19:49', '2024-05-16 12:19:44', '2024-05-16 12:19:49'),
(110, 'submission', '93b2edeb-8284-46bb-84fa-d4d1440fb1d3', 1780, 1410, '', 'Contact Frozen pork - Import export - Import Frozen Pork', '80c7c93', 'Contact Form', 0, 0, '81.181.56.68', 'Mozilla/5.0 (Windows NT 10.0; Win64; x64) AppleWebKit/537.36 (KHTML, like Gecko) Chrome/115.0.0.0 Safari/537.36', 1, 0, 'new', 0, '{\"edit_post_id\":\"1410\"}', '2024-05-17 07:03:16', '2024-05-17 07:03:16', '2024-05-17 07:03:16', '2024-05-17 07:03:16'),
(111, 'submission', 'fe893142-e9d9-4c05-990a-bcbdce42a73d', 1796, 1410, 'https://smithfieldfreshmeats.com/contact-us/', 'Contact Frozen pork - Import export - Import Frozen Pork', '80c7c93', 'Contact Form', 0, 0, '154.117.153.46', 'Mozilla/5.0 (Windows NT 10.0; Win64; x64) AppleWebKit/537.36 (KHTML, like Gecko) Chrome/125.0.0.0 Safari/537.36', 1, 1, 'new', 0, '{\"edit_post_id\":\"1410\"}', '2024-05-23 07:54:50', '2024-05-23 07:54:55', '2024-05-23 07:54:50', '2024-05-23 07:54:55'),
(112, 'submission', 'd1c77cd4-569f-4361-bc84-cd461c1c96d3', 1812, 1864, 'https://smithfieldfreshmeats.com/product/wholesale-frozen-pork-rib-strip-for-sale/', 'Pork Ribs for Sale | Buy Pig Rib Strips | Wholesale Distributor', 'c31420f', 'Contact Form', 0, 0, '2a02:a03f:e609:3e00:f17c:f4c0:7737:3886', 'Mozilla/5.0 (Windows NT 10.0; Win64; x64) AppleWebKit/537.36 (KHTML, like Gecko) Chrome/124.0.0.0 Safari/537.36', 1, 1, 'new', 0, '{\"edit_post_id\":\"1864\"}', '2024-05-23 20:51:35', '2024-05-23 20:51:41', '2024-05-23 20:51:35', '2024-05-23 20:51:41'),
(113, 'submission', '32c3b6a5-8e31-4b83-ae9e-36078393fec4', 1829, 1864, 'https://smithfieldfreshmeats.com/product/wholesale-frozen-pork-diaphragm/', 'Wholesale Frozen Pork Diaphragm | Buy From Smithfield Pork United States', 'c31420f', 'Contact Form', 0, 0, '2607:fb90:bd19:2ddc:84d5:5496:91f9:bc14', 'Mozilla/5.0 (Linux; Android 10; K) AppleWebKit/537.36 (KHTML, like Gecko) SamsungBrowser/24.0 Chrome/117.0.0.0 Mobile Safari/537.36', 1, 0, 'new', 0, '{\"edit_post_id\":\"1864\"}', '2024-05-25 23:27:14', '2024-05-25 23:27:14', '2024-05-25 23:27:14', '2024-05-25 23:27:14'),
(114, 'submission', 'd5239f5b-61d8-4cda-acf2-951e8ee19fc4', 1846, 1410, '', 'Contact Frozen pork - Import export - Import Frozen Pork', '80c7c93', 'Contact Form', 0, 0, '93.170.204.95', 'Mozilla/5.0 (Windows NT 10.0; Win64; x64) AppleWebKit/537.36 (KHTML, like Gecko) Chrome/121.0.0.0 Safari/537.36', 1, 1, 'new', 0, '{\"edit_post_id\":\"1410\"}', '2024-05-26 08:20:10', '2024-05-26 08:20:15', '2024-05-26 08:20:10', '2024-05-26 08:20:15'),
(115, 'submission', '47bfb7f0-12f2-43b9-83bc-667c56005cd3', 1862, 1410, '', 'Contact Frozen pork - Import export - Import Frozen Pork', '80c7c93', 'Contact Form', 0, 0, '93.170.204.95', 'Mozilla/5.0 (Windows NT 10.0; Win64; x64) AppleWebKit/537.36 (KHTML, like Gecko) Chrome/120.0.6099.71 Safari/537.36', 1, 1, 'new', 0, '{\"edit_post_id\":\"1410\"}', '2024-05-26 08:21:19', '2024-05-26 08:21:24', '2024-05-26 08:21:19', '2024-05-26 08:21:24'),
(116, 'submission', '6a687a13-b5c9-4c69-a4ab-e53d25bcc1a0', 1878, 1410, 'https://smithfieldfreshmeats.com/contact-us/', 'Contact Frozen pork - Import export - Import Frozen Pork', '80c7c93', 'Contact Form', 0, 1, '216.49.10.105', 'Mozilla/5.0 (Windows NT 10.0; Win64; x64) AppleWebKit/537.36 (KHTML, like Gecko) Chrome/126.0.0.0 Safari/537.36', 1, 0, 'new', 0, '{\"edit_post_id\":\"1410\"}', '2024-07-21 13:02:51', '2024-07-21 13:02:51', '2024-07-21 13:02:51', '2024-07-21 13:02:51'),
(117, 'submission', 'cb430ac4-5af2-4fea-b72e-405c0023e143', 1894, 1410, 'https://smithfieldfreshmeats.com/contact-us/', 'Contact Frozen pork - Import export - Import Frozen Pork', '80c7c93', 'Contact Form', 0, 1, '216.49.10.105', 'Mozilla/5.0 (Windows NT 10.0; Win64; x64) AppleWebKit/537.36 (KHTML, like Gecko) Chrome/126.0.0.0 Safari/537.36', 1, 1, 'new', 0, '{\"edit_post_id\":\"1410\"}', '2024-07-21 13:08:49', '2024-07-21 13:08:50', '2024-07-21 13:08:49', '2024-07-21 13:08:50');

-- --------------------------------------------------------

--
-- Table structure for table `wp_e_submissions_actions_log`
--

CREATE TABLE `wp_e_submissions_actions_log` (
  `id` bigint(20) UNSIGNED NOT NULL,
  `submission_id` bigint(20) UNSIGNED NOT NULL,
  `action_name` varchar(60) NOT NULL,
  `action_label` varchar(60) DEFAULT NULL,
  `status` varchar(20) NOT NULL,
  `log` text DEFAULT NULL,
  `created_at_gmt` datetime NOT NULL,
  `updated_at_gmt` datetime NOT NULL,
  `created_at` datetime NOT NULL,
  `updated_at` datetime NOT NULL
) ENGINE=InnoDB DEFAULT CHARSET=utf8mb4 COLLATE=utf8mb4_unicode_520_ci;

--
-- Dumping data for table `wp_e_submissions_actions_log`
--

INSERT INTO `wp_e_submissions_actions_log` (`id`, `submission_id`, `action_name`, `action_label`, `status`, `log`, `created_at_gmt`, `updated_at_gmt`, `created_at`, `updated_at`) VALUES
(1, 1, 'email', 'Email', 'success', NULL, '2023-04-27 15:05:43', '2023-04-27 15:05:43', '2023-04-27 15:05:43', '2023-04-27 15:05:43'),
(2, 2, 'email', 'Email', 'success', NULL, '2023-05-08 06:35:26', '2023-05-08 06:35:26', '2023-05-08 06:35:26', '2023-05-08 06:35:26'),
(3, 3, 'email', 'Email', 'success', NULL, '2023-05-11 13:17:31', '2023-05-11 13:17:31', '2023-05-11 13:17:31', '2023-05-11 13:17:31'),
(4, 4, 'email', 'Email', 'success', NULL, '2023-05-22 07:47:16', '2023-05-22 07:47:16', '2023-05-22 07:47:16', '2023-05-22 07:47:16'),
(5, 5, 'email', 'Email', 'success', NULL, '2023-05-25 08:28:16', '2023-05-25 08:28:16', '2023-05-25 08:28:16', '2023-05-25 08:28:16'),
(6, 6, 'email', 'Email', 'success', NULL, '2023-05-26 08:26:10', '2023-05-26 08:26:10', '2023-05-26 08:26:10', '2023-05-26 08:26:10'),
(7, 7, 'email', 'Email', 'success', NULL, '2023-05-31 08:07:55', '2023-05-31 08:07:55', '2023-05-31 08:07:55', '2023-05-31 08:07:55'),
(8, 8, 'email', 'Email', 'success', NULL, '2023-05-31 10:01:33', '2023-05-31 10:01:33', '2023-05-31 10:01:33', '2023-05-31 10:01:33'),
(9, 9, 'email', 'Email', 'success', NULL, '2023-06-02 09:19:29', '2023-06-02 09:19:29', '2023-06-02 09:19:29', '2023-06-02 09:19:29'),
(10, 10, 'email', 'Email', 'success', NULL, '2023-06-27 16:34:50', '2023-06-27 16:34:50', '2023-06-27 16:34:50', '2023-06-27 16:34:50'),
(11, 11, 'email', 'Email', 'failed', 'Your submission failed because of a server error.', '2023-10-21 15:43:18', '2023-10-21 15:43:18', '2023-10-21 15:43:18', '2023-10-21 15:43:18'),
(12, 12, 'email', 'Email', 'failed', 'Your submission failed because of a server error.', '2023-10-23 00:14:59', '2023-10-23 00:14:59', '2023-10-23 00:14:59', '2023-10-23 00:14:59'),
(13, 13, 'email', 'Email', 'success', NULL, '2023-10-25 07:17:32', '2023-10-25 07:17:32', '2023-10-25 07:17:32', '2023-10-25 07:17:32'),
(14, 14, 'email', 'Email', 'success', NULL, '2023-10-25 16:40:50', '2023-10-25 16:40:50', '2023-10-25 16:40:50', '2023-10-25 16:40:50'),
(15, 15, 'email', 'Email', 'failed', 'Your submission failed because of a server error.', '2023-10-27 10:34:35', '2023-10-27 10:34:35', '2023-10-27 10:34:35', '2023-10-27 10:34:35'),
(16, 16, 'email', 'Email', 'success', NULL, '2023-11-15 18:33:36', '2023-11-15 18:33:36', '2023-11-15 18:33:36', '2023-11-15 18:33:36'),
(17, 17, 'email', 'Email', 'failed', 'Your submission failed because of a server error.', '2023-11-27 00:35:10', '2023-11-27 00:35:10', '2023-11-27 00:35:10', '2023-11-27 00:35:10'),
(18, 18, 'email', 'Email', 'failed', 'Your submission failed because of a server error.', '2023-12-09 19:37:28', '2023-12-09 19:37:28', '2023-12-09 19:37:28', '2023-12-09 19:37:28'),
(19, 19, 'email', 'Email', 'failed', 'Your submission failed because of a server error.', '2023-12-09 19:37:50', '2023-12-09 19:37:50', '2023-12-09 19:37:50', '2023-12-09 19:37:50'),
(20, 20, 'email', 'Email', 'failed', 'Your submission failed because of a server error.', '2023-12-09 19:38:59', '2023-12-09 19:38:59', '2023-12-09 19:38:59', '2023-12-09 19:38:59'),
(21, 21, 'email', 'Email', 'success', NULL, '2023-12-16 07:35:15', '2023-12-16 07:35:15', '2023-12-16 07:35:15', '2023-12-16 07:35:15'),
(22, 22, 'email', 'Email', 'success', NULL, '2023-12-21 11:22:21', '2023-12-21 11:22:21', '2023-12-21 11:22:21', '2023-12-21 11:22:21'),
(23, 23, 'email', 'Email', 'failed', 'Your submission failed because of a server error.', '2023-12-29 16:12:06', '2023-12-29 16:12:06', '2023-12-29 16:12:06', '2023-12-29 16:12:06'),
(24, 24, 'email', 'Email', 'failed', 'Your submission failed because of a server error.', '2023-12-29 16:12:27', '2023-12-29 16:12:27', '2023-12-29 16:12:27', '2023-12-29 16:12:27'),
(25, 25, 'email', 'Email', 'failed', 'Your submission failed because of a server error.', '2023-12-29 16:16:51', '2023-12-29 16:16:51', '2023-12-29 16:16:51', '2023-12-29 16:16:51'),
(26, 26, 'email', 'Email', 'failed', 'Your submission failed because of a server error.', '2024-01-09 07:43:30', '2024-01-09 07:43:30', '2024-01-09 07:43:30', '2024-01-09 07:43:30'),
(27, 27, 'email', 'Email', 'failed', 'Your submission failed because of a server error.', '2024-01-09 07:46:11', '2024-01-09 07:46:11', '2024-01-09 07:46:11', '2024-01-09 07:46:11'),
(28, 28, 'email', 'Email', 'failed', 'Your submission failed because of a server error.', '2024-01-21 06:30:52', '2024-01-21 06:30:52', '2024-01-21 06:30:52', '2024-01-21 06:30:52'),
(29, 29, 'email', 'Email', 'failed', 'Your submission failed because of a server error.', '2024-01-21 06:31:18', '2024-01-21 06:31:18', '2024-01-21 06:31:18', '2024-01-21 06:31:18'),
(30, 30, 'email', 'Email', 'failed', 'Your submission failed because of a server error.', '2024-01-23 15:36:30', '2024-01-23 15:36:30', '2024-01-23 15:36:30', '2024-01-23 15:36:30'),
(31, 31, 'email', 'Email', 'failed', 'Your submission failed because of a server error.', '2024-01-23 15:37:49', '2024-01-23 15:37:49', '2024-01-23 15:37:49', '2024-01-23 15:37:49'),
(32, 32, 'email', 'Email', 'failed', 'Your submission failed because of a server error.', '2024-01-23 15:38:11', '2024-01-23 15:38:11', '2024-01-23 15:38:11', '2024-01-23 15:38:11'),
(33, 33, 'email', 'Email', 'failed', 'Your submission failed because of a server error.', '2024-01-23 15:39:05', '2024-01-23 15:39:05', '2024-01-23 15:39:05', '2024-01-23 15:39:05'),
(34, 34, 'email', 'Email', 'success', NULL, '2024-01-24 10:39:31', '2024-01-24 10:39:31', '2024-01-24 10:39:31', '2024-01-24 10:39:31'),
(35, 35, 'email', 'Email', 'failed', 'Your submission failed because of a server error.', '2024-01-26 07:43:09', '2024-01-26 07:43:09', '2024-01-26 07:43:09', '2024-01-26 07:43:09'),
(36, 36, 'email', 'Email', 'failed', 'Your submission failed because of a server error.', '2024-01-26 07:43:11', '2024-01-26 07:43:11', '2024-01-26 07:43:11', '2024-01-26 07:43:11'),
(37, 37, 'email', 'Email', 'failed', 'Your submission failed because of a server error.', '2024-01-26 08:45:50', '2024-01-26 08:45:50', '2024-01-26 08:45:50', '2024-01-26 08:45:50'),
(38, 38, 'email', 'Email', 'failed', 'Your submission failed because of a server error.', '2024-01-26 08:48:07', '2024-01-26 08:48:07', '2024-01-26 08:48:07', '2024-01-26 08:48:07'),
(39, 39, 'email', 'Email', 'success', NULL, '2024-02-02 15:44:34', '2024-02-02 15:44:34', '2024-02-02 15:44:34', '2024-02-02 15:44:34'),
(40, 40, 'email', 'Email', 'failed', 'Your submission failed because of a server error.', '2024-02-10 14:34:54', '2024-02-10 14:34:54', '2024-02-10 14:34:54', '2024-02-10 14:34:54'),
(41, 41, 'email', 'Email', 'failed', 'Your submission failed because of a server error.', '2024-02-10 14:35:56', '2024-02-10 14:35:56', '2024-02-10 14:35:56', '2024-02-10 14:35:56'),
(42, 42, 'email', 'Email', 'failed', 'Your submission failed because of a server error.', '2024-02-10 14:36:43', '2024-02-10 14:36:43', '2024-02-10 14:36:43', '2024-02-10 14:36:43'),
(43, 43, 'email', 'Email', 'success', NULL, '2024-02-15 03:24:35', '2024-02-15 03:24:35', '2024-02-15 03:24:35', '2024-02-15 03:24:35'),
(44, 44, 'email', 'Email', 'success', NULL, '2024-02-17 03:21:16', '2024-02-17 03:21:16', '2024-02-17 03:21:16', '2024-02-17 03:21:16'),
(45, 45, 'email', 'Email', 'failed', 'Your submission failed because of a server error.', '2024-02-23 06:02:05', '2024-02-23 06:02:05', '2024-02-23 06:02:05', '2024-02-23 06:02:05'),
(46, 46, 'email', 'Email', 'failed', 'Your submission failed because of a server error.', '2024-02-28 11:14:21', '2024-02-28 11:14:21', '2024-02-28 11:14:21', '2024-02-28 11:14:21'),
(47, 47, 'email', 'Email', 'failed', 'Your submission failed because of a server error.', '2024-02-28 11:14:43', '2024-02-28 11:14:43', '2024-02-28 11:14:43', '2024-02-28 11:14:43'),
(48, 48, 'email', 'Email', 'failed', 'Your submission failed because of a server error.', '2024-02-28 11:14:52', '2024-02-28 11:14:52', '2024-02-28 11:14:52', '2024-02-28 11:14:52'),
(49, 49, 'email', 'Email', 'failed', 'Your submission failed because of a server error.', '2024-02-28 11:21:27', '2024-02-28 11:21:27', '2024-02-28 11:21:27', '2024-02-28 11:21:27'),
(50, 50, 'email', 'Email', 'failed', 'Your submission failed because of a server error.', '2024-02-28 11:23:28', '2024-02-28 11:23:28', '2024-02-28 11:23:28', '2024-02-28 11:23:28'),
(51, 51, 'email', 'Email', 'failed', 'Your submission failed because of a server error.', '2024-03-04 21:13:44', '2024-03-04 21:13:44', '2024-03-04 21:13:44', '2024-03-04 21:13:44'),
(52, 52, 'email', 'Email', 'failed', 'Your submission failed because of a server error.', '2024-03-04 21:14:12', '2024-03-04 21:14:12', '2024-03-04 21:14:12', '2024-03-04 21:14:12'),
(53, 53, 'email', 'Email', 'failed', 'Your submission failed because of a server error.', '2024-03-04 22:40:13', '2024-03-04 22:40:13', '2024-03-04 22:40:13', '2024-03-04 22:40:13'),
(54, 54, 'email', 'Email', 'failed', 'Your submission failed because of a server error.', '2024-03-05 11:30:10', '2024-03-05 11:30:10', '2024-03-05 11:30:10', '2024-03-05 11:30:10'),
(55, 55, 'email', 'Email', 'failed', 'Your submission failed because of a server error.', '2024-03-05 11:30:25', '2024-03-05 11:30:25', '2024-03-05 11:30:25', '2024-03-05 11:30:25'),
(56, 56, 'email', 'Email', 'failed', 'Your submission failed because of a server error.', '2024-03-12 14:58:06', '2024-03-12 14:58:06', '2024-03-12 14:58:06', '2024-03-12 14:58:06'),
(57, 57, 'email', 'Email', 'success', NULL, '2024-03-12 15:20:31', '2024-03-12 15:20:31', '2024-03-12 15:20:31', '2024-03-12 15:20:31'),
(58, 58, 'email', 'Email', 'success', NULL, '2024-03-12 16:12:53', '2024-03-12 16:12:53', '2024-03-12 16:12:53', '2024-03-12 16:12:53'),
(59, 59, 'email', 'Email', 'failed', 'Your submission failed because of a server error.', '2024-03-14 01:09:22', '2024-03-14 01:09:22', '2024-03-14 01:09:22', '2024-03-14 01:09:22'),
(60, 60, 'email', 'Email', 'failed', 'Your submission failed because of a server error.', '2024-03-14 06:04:00', '2024-03-14 06:04:00', '2024-03-14 06:04:00', '2024-03-14 06:04:00'),
(61, 61, 'email', 'Email', 'failed', 'Your submission failed because of a server error.', '2024-03-14 08:26:34', '2024-03-14 08:26:34', '2024-03-14 08:26:34', '2024-03-14 08:26:34'),
(62, 62, 'email', 'Email', 'success', NULL, '2024-03-15 05:25:56', '2024-03-15 05:25:56', '2024-03-15 05:25:56', '2024-03-15 05:25:56'),
(63, 63, 'email', 'Email', 'failed', 'Your submission failed because of a server error.', '2024-03-15 06:36:08', '2024-03-15 06:36:08', '2024-03-15 06:36:08', '2024-03-15 06:36:08'),
(64, 64, 'email', 'Email', 'failed', 'Your submission failed because of a server error.', '2024-03-15 06:36:36', '2024-03-15 06:36:36', '2024-03-15 06:36:36', '2024-03-15 06:36:36'),
(65, 65, 'email', 'Email', 'success', NULL, '2024-03-15 09:27:53', '2024-03-15 09:27:53', '2024-03-15 09:27:53', '2024-03-15 09:27:53'),
(66, 66, 'email', 'Email', 'success', NULL, '2024-03-15 09:29:26', '2024-03-15 09:29:26', '2024-03-15 09:29:26', '2024-03-15 09:29:26'),
(67, 67, 'email', 'Email', 'failed', 'Your submission failed because of a server error.', '2024-03-20 15:59:00', '2024-03-20 15:59:00', '2024-03-20 15:59:00', '2024-03-20 15:59:00'),
(68, 68, 'email', 'Email', 'failed', 'Your submission failed because of a server error.', '2024-03-21 02:31:50', '2024-03-21 02:31:50', '2024-03-21 02:31:50', '2024-03-21 02:31:50'),
(69, 69, 'email', 'Email', 'success', NULL, '2024-03-22 19:19:21', '2024-03-22 19:19:21', '2024-03-22 19:19:21', '2024-03-22 19:19:21'),
(70, 70, 'email', 'Email', 'failed', 'Your submission failed because of a server error.', '2024-03-28 23:20:55', '2024-03-28 23:20:55', '2024-03-28 23:20:55', '2024-03-28 23:20:55'),
(71, 71, 'email', 'Email', 'success', NULL, '2024-03-29 00:23:02', '2024-03-29 00:23:02', '2024-03-29 00:23:02', '2024-03-29 00:23:02'),
(72, 72, 'email', 'Email', 'failed', 'Your submission failed because of a server error.', '2024-04-02 03:52:55', '2024-04-02 03:52:55', '2024-04-02 03:52:55', '2024-04-02 03:52:55'),
(73, 73, 'email', 'Email', 'failed', 'Your submission failed because of a server error.', '2024-04-02 03:53:19', '2024-04-02 03:53:19', '2024-04-02 03:53:19', '2024-04-02 03:53:19'),
(74, 74, 'email', 'Email', 'failed', 'Your submission failed because of a server error.', '2024-04-02 03:53:49', '2024-04-02 03:53:49', '2024-04-02 03:53:49', '2024-04-02 03:53:49'),
(75, 75, 'email', 'Email', 'failed', 'Your submission failed because of a server error.', '2024-04-02 15:22:40', '2024-04-02 15:22:40', '2024-04-02 15:22:40', '2024-04-02 15:22:40'),
(76, 76, 'email', 'Email', 'failed', 'Your submission failed because of a server error.', '2024-04-03 08:33:07', '2024-04-03 08:33:07', '2024-04-03 08:33:07', '2024-04-03 08:33:07'),
(77, 77, 'email', 'Email', 'failed', 'Your submission failed because of a server error.', '2024-04-04 09:46:49', '2024-04-04 09:46:49', '2024-04-04 09:46:49', '2024-04-04 09:46:49'),
(78, 78, 'email', 'Email', 'failed', 'Your submission failed because of a server error.', '2024-04-04 09:48:08', '2024-04-04 09:48:08', '2024-04-04 09:48:08', '2024-04-04 09:48:08'),
(79, 79, 'email', 'Email', 'success', NULL, '2024-04-08 06:24:52', '2024-04-08 06:24:52', '2024-04-08 06:24:52', '2024-04-08 06:24:52'),
(80, 80, 'email', 'Email', 'failed', 'Your submission failed because of a server error.', '2024-04-08 19:49:33', '2024-04-08 19:49:33', '2024-04-08 19:49:33', '2024-04-08 19:49:33'),
(81, 81, 'email', 'Email', 'failed', 'Your submission failed because of a server error.', '2024-04-11 13:43:39', '2024-04-11 13:43:39', '2024-04-11 13:43:39', '2024-04-11 13:43:39'),
(82, 82, 'email', 'Email', 'failed', 'Your submission failed because of a server error.', '2024-04-11 13:43:59', '2024-04-11 13:43:59', '2024-04-11 13:43:59', '2024-04-11 13:43:59'),
(83, 83, 'email', 'Email', 'failed', 'Your submission failed because of a server error.', '2024-04-15 02:32:55', '2024-04-15 02:32:55', '2024-04-15 02:32:55', '2024-04-15 02:32:55'),
(84, 84, 'email', 'Email', 'failed', 'Your submission failed because of a server error.', '2024-04-19 07:08:37', '2024-04-19 07:08:37', '2024-04-19 07:08:37', '2024-04-19 07:08:37'),
(85, 85, 'email', 'Email', 'failed', 'Your submission failed because of a server error.', '2024-04-22 02:25:48', '2024-04-22 02:25:48', '2024-04-22 02:25:48', '2024-04-22 02:25:48'),
(86, 86, 'email', 'Email', 'failed', 'Your submission failed because of a server error.', '2024-04-22 02:26:02', '2024-04-22 02:26:02', '2024-04-22 02:26:02', '2024-04-22 02:26:02'),
(87, 87, 'email', 'Email', 'failed', 'Your submission failed because of a server error.', '2024-04-22 02:26:19', '2024-04-22 02:26:19', '2024-04-22 02:26:19', '2024-04-22 02:26:19'),
(88, 88, 'email', 'Email', 'failed', 'Your submission failed because of a server error.', '2024-04-22 02:26:29', '2024-04-22 02:26:29', '2024-04-22 02:26:29', '2024-04-22 02:26:29'),
(89, 89, 'email', 'Email', 'failed', 'Your submission failed because of a server error.', '2024-04-22 02:26:48', '2024-04-22 02:26:48', '2024-04-22 02:26:48', '2024-04-22 02:26:48'),
(90, 90, 'email', 'Email', 'failed', 'Your submission failed because of a server error.', '2024-04-22 16:30:29', '2024-04-22 16:30:29', '2024-04-22 16:30:29', '2024-04-22 16:30:29'),
(91, 91, 'email', 'Email', 'failed', 'Your submission failed because of a server error.', '2024-04-23 10:30:20', '2024-04-23 10:30:20', '2024-04-23 10:30:20', '2024-04-23 10:30:20'),
(92, 92, 'email', 'Email', 'failed', 'Your submission failed because of a server error.', '2024-04-26 01:06:06', '2024-04-26 01:06:06', '2024-04-26 01:06:06', '2024-04-26 01:06:06'),
(93, 93, 'email', 'Email', 'failed', 'Your submission failed because of a server error.', '2024-04-26 01:07:46', '2024-04-26 01:07:46', '2024-04-26 01:07:46', '2024-04-26 01:07:46'),
(94, 94, 'email', 'Email', 'failed', 'Your submission failed because of a server error.', '2024-04-26 21:08:07', '2024-04-26 21:08:07', '2024-04-26 21:08:07', '2024-04-26 21:08:07'),
(95, 95, 'email', 'Email', 'success', NULL, '2024-05-02 12:40:10', '2024-05-02 12:40:10', '2024-05-02 12:40:10', '2024-05-02 12:40:10'),
(96, 96, 'email', 'Email', 'failed', 'Your submission failed because of a server error.', '2024-05-03 01:17:41', '2024-05-03 01:17:41', '2024-05-03 01:17:41', '2024-05-03 01:17:41'),
(97, 97, 'email', 'Email', 'success', NULL, '2024-05-03 07:43:22', '2024-05-03 07:43:22', '2024-05-03 07:43:22', '2024-05-03 07:43:22'),
(98, 98, 'email', 'Email', 'failed', 'Your submission failed because of a server error.', '2024-05-05 18:32:57', '2024-05-05 18:32:57', '2024-05-05 18:32:57', '2024-05-05 18:32:57'),
(99, 99, 'email', 'Email', 'success', NULL, '2024-05-07 05:29:43', '2024-05-07 05:29:43', '2024-05-07 05:29:43', '2024-05-07 05:29:43'),
(100, 100, 'email', 'Email', 'failed', 'Your submission failed because of a server error.', '2024-05-09 09:22:03', '2024-05-09 09:22:03', '2024-05-09 09:22:03', '2024-05-09 09:22:03'),
(101, 101, 'email', 'Email', 'failed', 'Your submission failed because of a server error.', '2024-05-09 09:22:36', '2024-05-09 09:22:36', '2024-05-09 09:22:36', '2024-05-09 09:22:36'),
(102, 102, 'email', 'Email', 'success', NULL, '2024-05-10 13:57:30', '2024-05-10 13:57:30', '2024-05-10 13:57:30', '2024-05-10 13:57:30'),
(103, 103, 'email', 'Email', 'failed', 'Your submission failed because of a server error.', '2024-05-13 05:00:48', '2024-05-13 05:00:48', '2024-05-13 05:00:48', '2024-05-13 05:00:48'),
(104, 104, 'email', 'Email', 'failed', 'Your submission failed because of a server error.', '2024-05-13 23:52:00', '2024-05-13 23:52:00', '2024-05-13 23:52:00', '2024-05-13 23:52:00'),
(105, 105, 'email', 'Email', 'success', NULL, '2024-05-14 12:14:47', '2024-05-14 12:14:47', '2024-05-14 12:14:47', '2024-05-14 12:14:47'),
(106, 106, 'email', 'Email', 'failed', 'Your submission failed because of a server error.', '2024-05-15 14:13:29', '2024-05-15 14:13:29', '2024-05-15 14:13:29', '2024-05-15 14:13:29'),
(107, 107, 'email', 'Email', 'failed', 'Your submission failed because of a server error.', '2024-05-15 14:15:46', '2024-05-15 14:15:46', '2024-05-15 14:15:46', '2024-05-15 14:15:46'),
(108, 108, 'email', 'Email', 'failed', 'Your submission failed because of a server error.', '2024-05-16 09:53:47', '2024-05-16 09:53:47', '2024-05-16 09:53:47', '2024-05-16 09:53:47'),
(109, 109, 'email', 'Email', 'success', NULL, '2024-05-16 12:19:49', '2024-05-16 12:19:49', '2024-05-16 12:19:49', '2024-05-16 12:19:49'),
(110, 110, 'email', 'Email', 'failed', 'Your submission failed because of a server error.', '2024-05-17 07:03:22', '2024-05-17 07:03:22', '2024-05-17 07:03:22', '2024-05-17 07:03:22'),
(111, 111, 'email', 'Email', 'success', NULL, '2024-05-23 07:54:55', '2024-05-23 07:54:55', '2024-05-23 07:54:55', '2024-05-23 07:54:55'),
(112, 112, 'email', 'Email', 'success', NULL, '2024-05-23 20:51:41', '2024-05-23 20:51:41', '2024-05-23 20:51:41', '2024-05-23 20:51:41'),
(113, 113, 'email', 'Email', 'failed', 'Your submission failed because of a server error.', '2024-05-25 23:27:20', '2024-05-25 23:27:20', '2024-05-25 23:27:20', '2024-05-25 23:27:20'),
(114, 114, 'email', 'Email', 'success', NULL, '2024-05-26 08:20:15', '2024-05-26 08:20:15', '2024-05-26 08:20:15', '2024-05-26 08:20:15'),
(115, 115, 'email', 'Email', 'success', NULL, '2024-05-26 08:21:24', '2024-05-26 08:21:24', '2024-05-26 08:21:24', '2024-05-26 08:21:24'),
(116, 116, 'email', 'Email', 'failed', 'Your submission failed because of a server error.', '2024-07-21 13:02:51', '2024-07-21 13:02:51', '2024-07-21 13:02:51', '2024-07-21 13:02:51'),
(117, 117, 'email', 'Email', 'success', NULL, '2024-07-21 13:08:50', '2024-07-21 13:08:50', '2024-07-21 13:08:50', '2024-07-21 13:08:50');

-- --------------------------------------------------------

--
-- Table structure for table `wp_e_submissions_values`
--

CREATE TABLE `wp_e_submissions_values` (
  `id` bigint(20) UNSIGNED NOT NULL,
  `submission_id` bigint(20) UNSIGNED NOT NULL DEFAULT 0,
  `key` varchar(60) DEFAULT NULL,
  `value` longtext DEFAULT NULL
) ENGINE=InnoDB DEFAULT CHARSET=utf8mb4 COLLATE=utf8mb4_unicode_520_ci;

--
-- Dumping data for table `wp_e_submissions_values`
--

INSERT INTO `wp_e_submissions_values` (`id`, `submission_id`, `key`, `value`) VALUES
(1, 1, 'name', 'Alberto'),
(2, 1, 'field_3e92175', 'Silva'),
(3, 1, 'field_0c01cc4', ''),
(4, 1, 'field_71ea788', ''),
(5, 1, 'field_080928e', ''),
(6, 1, 'email', 'mooseheadgmbh@gmail.com'),
(7, 1, 'field_6309b63', ''),
(8, 1, 'field_4bea344', ''),
(9, 1, 'field_574510f', ''),
(10, 1, 'field_0123ee3', ''),
(11, 1, 'field_b76057c', 'Germany'),
(12, 1, 'field_51e3c98', 'Purchases'),
(13, 1, 'message', 'Thanks'),
(14, 1, 'field_98af1c6', ''),
(15, 1, 'field_1d2799a', 'on'),
(16, 1, 'field_70e6a3e', 'on'),
(17, 2, 'name', 'Ella'),
(18, 2, 'field_3e92175', 'Smith'),
(19, 2, 'field_0c01cc4', 'Digital Marketing Company'),
(20, 2, 'field_71ea788', ''),
(21, 2, 'field_080928e', '5712007758'),
(22, 2, 'email', 'ella@theheritageseo.com'),
(23, 2, 'field_6309b63', 'Ella Smith'),
(24, 2, 'field_4bea344', 'Columbus Ave, New York, USA'),
(25, 2, 'field_574510f', 'New York'),
(26, 2, 'field_0123ee3', '10024'),
(27, 2, 'field_b76057c', 'Afghanistan'),
(28, 2, 'field_51e3c98', 'Sales'),
(29, 2, 'message', 'Hi,\r\n\r\nWe have a team of 55+ highly qualified professionals certified in SEO and ISO standards, providing a wide range of SEO services to generate higher visitor traffic and top-page rankings for your website. Our SEO professionals ensure that your website gets higher rankings on Google. We offer SEO (with plan & activity) Services at much lower Cost. \r\n\r\nI\'d gladly send you our Package, Activity per Month, and Video Testimonials for reference.\r\n\r\nRegards,\r\nElla'),
(30, 2, 'field_98af1c6', ''),
(31, 2, 'field_1d2799a', 'on'),
(32, 2, 'field_70e6a3e', 'on'),
(33, 3, 'name', 'Test'),
(34, 3, 'field_3e92175', 'User'),
(35, 3, 'field_0c01cc4', 'Test Company'),
(36, 3, 'field_71ea788', 'CEO'),
(37, 3, 'field_080928e', '9782233522'),
(38, 3, 'email', 'test@test.com'),
(39, 3, 'field_6309b63', 'Test User'),
(40, 3, 'field_4bea344', '12 St. Ave'),
(41, 3, 'field_574510f', 'Columbus'),
(42, 3, 'field_0123ee3', '43221'),
(43, 3, 'field_b76057c', 'United States'),
(44, 3, 'field_51e3c98', 'Sales'),
(45, 3, 'message', 'Test User'),
(46, 3, 'field_98af1c6', ''),
(47, 3, 'field_1d2799a', 'on'),
(48, 3, 'field_70e6a3e', 'on'),
(49, 3, 'field_21b26bf', ''),
(50, 4, 'name', 'Eleven'),
(51, 4, 'field_3e92175', 'huang'),
(52, 4, 'field_0c01cc4', 'Guangxi Anteruier Pharmaceutial Technology Co., Ltd'),
(53, 4, 'field_71ea788', ''),
(54, 4, 'field_080928e', '+8619376366087'),
(55, 4, 'email', 'eleven.huang@anteruier.com'),
(56, 4, 'field_6309b63', ''),
(57, 4, 'field_4bea344', ''),
(58, 4, 'field_574510f', ''),
(59, 4, 'field_0123ee3', ''),
(60, 4, 'field_b76057c', 'China'),
(61, 4, 'field_51e3c98', 'Purchases'),
(62, 4, 'message', 'I would like to know if you could supply frozen sow udder, pork small intestines and pork testicles to Asian market.'),
(63, 4, 'field_98af1c6', ''),
(64, 4, 'field_1d2799a', 'on'),
(65, 4, 'field_70e6a3e', 'on'),
(66, 5, 'name', 'Jason'),
(67, 5, 'field_3e92175', 'K'),
(68, 5, 'field_0c01cc4', 'Jason K'),
(69, 5, 'field_71ea788', ''),
(70, 5, 'field_080928e', '8102440753'),
(71, 5, 'email', 'pat@aneesho.com'),
(72, 5, 'field_6309b63', ''),
(73, 5, 'field_4bea344', '468 Duncan Ave'),
(74, 5, 'field_574510f', 'New York'),
(75, 5, 'field_0123ee3', '10007'),
(76, 5, 'field_b76057c', 'United States'),
(77, 5, 'field_51e3c98', 'Other'),
(78, 5, 'message', 'Just wanted to ask if you would be interested in getting external help with graphic design? We do all design work like banners, advertisements, brochures, logos, flyers, etc. for a fixed monthly fee. \r\n\r\nWe don\'t charge for each task. What kind of work do you need on a regular basis? Let me know and I\'ll share my portfolio with you.'),
(79, 5, 'field_98af1c6', ''),
(80, 5, 'field_1d2799a', 'on'),
(81, 5, 'field_70e6a3e', 'on'),
(82, 6, 'name', 'Pike'),
(83, 6, 'field_3e92175', 'WINCHURKAR'),
(84, 6, 'field_0c01cc4', 'PamPiy Limited'),
(85, 6, 'field_71ea788', 'Director'),
(86, 6, 'field_080928e', '56002700'),
(87, 6, 'email', 'pike@pampiy.com'),
(88, 6, 'field_6309b63', 'Pike-Hk'),
(89, 6, 'field_4bea344', 'Central'),
(90, 6, 'field_574510f', 'Hong Kong'),
(91, 6, 'field_0123ee3', '000000'),
(92, 6, 'field_b76057c', 'China'),
(93, 6, 'field_51e3c98', 'Purchases'),
(94, 6, 'message', 'Hi There \r\n\r\nWe would like to purchase 6 cuts of Spanish Black Iberian Pork for Thailand and China market. \r\nQuantity : 5 containers (Trial order) + 20 containers per month for 12 months. \r\nPlease provide your offer with following details \r\n1) CIF Thailand Price and payment terms \r\n2) FCO \r\n3) Product photographs \r\n4) Packaging photographs \r\n5) Certifications \r\n6) Latest shipping records. \r\n\r\nThanks.'),
(95, 6, 'field_98af1c6', ''),
(96, 6, 'field_1d2799a', 'on'),
(97, 6, 'field_70e6a3e', 'on'),
(98, 6, 'field_21b26bf', ''),
(99, 7, 'name', 'Juau'),
(100, 7, 'field_3e92175', 'Ni'),
(101, 7, 'field_0c01cc4', 'Shifang Yuda CHEMICAL'),
(102, 7, 'field_71ea788', 'China'),
(103, 7, 'field_080928e', '8619982420348'),
(104, 7, 'email', 'juau@sfydchem.com'),
(105, 7, 'field_6309b63', ''),
(106, 7, 'field_4bea344', ''),
(107, 7, 'field_574510f', ''),
(108, 7, 'field_0123ee3', ''),
(109, 7, 'field_b76057c', 'China'),
(110, 7, 'field_51e3c98', 'Sales'),
(111, 7, 'message', 'Dear Sir or Madam, \r\nHope this finds you well. \r\n \r\nI’m Juau, the head of food additives section at one of the most well-known chemical manufacturing companies in Southwest China, Shifang Yuda CHEMICAL, based on phosphates.  \r\n \r\nWe have been in this industry for over 8 years, with a strong reputation for providing high quality. On account of the government background and specialization in providing high-quality products at competitive prices. \r\n \r\nIn addition to our standard product line, we also offer customized solutions based on your specific requirements. We take great pride in providing exceptional customer service and support, for that our commitment to quality and reliability will set us apart from other suppliers in the market. \r\n \r\nOur main products: \r\n●MKP-Monopotassium Phosphate(food grade) \r\n●DKP-Dipotassium Phosphate(Trihydrate/Anhydrous) \r\n●TKPP-Tetrapotassium pyrophosphate(food grade) \r\n●MAP-Monoammonium Phosphate(food grade) \r\n●DAP-Diammonium Phosphate(food grade) \r\n●MSP-Monosodium phosphate(Dihydrate/Anhydrous) \r\n●DSP-Disodium phosphate(Dodecahydrate/Anhydrous) \r\n●TSP-Trisodium phosphate(Dodecahydrate/Anhydrous) \r\n●SAPP-Sodium Acid Pyrophosphate(food grade) \r\n●TSPP-Tetra Sodium Pyrophosphate(food grade) \r\n●SHMP-Sodium Hexameta phosphate(food grade) \r\n●STPP-Sodium Tripoly Phosphate(food grade) \r\n●85% Phosphoric Acid(food grade) \r\n●Other phosphates and food additives \r\n \r\nIf you are interested in our products or services, please do not hesitate to contact us. We look forward to establishing a long-term cooperative relationship with you. \r\n \r\nThanks and best regards, \r\nJuau \r\n \r\nShifang Yuda Chemial Co.,Ltd/Shaanxi Supply and Marketing Agricultural Products Trading Co.,Ltd\r\n3016 room, Tower C, Oriental Hope Tianxiang Square, Chengdu, China \r\n☏: +86 19982420348\r\ne-mail: juau@sfydchem.com \r\nWhatsapp/Line: +8615298045773 \r\nWechat: 19982420348 '),
(112, 7, 'field_98af1c6', ''),
(113, 7, 'field_1d2799a', 'on'),
(114, 7, 'field_70e6a3e', 'on'),
(115, 8, 'name', 'Conor'),
(116, 8, 'field_3e92175', 'Niu'),
(117, 8, 'field_0c01cc4', 'Laiwu Taifeng Foods Co.,Ltd'),
(118, 8, 'field_71ea788', 'Qingdao City ,Shandong province ,China'),
(119, 8, 'field_080928e', '+8615806342470'),
(120, 8, 'email', 'conor@taifengfoods.cn'),
(121, 8, 'field_6309b63', 'Conor'),
(122, 8, 'field_4bea344', ''),
(123, 8, 'field_574510f', 'Laiwu district Jinan City'),
(124, 8, 'field_0123ee3', ''),
(125, 8, 'field_b76057c', 'China'),
(126, 8, 'field_51e3c98', 'Purchases'),
(127, 8, 'message', ''),
(128, 8, 'field_98af1c6', ''),
(129, 8, 'field_1d2799a', 'on'),
(130, 8, 'field_70e6a3e', 'on'),
(131, 8, 'field_21b26bf', ''),
(132, 9, 'name', 'Juau'),
(133, 9, 'field_3e92175', 'Ni'),
(134, 9, 'field_0c01cc4', 'Shifang Yuda CHEMICAL'),
(135, 9, 'field_71ea788', 'China'),
(136, 9, 'field_080928e', '8619982420348'),
(137, 9, 'email', 'juau@sfydchem.com'),
(138, 9, 'field_6309b63', ''),
(139, 9, 'field_4bea344', ''),
(140, 9, 'field_574510f', ''),
(141, 9, 'field_0123ee3', ''),
(142, 9, 'field_b76057c', 'China'),
(143, 9, 'field_51e3c98', 'Sales'),
(144, 9, 'message', 'Dear Sir or Madam, \r\nHope this finds you well. \r\n \r\nI’m Juau, the head of food additives section at one of the most well-known chemical manufacturing companies in Southwest China, Shifang Yuda CHEMICAL, based on phosphates.  \r\n \r\nWe have been in this industry for over 8 years, with a strong reputation for providing high quality. On account of the government background and specialization in providing high-quality products at competitive prices. \r\n \r\nIn addition to our standard product line, we also offer customized solutions based on your specific requirements. We take great pride in providing exceptional customer service and support, for that our commitment to quality and reliability will set us apart from other suppliers in the market. \r\n \r\nOur main products: \r\n●MKP-Monopotassium Phosphate(food grade) \r\n●DKP-Dipotassium Phosphate(Trihydrate/Anhydrous) \r\n●TKPP-Tetrapotassium pyrophosphate(food grade) \r\n●MAP-Monoammonium Phosphate(food grade) \r\n●DAP-Diammonium Phosphate(food grade) \r\n●MSP-Monosodium phosphate(Dihydrate/Anhydrous) \r\n●DSP-Disodium phosphate(Dodecahydrate/Anhydrous) \r\n●TSP-Trisodium phosphate(Dodecahydrate/Anhydrous) \r\n●SAPP-Sodium Acid Pyrophosphate(food grade) \r\n●TSPP-Tetra Sodium Pyrophosphate(food grade) \r\n●SHMP-Sodium Hexameta phosphate(food grade) \r\n●STPP-Sodium Tripoly Phosphate(food grade) \r\n●85% Phosphoric Acid(food grade) \r\n●Other phosphates and food additives \r\n \r\nIf you are interested in our products or services, please do not hesitate to contact us. We look forward to establishing a long-term cooperative relationship with you. \r\n \r\nThanks and best regards, \r\nJuau \r\n \r\nShifang Yuda Chemial Co.,Ltd/Shaanxi Supply and Marketing Agricultural Products Trading Co.,Ltd\r\n3016 room, Tower C, Oriental Hope Tianxiang Square, Chengdu, China \r\n☏: +86 19982420348\r\ne-mail: juau@sfydchem.com \r\nWhatsapp/Line: +8615298045773 \r\nWechat: 19982420348'),
(145, 9, 'field_98af1c6', ''),
(146, 9, 'field_1d2799a', 'on'),
(147, 9, 'field_70e6a3e', 'on'),
(148, 10, 'name', 'TimothyPed'),
(149, 10, 'field_3e92175', 'TimothyPed'),
(150, 10, 'field_0c01cc4', 'google'),
(151, 10, 'field_71ea788', ''),
(152, 10, 'field_080928e', '89519192985'),
(153, 10, 'email', 'debugyun54@gmail.com'),
(154, 10, 'field_6309b63', 'TimothyPed'),
(155, 10, 'field_4bea344', 'Toledo'),
(156, 10, 'field_574510f', 'Toledo'),
(157, 10, 'field_0123ee3', '123214'),
(158, 10, 'field_b76057c', 'United States'),
(159, 10, 'field_51e3c98', 'HR'),
(160, 10, 'message', 'Hi \r\n \r\nDid you know that almost 60 million websites make money using Adsense? And I found that your website  could not be monetized at its best. \r\n \r\nIt may be the same situation for most people who want to join Google Adsense but have not met their requirements. \r\n \r\nBut there is another way, even better than Google Adsense. This platform is A Google Certified Publishing Partner, and joining them is free. It can help us to increase ad revenue 50-250% \r\n \r\nIf you have time, let\'s check them out at https://mkpsd.org/better-than-abg/ \r\n \r\nLet’s monetize together \r\n \r\nBest regards \r\n \r\nHeather A. Davies \r\n \r\n \r\nPlease accept my apologies if this message disturbs you.'),
(161, 10, 'field_98af1c6', ''),
(162, 10, 'field_1d2799a', 'on'),
(163, 10, 'field_70e6a3e', 'on'),
(164, 11, 'name', 'HERVE'),
(165, 11, 'field_3e92175', 'WATIO'),
(166, 11, 'field_0c01cc4', 'Grassfields-Trading'),
(167, 11, 'field_71ea788', 'Key Account Manager'),
(168, 11, 'field_080928e', '+4917641590551'),
(169, 11, 'email', 'hwatiomeli@yahoo.fr'),
(170, 11, 'field_6309b63', ''),
(171, 11, 'field_4bea344', 'An der Hochschule 15'),
(172, 11, 'field_574510f', 'Germersheim'),
(173, 11, 'field_0123ee3', '76726'),
(174, 11, 'field_b76057c', 'Germany'),
(175, 11, 'field_51e3c98', 'Purchases'),
(176, 11, 'message', 'Hello, \r\ndo you have smoked pork cartilage in stock?\r\nIf yes, for what price do you sell that?\r\nThanks and best regards\r\nHervé'),
(177, 11, 'field_98af1c6', ''),
(178, 11, 'field_1d2799a', 'on'),
(179, 11, 'field_70e6a3e', 'on'),
(180, 11, 'field_21b26bf', ''),
(181, 12, 'name', 'HERVE'),
(182, 12, 'field_3e92175', 'WATIO'),
(183, 12, 'field_0c01cc4', 'Grassfields-Trading'),
(184, 12, 'field_71ea788', 'Key Account Manager'),
(185, 12, 'field_080928e', '+4917641590551'),
(186, 12, 'email', 'hwatiomeli@yahoo.fr'),
(187, 12, 'field_6309b63', ''),
(188, 12, 'field_4bea344', 'An der Hochschule 15'),
(189, 12, 'field_574510f', 'Germersheim'),
(190, 12, 'field_0123ee3', '76726'),
(191, 12, 'field_b76057c', 'Germany'),
(192, 12, 'field_51e3c98', 'Purchases'),
(193, 12, 'message', 'Good day, \r\nI am contacting you to ask if you have smoked Pork Cartilage in Stock and how much does that cost? \r\nThank you and best regards\r\nHervé'),
(194, 12, 'field_98af1c6', ''),
(195, 12, 'field_1d2799a', 'on'),
(196, 12, 'field_70e6a3e', 'on'),
(197, 13, 'name', 'Rafal'),
(198, 13, 'field_3e92175', 'Klimuszko'),
(199, 13, 'field_0c01cc4', 'Top Ten Express Poland'),
(200, 13, 'field_71ea788', 'Freight Forwarder'),
(201, 13, 'field_080928e', '+48503060000'),
(202, 13, 'email', 'rafal@toptenexpress.pl'),
(203, 13, 'field_6309b63', ''),
(204, 13, 'field_4bea344', 'Andersa 26'),
(205, 13, 'field_574510f', 'Bialystok'),
(206, 13, 'field_0123ee3', '15-124'),
(207, 13, 'field_b76057c', 'Poland'),
(208, 13, 'field_51e3c98', 'Other'),
(209, 13, 'message', 'Hello,\r\n\r\nI hope this e-mail finds you well. My name is Rafal and I represent TOP-TEN Express Poland, the branch of American transport company. \r\n\r\nWe are looking into estabilishing cooperation with Spanish companies with imports / exports.\r\n\r\nOur main focus is Germany, Benelux & France + United States but occasionally we do Southern & Eastern Europe. I, personally work mostly with Dutch clients in FMCG sector where a timely delivery & good communication is an absolute must.\r\n\r\nThe company was founded in 2011 in Chicago, USA where we possess 100 trucks and over 120 dry-van trailers along with 3 warehouses (Chicago, New Jersey and Lakeland Florida).\r\nEuropean branch was created in 2019 in Bialystok, Poland where we own 20 new vehicle & trailers – standard tautliners and frigo trailers.\r\nWe also provide freight forwarding services, based on our data of trusted and hardworking carriers.\r\n\r\nTo keep it short – I invite you to use  our services. The quote is 100% free of charge and you should receive it in a timely manner – normally, no longer than 1 working day.\r\n\r\nYou can send the request either via e-mail or on my WhatsApp.\r\n\r\nBest regards,\r\nRafal Klimuszko\r\nTop Ten Express Poland'),
(210, 13, 'field_98af1c6', ''),
(211, 13, 'field_1d2799a', 'on'),
(212, 13, 'field_70e6a3e', 'on'),
(213, 14, 'name', 'KOFFI'),
(214, 14, 'field_3e92175', 'KOUASSI DOMINIQUE'),
(215, 14, 'field_0c01cc4', 'YAKIN FOOD'),
(216, 14, 'field_71ea788', 'Group CEO'),
(217, 14, 'field_080928e', '002250709585858'),
(218, 14, 'email', 'kouassi.dominique@yakinci.com'),
(219, 14, 'field_6309b63', '002250709585858'),
(220, 14, 'field_4bea344', ''),
(221, 14, 'field_574510f', 'Abidjan'),
(222, 14, 'field_0123ee3', '00225'),
(223, 14, 'field_b76057c', 'Ivory Coast'),
(224, 14, 'field_51e3c98', 'Sales'),
(225, 14, 'message', 'I\'m interested in your frozen pork product . Let me know if you do have below products . \r\nNeckbones , Tailbones, and front feet \r\nBEST REGARDS'),
(226, 14, 'field_98af1c6', ''),
(227, 14, 'field_1d2799a', 'on'),
(228, 14, 'field_70e6a3e', 'on'),
(229, 15, 'name', 'Monarch Web'),
(230, 15, 'field_3e92175', 'Monarch Web'),
(231, 15, 'field_0c01cc4', 'ontime Workeres'),
(232, 15, 'field_71ea788', ''),
(233, 15, 'field_080928e', '1234567890'),
(234, 15, 'email', 'monaarch.mkt@gmail.com'),
(235, 15, 'field_6309b63', 'Monarch Web'),
(236, 15, 'field_4bea344', '9119 Hwy 6, Suite 230 #162 Missouri City , Tx – 77495'),
(237, 15, 'field_574510f', 'Missouri City'),
(238, 15, 'field_0123ee3', ''),
(239, 15, 'field_b76057c', 'Botswana'),
(240, 15, 'field_51e3c98', 'Purchases'),
(241, 15, 'message', 'Hello Smithfield.com.es,\r\n\r\nCan you give me a few minutes!!\r\n\r\nI was looking for your website which was not in the top three pages of Google. If you were on page #1 or #2, you\'d get so many new customers every day. You\'re so close!\r\n                                                                                                                                                        \r\nI can help you do better on your ranking for all search engines if you can give us permission. We are the best service provider in optimization in your area. We also offer the most competitive rates for this service!!\r\n \r\nPlease email us back. I can send you our Portfolio/Packages (low Cost)/more info.\r\n\r\nI look forward to hearing from you.\r\n\r\nRegards,\r\nMonarch'),
(242, 15, 'field_98af1c6', ''),
(243, 15, 'field_1d2799a', 'on'),
(244, 15, 'field_70e6a3e', 'on'),
(245, 16, 'name', 'Rita'),
(246, 16, 'field_3e92175', 'Wu'),
(247, 16, 'field_0c01cc4', 'UR Frozen Food'),
(248, 16, 'field_71ea788', 'Procurement Representative'),
(249, 16, 'field_080928e', '17786979738'),
(250, 16, 'email', 'rita.wu@urfrozen.com'),
(251, 16, 'field_6309b63', ''),
(252, 16, 'field_4bea344', '3820 Cessna Crs'),
(253, 16, 'field_574510f', 'Richmond'),
(254, 16, 'field_0123ee3', 'V7B 0A 2'),
(255, 16, 'field_b76057c', 'Canada'),
(256, 16, 'field_51e3c98', 'Purchases'),
(257, 16, 'message', 'Hi there,\r\nMy name is Rita Wu, the procurement representative of UR FROZEN CANADA, and we would like to extend our sincere greetings to you. I tried to reach you last month but you were not in the office during that time.\r\nKnowing that your company has been certified by PRC in China, we are writing to explore potential procurement collaboration opportunities and establish a long-term and stable business partnership. \r\nUR Frozen is committed to the trade of frozen meat products and has extensive experience and a professional team in this industry. Our main office is in Vancouver, but we also have distributors in China. We have an advanced e-commerce platform and a well-established supply chain network, ensuring timely delivery and reliable logistics services. Our team is experienced and has in-depth knowledge of international trade processes and relevant documentation, guaranteeing efficient order processing and smooth customs clearance procedures.\r\nWe are interested in establishing a partnership with your company and would like to source the following pork products from you:\r\nPork front feet & hind feet\r\n\r\nIf your company is interested in our services and collaboration, please do not hesitate to contact us. You can also get more information about our company through https://www.urfrozen.ca.\r\nThank you for considering our company, and we eagerly anticipate the opportunity to establish a mutually beneficial partnership with your esteemed organization.\r\n\r\nBest regards,\r\n-- \r\nRita Wu\r\nProcurement Representative\r\nUR Frozen\r\nrita.wu@urfrozen.com'),
(258, 16, 'field_98af1c6', ''),
(259, 16, 'field_1d2799a', 'on'),
(260, 16, 'field_70e6a3e', 'on'),
(261, 17, 'name', 'LaDeane'),
(262, 17, 'field_3e92175', 'Richardson'),
(263, 17, 'field_0c01cc4', 'Asia Trading Enterprises Pty Ltd'),
(264, 17, 'field_71ea788', 'Director'),
(265, 17, 'field_080928e', '61412318671'),
(266, 17, 'email', 'walinternationalpty@gmail.com'),
(267, 17, 'field_6309b63', 'LaDeane Richardson'),
(268, 17, 'field_4bea344', 'Sydney'),
(269, 17, 'field_574510f', 'The Ponds'),
(270, 17, 'field_0123ee3', '2769'),
(271, 17, 'field_b76057c', 'Australia'),
(272, 17, 'field_51e3c98', 'Sales'),
(273, 17, 'message', 'Morning,\r\nMy company Asia Trading Enterprises Pty Ltd is based in Australia and we export products globally to China.\r\nWe are currently sourcing Pork products:\r\nPork belly\r\nPork ribs\r\nPork trotters\r\nPork bones\r\nPork heads (whole including ears)\r\nBefore providing any additional information, is your company able to assist with all products listed?Please confirm your Chinese Registration number issued by, General Administration of Customs P.R. China and your pork processing facility address associated with that specific number.\r\nI need to confirm your eligibility to export to mainland China, we have been caught out in the past.\r\n\r\nI look forward to hearing from you.\r\n\r\nKind Regards,\r\n\r\nLaDeane Richardson\r\nManaging Director\r\nAsia Trading Enterprises Pty Ltd\r\n+61 4123 18671'),
(274, 17, 'field_98af1c6', ''),
(275, 17, 'field_1d2799a', 'on'),
(276, 17, 'field_70e6a3e', 'on'),
(277, 18, 'name', 'Jonah'),
(278, 18, 'field_3e92175', 'Joaquin'),
(279, 18, 'field_0c01cc4', 'Jonah’s'),
(280, 18, 'field_71ea788', 'Owner'),
(281, 18, 'field_080928e', '0483354639'),
(282, 18, 'email', 'jonah_joaquin@yahoo.com'),
(283, 18, 'field_6309b63', ''),
(284, 18, 'field_4bea344', '4/4 Wharf Street East'),
(285, 18, 'field_574510f', 'Queenscliff'),
(286, 18, 'field_0123ee3', '3225'),
(287, 18, 'field_b76057c', 'Australia'),
(288, 18, 'field_51e3c98', 'Sales'),
(289, 18, 'message', 'What is the minimum order and please send me a quotation.'),
(290, 18, 'field_98af1c6', ''),
(291, 18, 'field_1d2799a', 'on'),
(292, 18, 'field_70e6a3e', 'on'),
(293, 18, 'field_21b26bf', ''),
(294, 19, 'name', 'Jonah'),
(295, 19, 'field_3e92175', 'Joaquin'),
(296, 19, 'field_0c01cc4', 'Jonah’s'),
(297, 19, 'field_71ea788', 'Owner'),
(298, 19, 'field_080928e', '0483354639'),
(299, 19, 'email', 'jonah_joaquin@yahoo.com'),
(300, 19, 'field_6309b63', ''),
(301, 19, 'field_4bea344', '4/4 Wharf Street East'),
(302, 19, 'field_574510f', 'Queenscliff'),
(303, 19, 'field_0123ee3', '3225'),
(304, 19, 'field_b76057c', 'Australia'),
(305, 19, 'field_51e3c98', 'Sales'),
(306, 19, 'message', 'What is the minimum order and please send me a quotation.'),
(307, 19, 'field_98af1c6', ''),
(308, 19, 'field_1d2799a', 'on'),
(309, 19, 'field_70e6a3e', 'on'),
(310, 19, 'field_21b26bf', ''),
(311, 20, 'name', 'Jonah'),
(312, 20, 'field_3e92175', 'Joaquin'),
(313, 20, 'field_0c01cc4', 'Jonah’s'),
(314, 20, 'field_71ea788', 'Owner'),
(315, 20, 'field_080928e', '0483354639'),
(316, 20, 'email', 'jonah_joaquin@yahoo.com'),
(317, 20, 'field_6309b63', ''),
(318, 20, 'field_4bea344', '4/4 Wharf Street East'),
(319, 20, 'field_574510f', 'Queenscliff'),
(320, 20, 'field_0123ee3', '3225'),
(321, 20, 'field_b76057c', 'Australia'),
(322, 20, 'field_51e3c98', 'Sales'),
(323, 20, 'message', 'What is the minimum order and please send me a quotation.'),
(324, 20, 'field_98af1c6', ''),
(325, 20, 'field_1d2799a', 'on'),
(326, 20, 'field_70e6a3e', 'on'),
(327, 20, 'field_21b26bf', ''),
(328, 21, 'name', 'Abby'),
(329, 21, 'field_3e92175', 'Xu'),
(330, 21, 'field_0c01cc4', 'JiXiangLu International Trade Co.,Ltd'),
(331, 21, 'field_71ea788', ''),
(332, 21, 'field_080928e', '+8615203159252'),
(333, 21, 'email', 'abigail@jxl-iti.com'),
(334, 21, 'field_6309b63', ''),
(335, 21, 'field_4bea344', 'Tangshan,Hebei,China'),
(336, 21, 'field_574510f', 'tangshan'),
(337, 21, 'field_0123ee3', '063000'),
(338, 21, 'field_b76057c', 'China'),
(339, 21, 'field_51e3c98', 'Sales'),
(340, 21, 'message', 'Glad to know you!\r\n\r\nWe are JiXiangLu International Trade Co.,Ltd from China, currently planning to import 300 tons of pig trotters before the Chinese New Year. I saw your company on the list of qualified suppliers on the China Customs website, so I would like to further communicate with you about imported things.\r\n\r\nIf you have a form about details to know you can send me to fill out for better communication.\r\n\r\nLooking forward your reply!'),
(341, 21, 'field_98af1c6', ''),
(342, 21, 'field_1d2799a', 'on'),
(343, 21, 'field_70e6a3e', 'on'),
(344, 22, 'name', 'Ketino'),
(345, 22, 'field_3e92175', 'Zarandia'),
(346, 22, 'field_0c01cc4', 'Bluenet Trading LLC'),
(347, 22, 'field_71ea788', 'sales manager'),
(348, 22, 'field_080928e', '+995568686976'),
(349, 22, 'email', 'ketino.zarandia053@pes.tsu.edu.ge'),
(350, 22, 'field_6309b63', ''),
(351, 22, 'field_4bea344', 'POTI, GEORGIA'),
(352, 22, 'field_574510f', 'POTI'),
(353, 22, 'field_0123ee3', ''),
(354, 22, 'field_b76057c', 'Georgia'),
(355, 22, 'field_51e3c98', 'Sales'),
(356, 22, 'message', 'Welcome, we are contacting you\r\nThe sales manager of Bluenet Trading LLC will introduce you to our products, documentation and photos, if you are interested, we can also provide you with video material.\r\n\r\nActual cost of products is: $156,480\r\n\r\nThe products are placed in plastic barrels.\r\n\r\nWe have 80 barrels in total;\r\nin each plastic barrel;\r\n240 bundles of salted pork intestines are placed;\r\nEach bundle is 89 meters long;\r\nCaliber sizes: 44/46, 46/48, 48+;\r\n\r\nDue to the fact that we have to close the company, it is advantageous for us to sell the product in full, in this case its full value will be\r\n$80,000.\r\n\r\nCurrently, the location of the product is the country Georgia. The product comes with the corresponding vet. certificate.\r\n\r\nIf you are interested, please contact us.\r\n\r\nSincerely, Katie'),
(357, 22, 'field_98af1c6', ''),
(358, 22, 'field_1d2799a', 'on'),
(359, 22, 'field_70e6a3e', 'on'),
(360, 23, 'name', 'Yusheng'),
(361, 23, 'field_3e92175', 'Li'),
(362, 23, 'field_0c01cc4', 'Guangdong Yuelong Trading Co., Ltd.'),
(363, 23, 'field_71ea788', 'China'),
(364, 23, 'field_080928e', '+86;15707587073'),
(365, 23, 'email', 'liyusheng1997@icloud.com'),
(366, 23, 'field_6309b63', 'Li'),
(367, 23, 'field_4bea344', 'Guangzhou'),
(368, 23, 'field_574510f', 'Zhaoqing'),
(369, 23, 'field_0123ee3', '526107'),
(370, 23, 'field_b76057c', 'China'),
(371, 23, 'field_51e3c98', 'Purchases'),
(372, 23, 'message', 'Buy Frozen Pig Fat Products'),
(373, 23, 'field_98af1c6', ''),
(374, 23, 'field_1d2799a', 'on'),
(375, 23, 'field_70e6a3e', 'on'),
(376, 23, 'field_21b26bf', ''),
(377, 24, 'name', 'Yusheng'),
(378, 24, 'field_3e92175', 'Li'),
(379, 24, 'field_0c01cc4', 'Guangdong Yuelong Trading Co., Ltd.'),
(380, 24, 'field_71ea788', 'China'),
(381, 24, 'field_080928e', '+86;15707587073'),
(382, 24, 'email', 'liyusheng1997@icloud.com'),
(383, 24, 'field_6309b63', 'Li'),
(384, 24, 'field_4bea344', 'Guangzhou'),
(385, 24, 'field_574510f', 'Zhaoqing'),
(386, 24, 'field_0123ee3', '526107'),
(387, 24, 'field_b76057c', 'China'),
(388, 24, 'field_51e3c98', 'Purchases'),
(389, 24, 'message', 'Buy Frozen Pig Fat Products'),
(390, 24, 'field_98af1c6', ''),
(391, 24, 'field_1d2799a', 'on'),
(392, 24, 'field_70e6a3e', 'on'),
(393, 24, 'field_21b26bf', ''),
(394, 25, 'name', 'Yusheng'),
(395, 25, 'field_3e92175', 'Li'),
(396, 25, 'field_0c01cc4', 'Guangdong Yuelong Trading Co., Ltd.'),
(397, 25, 'field_71ea788', 'Zhaoqing City'),
(398, 25, 'field_080928e', '+86;15707587073'),
(399, 25, 'email', 'liyusheng1997@icloud.com'),
(400, 25, 'field_6309b63', 'Li'),
(401, 25, 'field_4bea344', 'Zhaoqing'),
(402, 25, 'field_574510f', 'Guangzhou'),
(403, 25, 'field_0123ee3', '526107'),
(404, 25, 'field_b76057c', 'China'),
(405, 25, 'field_51e3c98', 'Purchases'),
(406, 25, 'message', 'Buy Frozen Pig Fat Products'),
(407, 25, 'field_98af1c6', ''),
(408, 25, 'field_1d2799a', 'on'),
(409, 25, 'field_70e6a3e', 'on'),
(410, 26, 'name', 'ryan'),
(411, 26, 'field_3e92175', 'cruz'),
(412, 26, 'field_0c01cc4', 'self employed'),
(413, 26, 'field_71ea788', 'owner'),
(414, 26, 'field_080928e', '09469456042'),
(415, 26, 'email', 'curayski@gmail.com'),
(416, 26, 'field_6309b63', ''),
(417, 26, 'field_4bea344', 'b36 l3 vatican city drive, bf resort village'),
(418, 26, 'field_574510f', 'las piñas city'),
(419, 26, 'field_0123ee3', '1747'),
(420, 26, 'field_b76057c', 'Philippines'),
(421, 26, 'field_51e3c98', 'Purchases'),
(422, 26, 'message', ''),
(423, 26, 'field_98af1c6', ''),
(424, 26, 'field_1d2799a', 'on'),
(425, 26, 'field_70e6a3e', 'on'),
(426, 26, 'field_21b26bf', ''),
(427, 27, 'name', 'ryan'),
(428, 27, 'field_3e92175', 'cruz'),
(429, 27, 'field_0c01cc4', 'self employed'),
(430, 27, 'field_71ea788', 'owner'),
(431, 27, 'field_080928e', '09469456042'),
(432, 27, 'email', 'curayski@gmail.com'),
(433, 27, 'field_6309b63', ''),
(434, 27, 'field_4bea344', 'b36 l3 vatican city drive, bf resort village'),
(435, 27, 'field_574510f', 'las piñas city'),
(436, 27, 'field_0123ee3', '1747'),
(437, 27, 'field_b76057c', 'Philippines'),
(438, 27, 'field_51e3c98', 'Purchases'),
(439, 27, 'message', ''),
(440, 27, 'field_98af1c6', ''),
(441, 27, 'field_1d2799a', 'on'),
(442, 27, 'field_70e6a3e', 'on'),
(443, 27, 'field_21b26bf', ''),
(444, 28, 'name', 'Leonid'),
(445, 28, 'field_3e92175', 'Katsnelson'),
(446, 28, 'field_0c01cc4', 'El Cohen gourmet kitchen'),
(447, 28, 'field_71ea788', 'Owner'),
(448, 28, 'field_080928e', '19176370741'),
(449, 28, 'email', 'LennyKats@gmail.com'),
(450, 28, 'field_6309b63', ''),
(451, 28, 'field_4bea344', '810 Gaskin Ct North'),
(452, 28, 'field_574510f', 'Lords Valley'),
(453, 28, 'field_0123ee3', '18428'),
(454, 28, 'field_b76057c', 'United States'),
(455, 28, 'field_51e3c98', 'Purchases'),
(456, 28, 'message', 'We are looking to buy good quality pork back fat in huge amount, in wholesale prices! Send us all info, shipping details, payment methods and everything related to this stuff! Many Thanks!'),
(457, 28, 'field_98af1c6', ''),
(458, 28, 'field_1d2799a', 'on'),
(459, 28, 'field_70e6a3e', 'on'),
(460, 28, 'field_21b26bf', ''),
(461, 29, 'name', 'Leonid'),
(462, 29, 'field_3e92175', 'Katsnelson'),
(463, 29, 'field_0c01cc4', 'El Cohen gourmet kitchen'),
(464, 29, 'field_71ea788', 'Owner'),
(465, 29, 'field_080928e', '19176370741'),
(466, 29, 'email', 'LennyKats@gmail.com'),
(467, 29, 'field_6309b63', ''),
(468, 29, 'field_4bea344', '810 Gaskin Ct North'),
(469, 29, 'field_574510f', 'Lords Valley'),
(470, 29, 'field_0123ee3', '18428'),
(471, 29, 'field_b76057c', 'United States'),
(472, 29, 'field_51e3c98', 'Purchases'),
(473, 29, 'message', 'We are looking to buy good quality pork back fat in huge amount, in wholesale prices! Send us all info, shipping details, payment methods and everything related to this stuff! Many Thanks!'),
(474, 29, 'field_98af1c6', ''),
(475, 29, 'field_1d2799a', 'on'),
(476, 29, 'field_70e6a3e', 'on'),
(477, 29, 'field_21b26bf', ''),
(478, 30, 'name', 'George'),
(479, 30, 'field_3e92175', 'Ciustea'),
(480, 30, 'field_0c01cc4', 'Molditrans srl'),
(481, 30, 'field_71ea788', 'comercial'),
(482, 30, 'field_080928e', '0040724569833'),
(483, 30, 'email', 'george.molditrans@gmail.com'),
(484, 30, 'field_6309b63', ''),
(485, 30, 'field_4bea344', ''),
(486, 30, 'field_574510f', 'Otelu Rosu'),
(487, 30, 'field_0123ee3', '325700'),
(488, 30, 'field_b76057c', 'Romania'),
(489, 30, 'field_51e3c98', 'Sales'),
(490, 30, 'message', 'BUENOS DIAS\r\n\r\nCOLABORACION TRANSPOR FRIGORIFICOS ESPANA- RUMANIA.'),
(491, 30, 'field_98af1c6', ''),
(492, 30, 'field_1d2799a', 'on'),
(493, 30, 'field_70e6a3e', 'on'),
(494, 31, 'name', 'George'),
(495, 31, 'field_3e92175', 'Ciustea'),
(496, 31, 'field_0c01cc4', 'Molditrans srl'),
(497, 31, 'field_71ea788', 'comercial'),
(498, 31, 'field_080928e', '0040724569833'),
(499, 31, 'email', 'george.molditrans@gmail.com'),
(500, 31, 'field_6309b63', ''),
(501, 31, 'field_4bea344', ''),
(502, 31, 'field_574510f', 'Otelu Rosu'),
(503, 31, 'field_0123ee3', '325700'),
(504, 31, 'field_b76057c', 'Romania'),
(505, 31, 'field_51e3c98', 'Sales'),
(506, 31, 'message', 'BUENOS DIAS\r\n\r\nCOLABORACION TRANSPOR FRIGORIFICOS ESPANA- RUMANIA.'),
(507, 31, 'field_98af1c6', ''),
(508, 31, 'field_1d2799a', 'on'),
(509, 31, 'field_70e6a3e', 'on'),
(510, 32, 'name', 'George'),
(511, 32, 'field_3e92175', 'Ciustea'),
(512, 32, 'field_0c01cc4', 'Molditrans srl'),
(513, 32, 'field_71ea788', 'comercial'),
(514, 32, 'field_080928e', '0040724569833'),
(515, 32, 'email', 'george.molditrans@gmail.com'),
(516, 32, 'field_6309b63', ''),
(517, 32, 'field_4bea344', ''),
(518, 32, 'field_574510f', 'Otelu Rosu'),
(519, 32, 'field_0123ee3', '325700'),
(520, 32, 'field_b76057c', 'Romania'),
(521, 32, 'field_51e3c98', 'Sales'),
(522, 32, 'message', 'BUENOS DIAS\r\n\r\nCOLABORACION TRANSPOR FRIGORIFICOS ESPANA- RUMANIA.'),
(523, 32, 'field_98af1c6', ''),
(524, 32, 'field_1d2799a', 'on'),
(525, 32, 'field_70e6a3e', 'on'),
(526, 33, 'name', 'George'),
(527, 33, 'field_3e92175', 'Ciustea'),
(528, 33, 'field_0c01cc4', 'Molditrans srl'),
(529, 33, 'field_71ea788', 'comercial'),
(530, 33, 'field_080928e', '0040724569833'),
(531, 33, 'email', 'george.molditrans@gmail.com'),
(532, 33, 'field_6309b63', 'WWW.MOLDITRANS.RO'),
(533, 33, 'field_4bea344', 'COLABORACION'),
(534, 33, 'field_574510f', 'Otelu Rosu'),
(535, 33, 'field_0123ee3', '325700'),
(536, 33, 'field_b76057c', 'Romania'),
(537, 33, 'field_51e3c98', 'Sales'),
(538, 33, 'message', 'BUENOS DIAS\r\n\r\nCOLABORACION TRANSPOR FRIGORIFICOS ESPANA- RUMANIA.'),
(539, 33, 'field_98af1c6', ''),
(540, 33, 'field_1d2799a', 'on'),
(541, 33, 'field_70e6a3e', 'on'),
(542, 34, 'name', 'Kathy'),
(543, 34, 'field_3e92175', 'Lai'),
(544, 34, 'field_0c01cc4', 'ITGIU groop'),
(545, 34, 'field_71ea788', 'Global operation manager'),
(546, 34, 'field_080928e', '+385955243470'),
(547, 34, 'email', 'kathylai@itgiu.com'),
(548, 34, 'field_6309b63', ''),
(549, 34, 'field_4bea344', ''),
(550, 34, 'field_574510f', ''),
(551, 34, 'field_0123ee3', ''),
(552, 34, 'field_b76057c', 'Austria'),
(553, 34, 'field_51e3c98', 'Purchases'),
(554, 34, 'message', ''),
(555, 34, 'field_98af1c6', ''),
(556, 34, 'field_1d2799a', 'on'),
(557, 34, 'field_70e6a3e', 'on'),
(558, 35, 'name', 'Changed'),
(559, 35, 'field_3e92175', 'liu'),
(560, 35, 'field_0c01cc4', ''),
(561, 35, 'field_71ea788', ''),
(562, 35, 'field_080928e', '07755718888'),
(563, 35, 'email', 'changdeliu@126.com'),
(564, 35, 'field_6309b63', ''),
(565, 35, 'field_4bea344', '10126 Kings Amethyst St, Las Vegas NV 89141'),
(566, 35, 'field_574510f', 'Las Vegan'),
(567, 35, 'field_0123ee3', '89141'),
(568, 35, 'field_b76057c', 'United States'),
(569, 35, 'field_51e3c98', 'Sales'),
(570, 35, 'message', '你好、我需要大量猪小肠、每月需要数量50吨、请报一个合理价格给我，谢谢'),
(571, 35, 'field_98af1c6', ''),
(572, 35, 'field_1d2799a', 'on'),
(573, 35, 'field_70e6a3e', 'on'),
(574, 35, 'field_21b26bf', ''),
(575, 36, 'name', 'David'),
(576, 36, 'field_3e92175', 'Ma'),
(577, 36, 'field_0c01cc4', 'Win Power International'),
(578, 36, 'field_71ea788', 'Purchasing Manager'),
(579, 36, 'field_080928e', '+8613917719101'),
(580, 36, 'email', 'maxiaobao@hotmail.com'),
(581, 36, 'field_6309b63', ''),
(582, 36, 'field_4bea344', ''),
(583, 36, 'field_574510f', ''),
(584, 36, 'field_0123ee3', ''),
(585, 36, 'field_b76057c', 'China'),
(586, 36, 'field_51e3c98', 'Sales'),
(587, 36, 'message', 'Hi, \r\nWe are a Chinese company that specializes in pork processing, and we would like to import products directly from United States. Please kindly send us an email so that we can send you our company profile for review. We hope to establish a long term business relationship with your company.\r\nThank you so much.\r\nDavid'),
(588, 36, 'field_98af1c6', ''),
(589, 36, 'field_1d2799a', 'on'),
(590, 36, 'field_70e6a3e', 'on'),
(591, 37, 'name', 'Jonathan'),
(592, 37, 'field_3e92175', 'Bangayan'),
(593, 37, 'field_0c01cc4', 'Mother\'s Produce'),
(594, 37, 'field_71ea788', 'Purchasing Manager'),
(595, 37, 'field_080928e', '09172356788'),
(596, 37, 'email', 'jonathan.bangayan@yahoo.com'),
(597, 37, 'field_6309b63', 'Jonathan Bangayan'),
(598, 37, 'field_4bea344', '522 Surigao Street, Insular Vill. 2, Davao City'),
(599, 37, 'field_574510f', 'Davao'),
(600, 37, 'field_0123ee3', '8000'),
(601, 37, 'field_b76057c', 'Philippines'),
(602, 37, 'field_51e3c98', 'Purchases'),
(603, 37, 'message', 'Good Day!\r\n\r\n\r\nI am Jonathan Bangayan, the representative of Mother\'s Produce, Inc. Our company specializes in importing and distributing high-quality food products to the greater southern Philippine market (specifically the island of Mindanao). Currently we are focused on fresh produce, but we are excited about the prospect of extending our product line to include imported meat, specifically pork.\r\n\r\nWe would love to start a business relationship with you. Would it be possible to open a line of communication and ask for an initial quotation for your pork products to be shipped to Davao City, Philippines? We would greatly appreciate your insights and the chance to discuss how we can move forward together.\r\n\r\nThank you for considering this proposal. Looking forward to doing business together!\r\n\r\n\r\n\r\nBest regards,\r\n\r\nJonathan Bangayan\r\nPurchasing Director\r\nMother\'s Produce, Inc.'),
(604, 37, 'field_98af1c6', ''),
(605, 37, 'field_1d2799a', 'on'),
(606, 37, 'field_70e6a3e', 'on'),
(607, 38, 'name', 'Jonathan'),
(608, 38, 'field_3e92175', 'Bangayan'),
(609, 38, 'field_0c01cc4', 'Mother\'s Produce'),
(610, 38, 'field_71ea788', 'Purchasing Manager'),
(611, 38, 'field_080928e', '09172356788'),
(612, 38, 'email', 'jonathan.bangayan@yahoo.com'),
(613, 38, 'field_6309b63', 'Jonathan Bangayan'),
(614, 38, 'field_4bea344', '522 Surigao Street, Insular Vill. 2, Davao City'),
(615, 38, 'field_574510f', 'Davao'),
(616, 38, 'field_0123ee3', '8000'),
(617, 38, 'field_b76057c', 'Philippines'),
(618, 38, 'field_51e3c98', 'Purchases'),
(619, 38, 'message', 'Good Day!\r\n\r\n\r\nI am Jonathan Bangayan, the representative of Mother\'s Produce, Inc. Our company specializes in importing and distributing high-quality food products to the greater southern Philippine market (specifically the island of Mindanao). Currently we are focused on fresh produce, but we are excited about the prospect of extending our product line to include imported meat, specifically pork.\r\n\r\nWe would love to start a business relationship with you. Would it be possible to open a line of communication and ask for an initial quotation for your pork products to be shipped to Davao City, Philippines? We would greatly appreciate your insights and the chance to discuss how we can move forward together.\r\n\r\nThank you for considering this proposal. Looking forward to doing business together!\r\n\r\n\r\n\r\nBest regards,\r\n\r\nJonathan Bangayan\r\nPurchasing Director\r\nMother\'s Produce, Inc.'),
(620, 38, 'field_98af1c6', ''),
(621, 38, 'field_1d2799a', 'on'),
(622, 38, 'field_70e6a3e', 'on'),
(623, 39, 'name', 'Ben'),
(624, 39, 'field_3e92175', 'Xiang'),
(625, 39, 'field_0c01cc4', 'Chongqing Sino-Latin Import&Export Co., Ltd'),
(626, 39, 'field_71ea788', 'General Manager'),
(627, 39, 'field_080928e', '008613883293741'),
(628, 39, 'email', 'ben@grupo-dragon.com'),
(629, 39, 'field_6309b63', ''),
(630, 39, 'field_4bea344', ''),
(631, 39, 'field_574510f', ''),
(632, 39, 'field_0123ee3', ''),
(633, 39, 'field_b76057c', 'China'),
(634, 39, 'field_51e3c98', 'Purchases'),
(635, 39, 'message', 'Dear Sir or Madam,\r\n\r\nHow are you?\r\n\r\nThis is Ben and we are doing the import and export business for years. We got a potetntial client who is interested in pork trotters. \r\n\r\nCan and did  you export to China? If yes, could you give us a quotation based on one contatiner quantity. Thank you and Any queries, please let me know.\r\n\r\nBest Regards\r\nBen'),
(636, 39, 'field_98af1c6', ''),
(637, 39, 'field_1d2799a', 'on'),
(638, 39, 'field_70e6a3e', 'on'),
(639, 40, 'name', 'Ano'),
(640, 40, 'field_3e92175', 'Mero'),
(641, 40, 'field_0c01cc4', 'K.u.c'),
(642, 40, 'field_71ea788', 'Managers'),
(643, 40, 'field_080928e', '7005791720'),
(644, 40, 'email', 'anomero986286@gmail.com'),
(645, 40, 'field_6309b63', 'Ano'),
(646, 40, 'field_4bea344', '4th Mile chumukedima'),
(647, 40, 'field_574510f', 'Dimapur'),
(648, 40, 'field_0123ee3', '797115'),
(649, 40, 'field_b76057c', 'India'),
(650, 40, 'field_51e3c98', 'Purchases'),
(651, 40, 'message', ''),
(652, 40, 'field_98af1c6', ''),
(653, 40, 'field_1d2799a', 'on'),
(654, 40, 'field_70e6a3e', 'on'),
(655, 41, 'name', 'Ano'),
(656, 41, 'field_3e92175', 'Mero'),
(657, 41, 'field_0c01cc4', 'K.u.c'),
(658, 41, 'field_71ea788', 'Managers'),
(659, 41, 'field_080928e', '7005791720'),
(660, 41, 'email', 'anomero986286@gmail.com'),
(661, 41, 'field_6309b63', 'Ano'),
(662, 41, 'field_4bea344', '4th Mile chumukedima'),
(663, 41, 'field_574510f', 'Dimapur'),
(664, 41, 'field_0123ee3', '797115'),
(665, 41, 'field_b76057c', 'India'),
(666, 41, 'field_51e3c98', 'Purchases'),
(667, 41, 'message', ''),
(668, 41, 'field_98af1c6', ''),
(669, 41, 'field_1d2799a', 'on'),
(670, 41, 'field_70e6a3e', 'on'),
(671, 42, 'name', 'Ano'),
(672, 42, 'field_3e92175', 'Mero'),
(673, 42, 'field_0c01cc4', 'K.u.c'),
(674, 42, 'field_71ea788', 'Managers'),
(675, 42, 'field_080928e', '7005791720'),
(676, 42, 'email', 'anomero986286@gmail.com'),
(677, 42, 'field_6309b63', 'Ano'),
(678, 42, 'field_4bea344', '4th Mile chumukedima'),
(679, 42, 'field_574510f', 'Dimapur'),
(680, 42, 'field_0123ee3', '797115'),
(681, 42, 'field_b76057c', 'India'),
(682, 42, 'field_51e3c98', 'Purchases'),
(683, 42, 'message', 'Would like to be a buy'),
(684, 42, 'field_98af1c6', ''),
(685, 42, 'field_1d2799a', 'on'),
(686, 42, 'field_70e6a3e', 'on'),
(687, 43, 'name', 'Scott Gould'),
(688, 43, 'field_3e92175', 'Scott Gould'),
(689, 43, 'field_0c01cc4', 'Consumer Products Intl'),
(690, 43, 'field_71ea788', ''),
(691, 43, 'field_080928e', '15615440719'),
(692, 43, 'email', 'scott@consumerproductsintl.com'),
(693, 43, 'field_6309b63', 'Scott Gould'),
(694, 43, 'field_4bea344', 'Im Sandbuel 144'),
(695, 43, 'field_574510f', 'Fregiecourt'),
(696, 43, 'field_0123ee3', ''),
(697, 43, 'field_b76057c', 'Algeria'),
(698, 43, 'field_51e3c98', 'HR'),
(699, 43, 'message', 'By way of introduction, I am Scott Gould with Consumer Products International, a leader in sales, marketing, and distribution, connecting product manufacturers with major retailers within the United States.\r\n\r\nDiscover how we can help you expand your reach and bring your products to American consumers.\r\n\r\nFor more information on distribution please visit: http://go.consumerproductsintl.com/cpi-2019/\r\n\r\nLet\'s explore the possibilities of collaboration. Contact us at 1-561-544-0719'),
(700, 43, 'field_98af1c6', ''),
(701, 43, 'field_1d2799a', 'on'),
(702, 43, 'field_70e6a3e', 'on'),
(703, 44, 'name', 'Scott Gould'),
(704, 44, 'field_3e92175', 'Scott Gould'),
(705, 44, 'field_0c01cc4', 'Nutritional Products International'),
(706, 44, 'field_71ea788', ''),
(707, 44, 'field_080928e', '15615440719'),
(708, 44, 'email', 'scott@nutricompany.com'),
(709, 44, 'field_6309b63', 'Scott Gould'),
(710, 44, 'field_4bea344', 'Ul. Malachowskiego Stanislawa 125'),
(711, 44, 'field_574510f', 'Poznan'),
(712, 44, 'field_0123ee3', ''),
(713, 44, 'field_b76057c', 'Iran'),
(714, 44, 'field_51e3c98', 'Purchases'),
(715, 44, 'message', 'By way of introduction, I am Scott Gould with Nutritional Products International, a leader in sales, marketing, and distribution, connecting product manufacturers with major retailers within the United States.\r\n\r\nDiscover how we can help you expand your reach and bring your products to American consumers.\r\n\r\nFor more information on distribution please visit: https://go.nutricompany.com/expand-your-sales/\r\n\r\nLet\'s explore the possibilities of collaboration. Contact us at 1-561-544-0719'),
(716, 44, 'field_98af1c6', ''),
(717, 44, 'field_1d2799a', 'on'),
(718, 44, 'field_70e6a3e', 'on'),
(719, 45, 'name', 'Ricky'),
(720, 45, 'field_3e92175', 'Zhou'),
(721, 45, 'field_0c01cc4', 'buyer from CHENGDU CHINA'),
(722, 45, 'field_71ea788', 'Purchasing DIrector'),
(723, 45, 'field_080928e', ''),
(724, 45, 'email', 'zkhscf@126.com'),
(725, 45, 'field_6309b63', ''),
(726, 45, 'field_4bea344', ''),
(727, 45, 'field_574510f', ''),
(728, 45, 'field_0123ee3', ''),
(729, 45, 'field_b76057c', 'Afghanistan'),
(730, 45, 'field_51e3c98', 'Sales'),
(731, 45, 'message', 'I want to buy and import PigThoracic Aortah will be used for hot pot food, please contact my by email once you free and help to send the company profile.'),
(732, 45, 'field_98af1c6', ''),
(733, 45, 'field_1d2799a', 'on'),
(734, 45, 'field_70e6a3e', 'on'),
(735, 46, 'name', 'Sergei'),
(736, 46, 'field_3e92175', 'Orlov'),
(737, 46, 'field_0c01cc4', 'FG Foods'),
(738, 46, 'field_71ea788', 'manager'),
(739, 46, 'field_080928e', '89258121323'),
(740, 46, 'email', 'fgfoods1@gmail.com'),
(741, 46, 'field_6309b63', ''),
(742, 46, 'field_4bea344', ''),
(743, 46, 'field_574510f', ''),
(744, 46, 'field_0123ee3', ''),
(745, 46, 'field_b76057c', 'China'),
(746, 46, 'field_51e3c98', 'Purchases'),
(747, 46, 'message', 'Dear partners,\r\n\r\n\r\nMy name is Sergei, FG foods Ltd. Company (UAE). We are a global supplier of different food products to international markets.\r\n\r\nWe work as an agent of  XINDONGSEN GROUP (big Chinese Importer) and we are interested to buy  frozen pork offal and cuts for PRC from you.\r\n\r\nAt this moment we have an interest in pork heads, front and hind feet, snouts, softbones, spareribs.\r\n\r\nWe can do all logistics ourselves (if necessary).\r\n\r\nPlease start sending us your offers for China. \r\n\r\n\r\n\r\nWe also work with a big number of customers in Vietnam and can sell your products to this destination too. \r\n\r\n \r\n\r\nShort information about us:\r\n\r\nWe are in meat business since 2001. Our main business now is sales of frozen chicken, beef and pork from all over the world to PRC and Vietnam.\r\n\r\nIf you have any questions, please let us know.\r\n\r\n \r\n\r\nWaiting for your kind reply.\r\n\r\n\r\n\r\nBest regards,\r\n\r\nSergei Orlov\r\nMob. +7 925 812 1323\r\n(WhatsApp/Viber/Telegram/WeChat/Zalo)'),
(748, 46, 'field_98af1c6', ''),
(749, 46, 'field_1d2799a', 'on'),
(750, 46, 'field_70e6a3e', 'on'),
(751, 47, 'name', 'Sergei'),
(752, 47, 'field_3e92175', 'Orlov'),
(753, 47, 'field_0c01cc4', 'FG Foods'),
(754, 47, 'field_71ea788', 'manager'),
(755, 47, 'field_080928e', '89258121323'),
(756, 47, 'email', 'fgfoods1@gmail.com'),
(757, 47, 'field_6309b63', ''),
(758, 47, 'field_4bea344', ''),
(759, 47, 'field_574510f', ''),
(760, 47, 'field_0123ee3', ''),
(761, 47, 'field_b76057c', 'China'),
(762, 47, 'field_51e3c98', 'Purchases'),
(763, 47, 'message', 'Dear partners,\r\n\r\n\r\nMy name is Sergei, FG foods Ltd. Company (UAE). We are a global supplier of different food products to international markets.\r\n\r\nWe work as an agent of  XINDONGSEN GROUP (big Chinese Importer) and we are interested to buy  frozen pork offal and cuts for PRC from you.\r\n\r\nAt this moment we have an interest in pork heads, front and hind feet, snouts, softbones, spareribs.\r\n\r\nWe can do all logistics ourselves (if necessary).\r\n\r\nPlease start sending us your offers for China. \r\n\r\n\r\n\r\nWe also work with a big number of customers in Vietnam and can sell your products to this destination too. \r\n\r\n \r\n\r\nShort information about us:\r\n\r\nWe are in meat business since 2001. Our main business now is sales of frozen chicken, beef and pork from all over the world to PRC and Vietnam.\r\n\r\nIf you have any questions, please let us know.\r\n\r\n \r\n\r\nWaiting for your kind reply.\r\n\r\n\r\n\r\nBest regards,\r\n\r\nSergei Orlov\r\nMob. +7 925 812 1323\r\n(WhatsApp/Viber/Telegram/WeChat/Zalo)'),
(764, 47, 'field_98af1c6', ''),
(765, 47, 'field_1d2799a', 'on'),
(766, 47, 'field_70e6a3e', 'on'),
(767, 48, 'name', 'Sergei'),
(768, 48, 'field_3e92175', 'Orlov'),
(769, 48, 'field_0c01cc4', 'FG Foods'),
(770, 48, 'field_71ea788', 'manager'),
(771, 48, 'field_080928e', '89258121323'),
(772, 48, 'email', 'fgfoods1@gmail.com'),
(773, 48, 'field_6309b63', ''),
(774, 48, 'field_4bea344', ''),
(775, 48, 'field_574510f', ''),
(776, 48, 'field_0123ee3', ''),
(777, 48, 'field_b76057c', 'China'),
(778, 48, 'field_51e3c98', 'Purchases'),
(779, 48, 'message', 'Dear partners,\r\n\r\n\r\nMy name is Sergei, FG foods Ltd. Company (UAE). We are a global supplier of different food products to international markets.\r\n\r\nWe work as an agent of  XINDONGSEN GROUP (big Chinese Importer) and we are interested to buy  frozen pork offal and cuts for PRC from you.\r\n\r\nAt this moment we have an interest in pork heads, front and hind feet, snouts, softbones, spareribs.\r\n\r\nWe can do all logistics ourselves (if necessary).\r\n\r\nPlease start sending us your offers for China. \r\n\r\n\r\n\r\nWe also work with a big number of customers in Vietnam and can sell your products to this destination too. \r\n\r\n \r\n\r\nShort information about us:\r\n\r\nWe are in meat business since 2001. Our main business now is sales of frozen chicken, beef and pork from all over the world to PRC and Vietnam.\r\n\r\nIf you have any questions, please let us know.\r\n\r\n \r\n\r\nWaiting for your kind reply.\r\n\r\n\r\n\r\nBest regards,\r\n\r\nSergei Orlov\r\nMob. +7 925 812 1323\r\n(WhatsApp/Viber/Telegram/WeChat/Zalo)'),
(780, 48, 'field_98af1c6', ''),
(781, 48, 'field_1d2799a', 'on'),
(782, 48, 'field_70e6a3e', 'on'),
(783, 49, 'name', 'Sergei'),
(784, 49, 'field_3e92175', 'Orlov'),
(785, 49, 'field_0c01cc4', 'FG Foods'),
(786, 49, 'field_71ea788', 'manager'),
(787, 49, 'field_080928e', '89258121323'),
(788, 49, 'email', 'fgfoods1@gmail.com'),
(789, 49, 'field_6309b63', ''),
(790, 49, 'field_4bea344', ''),
(791, 49, 'field_574510f', ''),
(792, 49, 'field_0123ee3', ''),
(793, 49, 'field_b76057c', 'China'),
(794, 49, 'field_51e3c98', 'Purchases'),
(795, 49, 'message', 'Dear partners,\r\n\r\n\r\nMy name is Sergei, FG foods Ltd. Company (UAE). We are a global supplier of different food products to international markets.\r\n\r\nWe work as an agent of  XINDONGSEN GROUP (big Chinese Importer) and we are interested to buy  frozen pork offal and cuts for PRC from you.\r\n\r\nAt this moment we have an interest in pork heads, front and hind feet, snouts, softbones, spareribs.\r\n\r\nWe can do all logistics ourselves (if necessary).\r\n\r\nPlease start sending us your offers for China. \r\n\r\n\r\n\r\nWe also work with a big number of customers in Vietnam and can sell your products to this destination too. \r\n\r\n \r\n\r\nShort information about us:\r\n\r\nWe are in meat business since 2001. Our main business now is sales of frozen chicken, beef and pork from all over the world to PRC and Vietnam.\r\n\r\nIf you have any questions, please let us know.\r\n\r\n \r\n\r\nWaiting for your kind reply.\r\n\r\n\r\n\r\nBest regards,\r\n\r\nSergei Orlov\r\nMob. +7 925 812 1323\r\n(WhatsApp/Viber/Telegram/WeChat/Zalo)'),
(796, 49, 'field_98af1c6', ''),
(797, 49, 'field_1d2799a', 'on'),
(798, 49, 'field_70e6a3e', 'on'),
(799, 50, 'name', 'Sergei'),
(800, 50, 'field_3e92175', 'Orlov'),
(801, 50, 'field_0c01cc4', 'FG Foods'),
(802, 50, 'field_71ea788', 'manager'),
(803, 50, 'field_080928e', '89258121323'),
(804, 50, 'email', 'fgfoods1@gmail.com'),
(805, 50, 'field_6309b63', ''),
(806, 50, 'field_4bea344', ''),
(807, 50, 'field_574510f', ''),
(808, 50, 'field_0123ee3', ''),
(809, 50, 'field_b76057c', 'China'),
(810, 50, 'field_51e3c98', 'Purchases');
INSERT INTO `wp_e_submissions_values` (`id`, `submission_id`, `key`, `value`) VALUES
(811, 50, 'message', 'Dear partners,\r\n\r\n\r\nMy name is Sergei, FG foods Ltd. Company (UAE). We are a global supplier of different food products to international markets.\r\n\r\nWe work as an agent of  XINDONGSEN GROUP (big Chinese Importer) and we are interested to buy  frozen pork offal and cuts for PRC from you.\r\n\r\nAt this moment we have an interest in pork heads, front and hind feet, snouts, softbones, spareribs.\r\n\r\nWe can do all logistics ourselves (if necessary).\r\n\r\nPlease start sending us your offers for China. \r\n\r\n\r\n\r\nWe also work with a big number of customers in Vietnam and can sell your products to this destination too. \r\n\r\n \r\n\r\nShort information about us:\r\n\r\nWe are in meat business since 2001. Our main business now is sales of frozen chicken, beef and pork from all over the world to PRC and Vietnam.\r\n\r\nIf you have any questions, please let us know.\r\n\r\n \r\n\r\nWaiting for your kind reply.\r\n\r\n\r\n\r\nBest regards,\r\n\r\nSergei Orlov\r\nMob. +7 925 812 1323\r\n(WhatsApp/Viber/Telegram/WeChat/Zalo)'),
(812, 50, 'field_98af1c6', ''),
(813, 50, 'field_1d2799a', 'on'),
(814, 50, 'field_70e6a3e', 'on'),
(815, 51, 'name', 'Faisal'),
(816, 51, 'field_3e92175', 'Abu Ahmad'),
(817, 51, 'field_0c01cc4', 'Upwork'),
(818, 51, 'field_71ea788', 'Assistant'),
(819, 51, 'field_080928e', '+447990656555'),
(820, 51, 'email', 'empriseep@gmail.com'),
(821, 51, 'field_6309b63', 'N/A'),
(822, 51, 'field_4bea344', '6 meech street'),
(823, 51, 'field_574510f', 'Manchester'),
(824, 51, 'field_0123ee3', 'M112JL'),
(825, 51, 'field_b76057c', 'United Kingdom'),
(826, 51, 'field_51e3c98', 'Other'),
(827, 51, 'message', 'Querido Señor / Señora\r\n\r\n Espero que este mensaje te encuentre bien.  Mi nombre es Faisal y me comunico con usted para preguntarle sobre sus capacidades de producción de carne y la cantidad disponible para comprar.\r\n\r\n ¿Podría proporcionarnos información sobre los tipos de carne que produce, incluidas las certificaciones o estándares de calidad?  Además, me interesa saber la cantidad de carne que puedo comprar en sus instalaciones.\r\n\r\n Si es posible, tenga la amabilidad de compartir detalles sobre precios, opciones de empaque y requisitos mínimos de pedido.  Estoy particularmente interesado en [manteca de cerdo/carne de 5 centímetros de largo ni más ni menos de 5 centímetros], y cualquier información que pueda brindarme será muy apreciada.\r\n\r\n Buscamos 20 toneladas de carne/grasa para nuestra primera prueba y luego 100 toneladas, buscamos una buena relación comercial.\r\n\r\n Gracias por su tiempo y ayuda.  Espero con interés escuchar de usted pronto.\r\n\r\n Atentamente,'),
(828, 51, 'field_98af1c6', ''),
(829, 51, 'field_1d2799a', 'on'),
(830, 51, 'field_70e6a3e', 'on'),
(831, 52, 'name', 'Faisal'),
(832, 52, 'field_3e92175', 'Abu Ahmad'),
(833, 52, 'field_0c01cc4', 'Upwork'),
(834, 52, 'field_71ea788', 'Assistant'),
(835, 52, 'field_080928e', '+447990656555'),
(836, 52, 'email', 'empriseep@gmail.com'),
(837, 52, 'field_6309b63', 'N/A'),
(838, 52, 'field_4bea344', '6 meech street'),
(839, 52, 'field_574510f', 'Manchester'),
(840, 52, 'field_0123ee3', 'M112JL'),
(841, 52, 'field_b76057c', 'United Kingdom'),
(842, 52, 'field_51e3c98', 'Other'),
(843, 52, 'message', 'Querido Señor / Señora\r\n\r\n Espero que este mensaje te encuentre bien.  Mi nombre es Faisal y me comunico con usted para preguntarle sobre sus capacidades de producción de carne y la cantidad disponible para comprar.\r\n\r\n ¿Podría proporcionarnos información sobre los tipos de carne que produce, incluidas las certificaciones o estándares de calidad?  Además, me interesa saber la cantidad de carne que puedo comprar en sus instalaciones.\r\n\r\n Si es posible, tenga la amabilidad de compartir detalles sobre precios, opciones de empaque y requisitos mínimos de pedido.  Estoy particularmente interesado en [manteca de cerdo/carne de 5 centímetros de largo ni más ni menos de 5 centímetros], y cualquier información que pueda brindarme será muy apreciada.\r\n\r\n Buscamos 20 toneladas de carne/grasa para nuestra primera prueba y luego 100 toneladas, buscamos una buena relación comercial.\r\n\r\n Gracias por su tiempo y ayuda.  Espero con interés escuchar de usted pronto.\r\n\r\n Atentamente,'),
(844, 52, 'field_98af1c6', ''),
(845, 52, 'field_1d2799a', 'on'),
(846, 52, 'field_70e6a3e', 'on'),
(847, 53, 'name', 'Faisal'),
(848, 53, 'field_3e92175', 'Ahmad'),
(849, 53, 'field_0c01cc4', 'Upwork'),
(850, 53, 'field_71ea788', 'Assistant'),
(851, 53, 'field_080928e', '+447990656555'),
(852, 53, 'email', 'empriseep@gmail.com'),
(853, 53, 'field_6309b63', 'N/A'),
(854, 53, 'field_4bea344', '6 meech street'),
(855, 53, 'field_574510f', 'Manchester'),
(856, 53, 'field_0123ee3', 'M112JL'),
(857, 53, 'field_b76057c', 'United Kingdom'),
(858, 53, 'field_51e3c98', 'Other'),
(859, 53, 'message', 'Querido Señor / Señora\r\n\r\n Espero que este mensaje te encuentre bien.  Mi nombre es Faisal y me comunico con usted para preguntarle sobre sus capacidades de producción de carne y la cantidad disponible para comprar.\r\n\r\n ¿Podría proporcionarnos información sobre los tipos de carne que produce, incluidas las certificaciones o estándares de calidad?  Además, me interesa saber la cantidad de carne que puedo comprar en sus instalaciones.\r\n\r\n Si es posible, tenga la amabilidad de compartir detalles sobre precios, opciones de empaque y requisitos mínimos de pedido.  Estoy particularmente interesado en [manteca de cerdo/carne de 5 centímetros de largo ni más ni menos de 5 centímetros], y cualquier información que pueda brindarme será muy apreciada.\r\n\r\n Buscamos 20 toneladas de carne/grasa para nuestra primera prueba y luego 100 toneladas, buscamos una buena relación comercial.\r\n\r\n Gracias por su tiempo y ayuda.  Espero con interés escuchar de usted pronto.\r\n\r\n Atentamente,'),
(860, 53, 'field_98af1c6', ''),
(861, 53, 'field_1d2799a', 'on'),
(862, 53, 'field_70e6a3e', 'on'),
(863, 53, 'field_21b26bf', ''),
(864, 54, 'name', 'Saša'),
(865, 54, 'field_3e92175', 'Radoš'),
(866, 54, 'field_0c01cc4', 'Cataleya Lulu'),
(867, 54, 'field_71ea788', 'Manager'),
(868, 54, 'field_080928e', '+385953510447'),
(869, 54, 'email', 'sasa.rados1@gmail.com'),
(870, 54, 'field_6309b63', ''),
(871, 54, 'field_4bea344', 'Susedsko polje, 33h'),
(872, 54, 'field_574510f', 'Zagreb'),
(873, 54, 'field_0123ee3', '10000'),
(874, 54, 'field_b76057c', 'Croatia'),
(875, 54, 'field_51e3c98', 'Sales'),
(876, 54, 'message', 'Pease could you provide me with quotation for frozen shoulder 4D, quantities are full truck every 2 weeks.'),
(877, 54, 'field_98af1c6', ''),
(878, 54, 'field_1d2799a', 'on'),
(879, 54, 'field_70e6a3e', 'on'),
(880, 54, 'field_21b26bf', ''),
(881, 55, 'name', 'Saša'),
(882, 55, 'field_3e92175', 'Radoš'),
(883, 55, 'field_0c01cc4', 'Cataleya Lulu'),
(884, 55, 'field_71ea788', 'Manager'),
(885, 55, 'field_080928e', '+385953510447'),
(886, 55, 'email', 'sasa.rados1@gmail.com'),
(887, 55, 'field_6309b63', ''),
(888, 55, 'field_4bea344', 'Susedsko polje, 33h'),
(889, 55, 'field_574510f', 'Zagreb'),
(890, 55, 'field_0123ee3', '10000'),
(891, 55, 'field_b76057c', 'Croatia'),
(892, 55, 'field_51e3c98', 'Sales'),
(893, 55, 'message', 'Pease could you provide me with quotation for frozen shoulder 4D, quantities are full truck every 2 weeks.'),
(894, 55, 'field_98af1c6', ''),
(895, 55, 'field_1d2799a', 'on'),
(896, 55, 'field_70e6a3e', 'on'),
(897, 55, 'field_21b26bf', ''),
(898, 56, 'name', 'Matej'),
(899, 56, 'field_3e92175', 'Krkoc'),
(900, 56, 'field_0c01cc4', 'Koda 23 matej'),
(901, 56, 'field_71ea788', 'Ceo'),
(902, 56, 'field_080928e', '+38670528434'),
(903, 56, 'email', 'krkoc.matej@gmail.com'),
(904, 56, 'field_6309b63', 'Matej'),
(905, 56, 'field_4bea344', 'Osp 74'),
(906, 56, 'field_574510f', 'Crni Kal'),
(907, 56, 'field_0123ee3', '6275'),
(908, 56, 'field_b76057c', 'Slovenia'),
(909, 56, 'field_51e3c98', 'Sales'),
(910, 56, 'message', 'Dear\r\nMy name on s Matej from Slovenia i need pork meat'),
(911, 56, 'field_98af1c6', ''),
(912, 56, 'field_1d2799a', 'on'),
(913, 56, 'field_70e6a3e', 'on'),
(914, 57, 'name', 'Alvarado'),
(915, 57, 'field_3e92175', 'Armando'),
(916, 57, 'field_0c01cc4', 'Arvenciukltd'),
(917, 57, 'field_71ea788', ''),
(918, 57, 'field_080928e', '+447923235682'),
(919, 57, 'email', 'armando.a@arvenci.com'),
(920, 57, 'field_6309b63', ''),
(921, 57, 'field_4bea344', '267 st leonard road'),
(922, 57, 'field_574510f', 'windsor'),
(923, 57, 'field_0123ee3', 'SL43DR'),
(924, 57, 'field_b76057c', 'United Kingdom'),
(925, 57, 'field_51e3c98', 'Sales'),
(926, 57, 'message', 'Estimados por favor podria indicate precios de recortes de jamon Al mayor \r\nAtte \r\n\r\nArmando alvarado'),
(927, 57, 'field_98af1c6', ''),
(928, 57, 'field_1d2799a', 'on'),
(929, 57, 'field_70e6a3e', 'on'),
(930, 57, 'field_21b26bf', ''),
(931, 58, 'name', 'Vitalii'),
(932, 58, 'field_3e92175', 'Skakun'),
(933, 58, 'field_0c01cc4', 'Umixmart LLC'),
(934, 58, 'field_71ea788', 'Head of Purchase Dept.'),
(935, 58, 'field_080928e', '380958369277'),
(936, 58, 'email', 'supply@umixmart.com'),
(937, 58, 'field_6309b63', ''),
(938, 58, 'field_4bea344', '1906, Tamani Arts Office, Business Bay'),
(939, 58, 'field_574510f', 'Dubai'),
(940, 58, 'field_0123ee3', ''),
(941, 58, 'field_b76057c', 'United Arab Emirates'),
(942, 58, 'field_51e3c98', 'Purchases'),
(943, 58, 'message', 'Good Afternoon,\r\n\r\nMy name is Vitalii Skakun, I\'m Head of Purchase Dept. of Umixmart company (UAE/Ukraine).\r\nWe are a trading company in the meat and agri sectors.\r\n\r\nI will have interest in pork offals and cuts for export to African and Asian markets.\r\n\r\nIs it possible to receive your offer?'),
(944, 58, 'field_98af1c6', ''),
(945, 58, 'field_1d2799a', 'on'),
(946, 58, 'field_70e6a3e', 'on'),
(947, 59, 'name', 'golovan'),
(948, 59, 'field_3e92175', 'golovan'),
(949, 59, 'field_0c01cc4', 'Wallmart'),
(950, 59, 'field_71ea788', ''),
(951, 59, 'field_080928e', '87985665169'),
(952, 59, 'email', 'sugarwork78@gmail.com'),
(953, 59, 'field_6309b63', 'golovan'),
(954, 59, 'field_4bea344', ''),
(955, 59, 'field_574510f', ''),
(956, 59, 'field_0123ee3', '144541'),
(957, 59, 'field_b76057c', 'Romania'),
(958, 59, 'field_51e3c98', 'HR'),
(959, 59, 'message', 'Hello, dear friends!\r\n\r\nAre you on the lookout for a dependable and budget-friendly hosting provider for your website or online venture? If so, I\'ve got just the thing for you!\r\n\r\nI\'ve curated a dedicated page on my website where I share my firsthand recommendations for the top-notch hosting providers available in the market. On this page, you\'ll discover a diverse array of hosting services catering to various needs, including VDS, VPS, dedicated, and even bulletproof hosting.\r\n\r\nWhether you\'re in need of straightforward hosting for your blog, robust hosting for your e-commerce platform, or secure hosting for your sensitive data, rest assured, you\'ll find the perfect match for your requirements on my page.\r\n\r\nDon\'t let this opportunity slip away! Head over to my page now and select the ideal hosting provider to propel your online endeavors to new heights!\r\n\r\nhttps://listings.surge.sh/posts/info-hosting-recomendations/'),
(960, 59, 'field_98af1c6', ''),
(961, 59, 'field_1d2799a', 'on'),
(962, 59, 'field_70e6a3e', 'on'),
(963, 60, 'name', 'Kansinee'),
(964, 60, 'field_3e92175', 'Vijitphatsorn'),
(965, 60, 'field_0c01cc4', 'Quality Food Planet Co.,Ltd'),
(966, 60, 'field_71ea788', 'Deputy Managing Director'),
(967, 60, 'field_080928e', '66899221055'),
(968, 60, 'email', 'k.vjitphatsorn@gmail.com'),
(969, 60, 'field_6309b63', 'Annyta-K'),
(970, 60, 'field_4bea344', '102/13 M2 T.Bangsaothong, A.Bangsaothong Samutprakran 10570'),
(971, 60, 'field_574510f', 'Samutprakarn'),
(972, 60, 'field_0123ee3', '10570'),
(973, 60, 'field_b76057c', 'Thailand'),
(974, 60, 'field_51e3c98', 'Other'),
(975, 60, 'message', 'Dear : Sir  My Name is Ms Kansinee Vijitphatsorn, Deputy Managing Director  of Quality food plane Co.,Ltd. We are frozen food importer, Now I\'m looking for Pork Diaphramge & Pork offal  Can you please sent product photo &  price via my direct e-mail : k.vjitphatsorn@gmail.com and naphat.phrom@gmail.com \r\nB,rgds\r\nAnnyta'),
(976, 60, 'field_98af1c6', ''),
(977, 60, 'field_1d2799a', 'on'),
(978, 60, 'field_70e6a3e', 'on'),
(979, 61, 'name', 'Choo'),
(980, 61, 'field_3e92175', 'Beverlee'),
(981, 61, 'field_0c01cc4', 'TQMEAT'),
(982, 61, 'field_71ea788', ''),
(983, 61, 'field_080928e', '0165885722'),
(984, 61, 'email', 'beverleechoopeiyan@gmail.com'),
(985, 61, 'field_6309b63', ''),
(986, 61, 'field_4bea344', 'B-08-24, BLOCK B, JLN SR8/9/, SEK 8, TAMAN SERDANG RAYA'),
(987, 61, 'field_574510f', 'Seri Kembangan'),
(988, 61, 'field_0123ee3', '43300'),
(989, 61, 'field_b76057c', 'Malaysia'),
(990, 61, 'field_51e3c98', 'Purchases'),
(991, 61, 'message', 'Subject: Inquiry Regarding Bulk Order and Shipping Procedures for International Delivery （Malaysia）\r\n\r\nHi, I hope this message finds you well. We are meat supplier in Malaysia and we are currently interested in procuring bulk orders of your products for international delivery and would like to inquire about the procedures involved.\r\n\r\n1. Bulk Ordering Process: \r\n-Minimum order quantities for bulk purchases\r\n-Any specific requirements or procedures we need to follow when placing a bulk order?\r\n- ETC\r\n\r\n2.Shipping and Delivery:\r\n-Shipping options r for international delivery\r\n-Any additional charges or customs duties we should be aware of?\r\n\r\n3.Documentation and Compliance:\r\n-Documentation required for international shipments and purchases\r\n-Any assist with customs clearance\r\n\r\nThank you for considering our inquiry. We look forward to your prompt response.'),
(992, 61, 'field_98af1c6', ''),
(993, 61, 'field_1d2799a', 'on'),
(994, 61, 'field_70e6a3e', 'on'),
(995, 62, 'name', '3D_zzSi'),
(996, 62, 'field_3e92175', '3D_ldSi'),
(997, 62, 'field_0c01cc4', 'Apple'),
(998, 62, 'field_71ea788', ''),
(999, 62, 'field_080928e', '87778667376'),
(1000, 62, 'email', 'quofreephminspi1976@bushka345.store'),
(1001, 62, 'field_6309b63', '3D_pySi'),
(1002, 62, 'field_4bea344', 'Moscow'),
(1003, 62, 'field_574510f', 'Moscow'),
(1004, 62, 'field_0123ee3', '135352'),
(1005, 62, 'field_b76057c', 'Russian Federation'),
(1006, 62, 'field_51e3c98', 'Other'),
(1007, 62, 'message', 'Get Ready to Enter the World of 3D Printing \r\n3d printer price https://www.3d-ruyter53.ru .'),
(1008, 62, 'field_98af1c6', ''),
(1009, 62, 'field_1d2799a', 'on'),
(1010, 62, 'field_70e6a3e', 'on'),
(1011, 63, 'name', 'David'),
(1012, 63, 'field_3e92175', 'Kikutadze'),
(1013, 63, 'field_0c01cc4', 'LTD DAGI'),
(1014, 63, 'field_71ea788', 'owner'),
(1015, 63, 'field_080928e', '+995599335548'),
(1016, 63, 'email', 'datokikutadze@gmail.com'),
(1017, 63, 'field_6309b63', ''),
(1018, 63, 'field_4bea344', ''),
(1019, 63, 'field_574510f', ''),
(1020, 63, 'field_0123ee3', ''),
(1021, 63, 'field_b76057c', 'Georgia'),
(1022, 63, 'field_51e3c98', 'Purchases'),
(1023, 63, 'message', 'Hello dears \r\nhope you are doing well\r\n I\'m David from Georgia, I would like to buy Frozen Pork riblet Frozen Pork spare ribs, please let me know the prices and specifications'),
(1024, 63, 'field_98af1c6', ''),
(1025, 63, 'field_1d2799a', 'on'),
(1026, 63, 'field_70e6a3e', 'on'),
(1027, 64, 'name', 'David'),
(1028, 64, 'field_3e92175', 'Kikutadze'),
(1029, 64, 'field_0c01cc4', 'LTD DAGI'),
(1030, 64, 'field_71ea788', 'owner'),
(1031, 64, 'field_080928e', '+995599335548'),
(1032, 64, 'email', 'datokikutadze@gmail.com'),
(1033, 64, 'field_6309b63', ''),
(1034, 64, 'field_4bea344', ''),
(1035, 64, 'field_574510f', ''),
(1036, 64, 'field_0123ee3', ''),
(1037, 64, 'field_b76057c', 'Georgia'),
(1038, 64, 'field_51e3c98', 'Purchases'),
(1039, 64, 'message', 'Hello dears \r\nhope you are doing well\r\n I\'m David from Georgia, I would like to buy Frozen Pork riblet Frozen Pork spare ribs, please let me know the prices and specifications'),
(1040, 64, 'field_98af1c6', ''),
(1041, 64, 'field_1d2799a', 'on'),
(1042, 64, 'field_70e6a3e', 'on'),
(1043, 65, 'name', 'Amruth'),
(1044, 65, 'field_3e92175', 'A P'),
(1045, 65, 'field_0c01cc4', 'Victoria Treasures Ltd'),
(1046, 65, 'field_71ea788', 'Director'),
(1047, 65, 'field_080928e', '+256707269121'),
(1048, 65, 'email', 'directoroperations@group-vt.com'),
(1049, 65, 'field_6309b63', ''),
(1050, 65, 'field_4bea344', 'Plot 10 Block 432 Bugabo Garuga Wakiso district'),
(1051, 65, 'field_574510f', 'Kampala'),
(1052, 65, 'field_0123ee3', ''),
(1053, 65, 'field_b76057c', 'Uganda'),
(1054, 65, 'field_51e3c98', 'Purchases'),
(1055, 65, 'message', 'looking to buy 500 tons of pork lard'),
(1056, 65, 'field_98af1c6', ''),
(1057, 65, 'field_1d2799a', 'on'),
(1058, 65, 'field_70e6a3e', 'on'),
(1059, 66, 'name', 'Amruth'),
(1060, 66, 'field_3e92175', 'A P'),
(1061, 66, 'field_0c01cc4', 'Victoria Treasures Ltd'),
(1062, 66, 'field_71ea788', 'Director'),
(1063, 66, 'field_080928e', '+256707269121'),
(1064, 66, 'email', 'directoroperations@group-vt.com'),
(1065, 66, 'field_6309b63', ''),
(1066, 66, 'field_4bea344', 'Plot 10 Block 432 Bugabo Garuga Wakiso district'),
(1067, 66, 'field_574510f', 'Kampala'),
(1068, 66, 'field_0123ee3', ''),
(1069, 66, 'field_b76057c', 'Germany'),
(1070, 66, 'field_51e3c98', 'Purchases'),
(1071, 66, 'message', 'looking for 500 tons of pork lard frozen'),
(1072, 66, 'field_98af1c6', ''),
(1073, 66, 'field_1d2799a', 'on'),
(1074, 66, 'field_70e6a3e', 'on'),
(1075, 67, 'name', 'Captain'),
(1076, 67, 'field_3e92175', 'Kuo'),
(1077, 67, 'field_0c01cc4', ''),
(1078, 67, 'field_71ea788', ''),
(1079, 67, 'field_080928e', '0000000000'),
(1080, 67, 'email', 'bayleafmylove@gmail.com'),
(1081, 67, 'field_6309b63', ''),
(1082, 67, 'field_4bea344', ''),
(1083, 67, 'field_574510f', ''),
(1084, 67, 'field_0123ee3', ''),
(1085, 67, 'field_b76057c', 'United States'),
(1086, 67, 'field_51e3c98', 'Purchases'),
(1087, 67, 'message', '能运到美国吗？'),
(1088, 67, 'field_98af1c6', ''),
(1089, 67, 'field_1d2799a', 'on'),
(1090, 67, 'field_70e6a3e', 'on'),
(1091, 67, 'field_21b26bf', ''),
(1092, 68, 'name', 'Mike Blomfield'),
(1093, 68, 'field_3e92175', 'Mike Blomfield'),
(1094, 68, 'field_0c01cc4', 'Google'),
(1095, 68, 'field_71ea788', ''),
(1096, 68, 'field_080928e', '86132717473'),
(1097, 68, 'email', 'mikeacivaw@gmail.com'),
(1098, 68, 'field_6309b63', 'Mike Blomfield'),
(1099, 68, 'field_4bea344', 'Willemstad'),
(1100, 68, 'field_574510f', 'Willemstad'),
(1101, 68, 'field_0123ee3', '124523'),
(1102, 68, 'field_b76057c', 'Iran'),
(1103, 68, 'field_51e3c98', 'HR'),
(1104, 68, 'message', 'Hi there, \r\n \r\nMy name is Mike from Monkey Digital, \r\n \r\nAllow me to present to you a lifetime revenue opportunity of 35% \r\nThat\'s right, you can earn 35% of every order made by your affiliate for life. \r\n \r\nSimply register with us, generate your affiliate links, and incorporate them on your website, and you are done. It takes only 5 minutes to set up everything, and the payouts are sent each month. \r\n \r\nClick here to enroll with us today: \r\nhttps://www.monkeydigital.org/affiliate-dashboard/ \r\n \r\nThink about it, \r\nEvery website owner requires the use of search engine optimization (SEO) for their website. This endeavor holds significant potential for both parties involved. \r\n \r\nThanks and regards \r\nMike Blomfield\r\n \r\nMonkey Digital'),
(1105, 68, 'field_98af1c6', ''),
(1106, 68, 'field_1d2799a', 'on'),
(1107, 68, 'field_70e6a3e', 'on'),
(1108, 69, 'name', 'Alex'),
(1109, 69, 'field_3e92175', 'Hooker'),
(1110, 69, 'field_0c01cc4', ''),
(1111, 69, 'field_71ea788', 'R&D Engineer'),
(1112, 69, 'field_080928e', ''),
(1113, 69, 'email', 'alex.hooker@virtuososurgical.net'),
(1114, 69, 'field_6309b63', ''),
(1115, 69, 'field_4bea344', '5701 Old Harding Pike'),
(1116, 69, 'field_574510f', 'Nashville'),
(1117, 69, 'field_0123ee3', '37205'),
(1118, 69, 'field_b76057c', 'United States'),
(1119, 69, 'field_51e3c98', 'Sales'),
(1120, 69, 'message', 'Would we be able to aquire either frozen or unfrozen pig bladders? If so, how much would it cost and do you have any with the urethra still attached? Thank you!'),
(1121, 69, 'field_98af1c6', ''),
(1122, 69, 'field_1d2799a', 'on'),
(1123, 69, 'field_70e6a3e', 'on'),
(1124, 69, 'field_21b26bf', ''),
(1125, 70, 'name', 'Mike Cooper'),
(1126, 70, 'field_3e92175', 'Mike Cooper'),
(1127, 70, 'field_0c01cc4', 'AliExpress'),
(1128, 70, 'field_71ea788', ''),
(1129, 70, 'field_080928e', '88164752136'),
(1130, 70, 'email', 'mikeHalApova@gmail.com'),
(1131, 70, 'field_6309b63', 'Mike Cooper'),
(1132, 70, 'field_4bea344', 'Albany'),
(1133, 70, 'field_574510f', 'Albany'),
(1134, 70, 'field_0123ee3', '133513'),
(1135, 70, 'field_b76057c', 'New Zealand'),
(1136, 70, 'field_51e3c98', 'HR'),
(1137, 70, 'message', 'This service is perfect for boosting your local business\' visibility on the map in a specific location. \r\n \r\nWe provide Google Maps listing management, optimization, and promotion services that cover everything needed to rank in the Google 3-Pack. \r\n \r\nMore info: \r\nhttps://www.speed-seo.net/ranking-in-the-maps-means-sales/ \r\n \r\n \r\nThanks and Regards \r\nMike Cooper\r\n \r\n \r\nPS: Want a ONE-TIME comprehensive local plan that covers everything? \r\nhttps://www.speed-seo.net/product/local-seo-bundle/'),
(1138, 70, 'field_98af1c6', ''),
(1139, 70, 'field_1d2799a', 'on'),
(1140, 70, 'field_70e6a3e', 'on'),
(1141, 71, 'name', 'John Laurence'),
(1142, 71, 'field_3e92175', 'Amores'),
(1143, 71, 'field_0c01cc4', 'Amores Meat Supply'),
(1144, 71, 'field_71ea788', 'Distributor'),
(1145, 71, 'field_080928e', '+0322618870'),
(1146, 71, 'email', 'amores.johnlaurence42@gmail.om'),
(1147, 71, 'field_6309b63', 'none'),
(1148, 71, 'field_4bea344', 'Dona Esperanza Subdivision'),
(1149, 71, 'field_574510f', 'Tisa, Cebu City'),
(1150, 71, 'field_0123ee3', '6000'),
(1151, 71, 'field_b76057c', 'Philippines'),
(1152, 71, 'field_51e3c98', 'Other'),
(1153, 71, 'message', 'Good day.\r\n\r\nI am interested in acquiring your Wholesale Pork Hard Fat. Is it possible that you offer me a good price? I am looking to acquire it in bulk, lets say, 2 tons.'),
(1154, 71, 'field_98af1c6', ''),
(1155, 71, 'field_1d2799a', 'on'),
(1156, 71, 'field_70e6a3e', 'on'),
(1157, 72, 'name', 'lenon heng'),
(1158, 72, 'field_3e92175', 'heng'),
(1159, 72, 'field_0c01cc4', 'yeo lian heng group pte ltd'),
(1160, 72, 'field_71ea788', 'director'),
(1161, 72, 'field_080928e', '+6594567897'),
(1162, 72, 'email', 'yeolianheng1986@gmail.com'),
(1163, 72, 'field_6309b63', ''),
(1164, 72, 'field_4bea344', ''),
(1165, 72, 'field_574510f', 'singapore'),
(1166, 72, 'field_0123ee3', ''),
(1167, 72, 'field_b76057c', 'Afghanistan'),
(1168, 72, 'field_51e3c98', 'Sales'),
(1169, 72, 'message', 'hi, we are from Singapore and would like to check whether you supply pork back rind to Singapore. Kindly advise. REagrds'),
(1170, 72, 'field_98af1c6', ''),
(1171, 72, 'field_1d2799a', 'on'),
(1172, 72, 'field_70e6a3e', 'on'),
(1173, 73, 'name', 'lenon heng'),
(1174, 73, 'field_3e92175', 'heng'),
(1175, 73, 'field_0c01cc4', 'yeo lian heng group pte ltd'),
(1176, 73, 'field_71ea788', 'director'),
(1177, 73, 'field_080928e', '+6594567897'),
(1178, 73, 'email', 'yeolianheng1986@gmail.com'),
(1179, 73, 'field_6309b63', ''),
(1180, 73, 'field_4bea344', ''),
(1181, 73, 'field_574510f', 'singapore'),
(1182, 73, 'field_0123ee3', ''),
(1183, 73, 'field_b76057c', 'Afghanistan'),
(1184, 73, 'field_51e3c98', 'Sales'),
(1185, 73, 'message', 'hi, we are from Singapore and would like to check whether you supply pork back rind to Singapore. Kindly advise. Regards'),
(1186, 73, 'field_98af1c6', ''),
(1187, 73, 'field_1d2799a', 'on'),
(1188, 73, 'field_70e6a3e', 'on'),
(1189, 74, 'name', 'lenon heng'),
(1190, 74, 'field_3e92175', 'heng'),
(1191, 74, 'field_0c01cc4', 'yeo lian heng group pte ltd'),
(1192, 74, 'field_71ea788', 'director'),
(1193, 74, 'field_080928e', '+6594567897'),
(1194, 74, 'email', 'yeolianheng1986@gmail.com'),
(1195, 74, 'field_6309b63', ''),
(1196, 74, 'field_4bea344', ''),
(1197, 74, 'field_574510f', 'singapore'),
(1198, 74, 'field_0123ee3', ''),
(1199, 74, 'field_b76057c', 'Singapore'),
(1200, 74, 'field_51e3c98', 'Sales'),
(1201, 74, 'message', 'hi, we are from Singapore and would like to check whether you supply pork back rind to Singapore. Kindly advise. Regards'),
(1202, 74, 'field_98af1c6', ''),
(1203, 74, 'field_1d2799a', 'on'),
(1204, 74, 'field_70e6a3e', 'on'),
(1205, 75, 'name', 'Jose'),
(1206, 75, 'field_3e92175', 'Landazuri'),
(1207, 75, 'field_0c01cc4', 'Districarnes la mejor'),
(1208, 75, 'field_71ea788', ''),
(1209, 75, 'field_080928e', '8649907812'),
(1210, 75, 'email', 'joseoberlandazuri@gmail.com'),
(1211, 75, 'field_6309b63', ''),
(1212, 75, 'field_4bea344', '300 Sulphur spring rd'),
(1213, 75, 'field_574510f', 'Greenville'),
(1214, 75, 'field_0123ee3', '29617'),
(1215, 75, 'field_b76057c', 'United States'),
(1216, 75, 'field_51e3c98', 'Sales'),
(1217, 75, 'message', ''),
(1218, 75, 'field_98af1c6', ''),
(1219, 75, 'field_1d2799a', 'on'),
(1220, 75, 'field_70e6a3e', 'on'),
(1221, 75, 'field_21b26bf', ''),
(1222, 76, 'name', 'Ron'),
(1223, 76, 'field_3e92175', 'Etheridge'),
(1224, 76, 'field_0c01cc4', 'Villagers sausages'),
(1225, 76, 'field_71ea788', 'M.d'),
(1226, 76, 'field_080928e', '07903155054'),
(1227, 76, 'email', 'sausageron1@gmail.com'),
(1228, 76, 'field_6309b63', ''),
(1229, 76, 'field_4bea344', ''),
(1230, 76, 'field_574510f', ''),
(1231, 76, 'field_0123ee3', 'Br3 1ag'),
(1232, 76, 'field_b76057c', 'United Kingdom'),
(1233, 76, 'field_51e3c98', 'Sales'),
(1234, 76, 'message', 'Morning.\r\nWondering what you could offer me in the way of boneless, rindless pork.\r\nWe currently use 300kg plus a week and use d4 shoulder and 50/50 belly trim.\r\nRegards\r\nRon'),
(1235, 76, 'field_98af1c6', ''),
(1236, 76, 'field_1d2799a', 'on'),
(1237, 76, 'field_70e6a3e', 'on'),
(1238, 77, 'name', 'Praveen'),
(1239, 77, 'field_3e92175', 'Dhawan'),
(1240, 77, 'field_0c01cc4', ''),
(1241, 77, 'field_71ea788', 'Buyer'),
(1242, 77, 'field_080928e', '+918291839492'),
(1243, 77, 'email', 'dhawan.iift@gmail.com'),
(1244, 77, 'field_6309b63', ''),
(1245, 77, 'field_4bea344', ''),
(1246, 77, 'field_574510f', ''),
(1247, 77, 'field_0123ee3', ''),
(1248, 77, 'field_b76057c', 'Sri Lanka'),
(1249, 77, 'field_51e3c98', 'Sales'),
(1250, 77, 'message', 'Hi, I would like to discuss business opportunites for Pork bellies for a processor in Sri Lanka.'),
(1251, 77, 'field_98af1c6', ''),
(1252, 77, 'field_1d2799a', 'on'),
(1253, 77, 'field_70e6a3e', 'on'),
(1254, 78, 'name', 'Praveen'),
(1255, 78, 'field_3e92175', 'Dhawan'),
(1256, 78, 'field_0c01cc4', ''),
(1257, 78, 'field_71ea788', 'Buyer'),
(1258, 78, 'field_080928e', '+918291839492'),
(1259, 78, 'email', 'dhawan.iift@gmail.com'),
(1260, 78, 'field_6309b63', ''),
(1261, 78, 'field_4bea344', ''),
(1262, 78, 'field_574510f', ''),
(1263, 78, 'field_0123ee3', ''),
(1264, 78, 'field_b76057c', 'Sri Lanka'),
(1265, 78, 'field_51e3c98', 'Sales'),
(1266, 78, 'message', 'Hi, I would like to discuss business opportunites for Pork bellies for a processor in Sri Lanka.'),
(1267, 78, 'field_98af1c6', ''),
(1268, 78, 'field_1d2799a', 'on'),
(1269, 78, 'field_70e6a3e', 'on'),
(1270, 79, 'name', 'Hajnal'),
(1271, 79, 'field_3e92175', 'Papp'),
(1272, 79, 'field_0c01cc4', 'BAHAMA\'S Kft.'),
(1273, 79, 'field_71ea788', ''),
(1274, 79, 'field_080928e', '+36308643945'),
(1275, 79, 'email', 'papp.hajnal@bahamas.hu'),
(1276, 79, 'field_6309b63', ''),
(1277, 79, 'field_4bea344', 'Pallag utca 55.'),
(1278, 79, 'field_574510f', 'Dunakeszi'),
(1279, 79, 'field_0123ee3', '2120'),
(1280, 79, 'field_b76057c', 'Hungary'),
(1281, 79, 'field_51e3c98', 'Sales'),
(1282, 79, 'message', ''),
(1283, 79, 'field_98af1c6', ''),
(1284, 79, 'field_1d2799a', 'on'),
(1285, 79, 'field_70e6a3e', 'on'),
(1286, 79, 'field_21b26bf', ''),
(1287, 80, 'name', 'Mike Livingston'),
(1288, 80, 'field_3e92175', 'Mike Livingston'),
(1289, 80, 'field_0c01cc4', 'Nokia'),
(1290, 80, 'field_71ea788', ''),
(1291, 80, 'field_080928e', '83538416524'),
(1292, 80, 'email', 'peteremaineE@gmail.com'),
(1293, 80, 'field_6309b63', 'Mike Livingston'),
(1294, 80, 'field_4bea344', 'Boston'),
(1295, 80, 'field_574510f', 'Boston'),
(1296, 80, 'field_0123ee3', '133254'),
(1297, 80, 'field_b76057c', 'United States'),
(1298, 80, 'field_51e3c98', 'HR'),
(1299, 80, 'message', 'Hello \r\n \r\nI have just checked  Smithfield.com.es for the ranking keywords and saw that your website could use a boost. \r\n \r\nWe will increase your ranks organically and safely, using only state of the art AI and whitehat methods, while providing monthly reports and outstanding support. \r\n \r\nMore info: \r\nhttps://www.digital-x-press.com/unbeatable-seo/ \r\n \r\n \r\nRegards \r\nMike Livingston\r\n \r\nDigital X SEO Experts'),
(1300, 80, 'field_98af1c6', ''),
(1301, 80, 'field_1d2799a', 'on'),
(1302, 80, 'field_70e6a3e', 'on'),
(1303, 81, 'name', 'Thabo Desmond'),
(1304, 81, 'field_3e92175', 'Rakhudu'),
(1305, 81, 'field_0c01cc4', 'TDR Logistics Pty Ltd'),
(1306, 81, 'field_71ea788', 'Director'),
(1307, 81, 'field_080928e', '0026772553793'),
(1308, 81, 'email', 'thaborakhudu@gmail.com'),
(1309, 81, 'field_6309b63', ''),
(1310, 81, 'field_4bea344', '62814 Tsholofelo East'),
(1311, 81, 'field_574510f', 'Gaborone'),
(1312, 81, 'field_0123ee3', '0000'),
(1313, 81, 'field_b76057c', 'Botswana'),
(1314, 81, 'field_51e3c98', 'Sales'),
(1315, 81, 'message', 'Please send a quote for pork ribs (frozen), prices should be per kg and include delivery costs to Gaborone, Botswana. Thank you.'),
(1316, 81, 'field_98af1c6', ''),
(1317, 81, 'field_1d2799a', 'on'),
(1318, 81, 'field_70e6a3e', 'on'),
(1319, 81, 'field_21b26bf', ''),
(1320, 82, 'name', 'Thabo Desmond'),
(1321, 82, 'field_3e92175', 'Rakhudu'),
(1322, 82, 'field_0c01cc4', 'TDR Logistics Pty Ltd'),
(1323, 82, 'field_71ea788', 'Director'),
(1324, 82, 'field_080928e', '0026772553793'),
(1325, 82, 'email', 'thaborakhudu@gmail.com'),
(1326, 82, 'field_6309b63', ''),
(1327, 82, 'field_4bea344', '62814 Tsholofelo East'),
(1328, 82, 'field_574510f', 'Gaborone'),
(1329, 82, 'field_0123ee3', '0000'),
(1330, 82, 'field_b76057c', 'Botswana'),
(1331, 82, 'field_51e3c98', 'Sales'),
(1332, 82, 'message', 'Please send a quote for pork ribs (frozen), prices should be per kg and include delivery costs to Gaborone, Botswana. Thank you.'),
(1333, 82, 'field_98af1c6', ''),
(1334, 82, 'field_1d2799a', 'on'),
(1335, 82, 'field_70e6a3e', 'on'),
(1336, 82, 'field_21b26bf', ''),
(1337, 83, 'name', 'Pillsfit'),
(1338, 83, 'field_3e92175', 'Pillsfit'),
(1339, 83, 'field_0c01cc4', 'AliExpress'),
(1340, 83, 'field_71ea788', ''),
(1341, 83, 'field_080928e', '88861346726'),
(1342, 83, 'email', 'iunskiygipertonik@gmail.com'),
(1343, 83, 'field_6309b63', 'Pillsfit'),
(1344, 83, 'field_4bea344', ''),
(1345, 83, 'field_574510f', ''),
(1346, 83, 'field_0123ee3', '111313'),
(1347, 83, 'field_b76057c', 'United States'),
(1348, 83, 'field_51e3c98', 'HR'),
(1349, 83, 'message', 'Erectile dysfunction treatments available online from TruePills. \r\nDiscreet, next day delivery and lowest price guarantee. \r\n \r\nViagra is a well-known, branded and common erectile dysfunction (ED) treatment for men. \r\nIt\'s available through our Online TruePills service. \r\n \r\nTrial ED Pack consists of the following ED drugs: \r\n \r\nViagra Active Ingredient: Sildenafil 100mg 5 pills \r\nCialis 20mg 5 pills \r\nLevitra 20mg 5 pills \r\n \r\nhttps://cutt.ly/7wC5m1Id \r\nhttps://bartrest.ru/bitrix/redirect.php?goto=https://true-pill.top/\r\nhttp://professor-murmann.info/?URL=true-pill.top\r\nhttp://dbhj.frenchbull.co.kr/member/login.html?noMemberOrder=&returnUrl=https://true-pill.top/\r\nhttp://kanat-surgut.ru/links/?id=true-pill.top\r\nhttp://reddiamondvulcancup.com/ttmanual.aspx?type=d&key=689&helponly=y&return=https://true-pill.top/\r\n \r\n \r\nOraxim\r\nIxia\r\nCardicon\r\nZofran\r\nFenazopiridina\r\nFealin\r\nSulphytrim\r\nSpiroctazide\r\nNormatens\r\nEnromic\r\nOvuclon\r\nSuirolin\r\nQuiflural\r\nEnalind\r\nCefa\r\nAcevir\r\nAcliz\r\nNeurogeron\r\nPantolup\r\nUricemil\r\nRegan\r\nClanil\r\nOncodex\r\nCatalip\r\nTrinitrine\r\nDitenside\r\nCameloc\r\nProcytox\r\nSintedix\r\nLeutrol\r\nVasofyl\r\nLinezolide\r\nTeradoxin\r\nLutes\r\nEspasevit\r\nLansoprazolum\r\nAmphicol\r\nDiltiastad\r\nOphtacol\r\nCipmox'),
(1350, 83, 'field_98af1c6', ''),
(1351, 83, 'field_1d2799a', 'on'),
(1352, 83, 'field_70e6a3e', 'on'),
(1353, 84, 'name', 'Mike James'),
(1354, 84, 'field_3e92175', 'Mike James'),
(1355, 84, 'field_0c01cc4', 'FBI'),
(1356, 84, 'field_71ea788', ''),
(1357, 84, 'field_080928e', '88854228626'),
(1358, 84, 'email', 'mikeApova@gmail.com'),
(1359, 84, 'field_6309b63', 'Mike James'),
(1360, 84, 'field_4bea344', 'Willemstad'),
(1361, 84, 'field_574510f', 'Willemstad'),
(1362, 84, 'field_0123ee3', '124243'),
(1363, 84, 'field_b76057c', 'Myanmar, {Burma}'),
(1364, 84, 'field_51e3c98', 'Other'),
(1365, 84, 'message', 'Hi there \r\n \r\nThis is Mike James\r\n \r\nLet me present you our latest research results from our constant SEO feedbacks that we have from our plans: \r\n \r\nhttps://www.strictlydigital.net/product/semrush-backlinks/ \r\n \r\nThe new Semrush Backlinks, which will make your Smithfield.com.es SEO trend have an immediate push. \r\nThe method is actually very simple, we are building links from domains that have a high number of keywords ranking for them.  \r\n \r\nForget about the SEO metrics or any other factors that so many tools try to teach you that is good. The most valuable link is the one that comes from a website that has a healthy trend and lots of ranking keywords. \r\nWe thought about that, so we have built this plan for you \r\n \r\nCheck in detail here: \r\nhttps://www.strictlydigital.net/product/semrush-backlinks/ \r\n \r\nCheap and effective \r\n \r\nTry it anytime soon \r\n \r\nRegards \r\nMike James\r\n \r\nmike@strictlydigital.net'),
(1366, 84, 'field_98af1c6', ''),
(1367, 84, 'field_1d2799a', 'on'),
(1368, 84, 'field_70e6a3e', 'on'),
(1369, 85, 'name', 'Chan kok kieng'),
(1370, 85, 'field_3e92175', 'elvis'),
(1371, 85, 'field_0c01cc4', 'k&k fresh pork mini market'),
(1372, 85, 'field_71ea788', ''),
(1373, 85, 'field_080928e', ''),
(1374, 85, 'email', 'ysran2010@gmail.com'),
(1375, 85, 'field_6309b63', 'elvis3000'),
(1376, 85, 'field_4bea344', ''),
(1377, 85, 'field_574510f', 'Miri sarawak'),
(1378, 85, 'field_0123ee3', '98000'),
(1379, 85, 'field_b76057c', 'Malaysia'),
(1380, 85, 'field_51e3c98', 'Sales'),
(1381, 85, 'message', 'Want to know about the import process and prices'),
(1382, 85, 'field_98af1c6', ''),
(1383, 85, 'field_1d2799a', 'on'),
(1384, 85, 'field_70e6a3e', 'on'),
(1385, 86, 'name', 'Chan kok kieng'),
(1386, 86, 'field_3e92175', 'elvis'),
(1387, 86, 'field_0c01cc4', 'k&k fresh pork mini market'),
(1388, 86, 'field_71ea788', ''),
(1389, 86, 'field_080928e', ''),
(1390, 86, 'email', 'ysran2010@gmail.com'),
(1391, 86, 'field_6309b63', 'elvis3000'),
(1392, 86, 'field_4bea344', ''),
(1393, 86, 'field_574510f', 'Miri sarawak'),
(1394, 86, 'field_0123ee3', '98000'),
(1395, 86, 'field_b76057c', 'Malaysia'),
(1396, 86, 'field_51e3c98', 'Sales'),
(1397, 86, 'message', 'Want to know about the import process and prices'),
(1398, 86, 'field_98af1c6', ''),
(1399, 86, 'field_1d2799a', 'on'),
(1400, 86, 'field_70e6a3e', 'on'),
(1401, 87, 'name', 'Chan kok kieng'),
(1402, 87, 'field_3e92175', 'elvis'),
(1403, 87, 'field_0c01cc4', 'k&k fresh pork mini market'),
(1404, 87, 'field_71ea788', ''),
(1405, 87, 'field_080928e', ''),
(1406, 87, 'email', 'ysran2010@gmail.com'),
(1407, 87, 'field_6309b63', 'elvis3000'),
(1408, 87, 'field_4bea344', ''),
(1409, 87, 'field_574510f', 'Miri sarawak'),
(1410, 87, 'field_0123ee3', '98000'),
(1411, 87, 'field_b76057c', 'Malaysia'),
(1412, 87, 'field_51e3c98', 'Sales'),
(1413, 87, 'message', 'Want to know about the import process and prices'),
(1414, 87, 'field_98af1c6', ''),
(1415, 87, 'field_1d2799a', 'on'),
(1416, 87, 'field_70e6a3e', 'on'),
(1417, 88, 'name', 'Chan kok kieng'),
(1418, 88, 'field_3e92175', 'elvis'),
(1419, 88, 'field_0c01cc4', 'k&k fresh pork mini market'),
(1420, 88, 'field_71ea788', ''),
(1421, 88, 'field_080928e', ''),
(1422, 88, 'email', 'ysran2010@gmail.com'),
(1423, 88, 'field_6309b63', 'elvis3000'),
(1424, 88, 'field_4bea344', ''),
(1425, 88, 'field_574510f', 'Miri sarawak'),
(1426, 88, 'field_0123ee3', '98000'),
(1427, 88, 'field_b76057c', 'Malaysia'),
(1428, 88, 'field_51e3c98', 'Sales'),
(1429, 88, 'message', 'Want to know about the import process and prices'),
(1430, 88, 'field_98af1c6', ''),
(1431, 88, 'field_1d2799a', 'on'),
(1432, 88, 'field_70e6a3e', 'on'),
(1433, 89, 'name', 'Chan kok kieng'),
(1434, 89, 'field_3e92175', 'elvis'),
(1435, 89, 'field_0c01cc4', 'k&k fresh pork mini market'),
(1436, 89, 'field_71ea788', ''),
(1437, 89, 'field_080928e', ''),
(1438, 89, 'email', 'ysran2010@gmail.com'),
(1439, 89, 'field_6309b63', 'elvis3000'),
(1440, 89, 'field_4bea344', ''),
(1441, 89, 'field_574510f', 'Miri sarawak'),
(1442, 89, 'field_0123ee3', '98000'),
(1443, 89, 'field_b76057c', 'Malaysia'),
(1444, 89, 'field_51e3c98', 'Sales'),
(1445, 89, 'message', 'Want to know about the import process and prices'),
(1446, 89, 'field_98af1c6', ''),
(1447, 89, 'field_1d2799a', 'on'),
(1448, 89, 'field_70e6a3e', 'on'),
(1449, 90, 'name', 'Mike Gustman'),
(1450, 90, 'field_3e92175', 'Mike Gustman'),
(1451, 90, 'field_0c01cc4', 'Apple'),
(1452, 90, 'field_71ea788', ''),
(1453, 90, 'field_080928e', '89322272994'),
(1454, 90, 'email', 'mikeemaineE@gmail.com'),
(1455, 90, 'field_6309b63', 'Mike Gustman'),
(1456, 90, 'field_4bea344', 'Boston'),
(1457, 90, 'field_574510f', 'Boston'),
(1458, 90, 'field_0123ee3', '151151'),
(1459, 90, 'field_b76057c', 'United States'),
(1460, 90, 'field_51e3c98', 'HR'),
(1461, 90, 'message', 'Hi there, \r\n \r\nI have reviewed your domain in MOZ and have observed that you may benefit from an increase in authority. \r\n \r\nOur solution guarantees you a high-quality domain authority score within a period of three months. This will increase your organic visibility and strengthen your website authority, thus making it stronger against Google updates. \r\n \r\nCheck out our deals for more details. \r\nhttps://www.monkeydigital.co/domain-authority-plan/ \r\n \r\nNEW: Ahrefs Domain Rating \r\nhttps://www.monkeydigital.co/ahrefs-seo/ \r\n \r\n \r\nThanks and regards \r\nMike Gustman'),
(1462, 90, 'field_98af1c6', ''),
(1463, 90, 'field_1d2799a', 'on'),
(1464, 90, 'field_70e6a3e', 'on'),
(1465, 91, 'name', 'Mike Carrington'),
(1466, 91, 'field_3e92175', 'Mike Carrington'),
(1467, 91, 'field_0c01cc4', 'Google'),
(1468, 91, 'field_71ea788', ''),
(1469, 91, 'field_080928e', '84443835383'),
(1470, 91, 'email', 'mikeHalApova@gmail.com'),
(1471, 91, 'field_6309b63', 'Mike Carrington'),
(1472, 91, 'field_4bea344', 'Albany'),
(1473, 91, 'field_574510f', 'Albany'),
(1474, 91, 'field_0123ee3', '151234'),
(1475, 91, 'field_b76057c', 'New Zealand'),
(1476, 91, 'field_51e3c98', 'Other'),
(1477, 91, 'message', 'This service is perfect for boosting your local business\' visibility on the map in a specific location. \r\n \r\nWe provide Google Maps listing management, optimization, and promotion services that cover everything needed to rank in the Google 3-Pack. \r\n \r\nMore info: \r\nhttps://www.speed-seo.net/ranking-in-the-maps-means-sales/ \r\n \r\n \r\nThanks and Regards \r\nMike Carrington\r\n \r\n \r\nPS: Want a ONE-TIME comprehensive local plan that covers everything? \r\nhttps://www.speed-seo.net/product/local-seo-bundle/'),
(1478, 91, 'field_98af1c6', ''),
(1479, 91, 'field_1d2799a', 'on'),
(1480, 91, 'field_70e6a3e', 'on'),
(1481, 92, 'name', 'chan'),
(1482, 92, 'field_3e92175', 'kok kieng'),
(1483, 92, 'field_0c01cc4', 'k&K fresh pork mini market'),
(1484, 92, 'field_71ea788', 'Ceo'),
(1485, 92, 'field_080928e', '+60125055282'),
(1486, 92, 'email', 'ysran2010@gmail.com'),
(1487, 92, 'field_6309b63', 'elvis3000'),
(1488, 92, 'field_4bea344', 'Ground floor,lot 994'),
(1489, 92, 'field_574510f', 'Miri'),
(1490, 92, 'field_0123ee3', '98000'),
(1491, 92, 'field_b76057c', 'Malaysia'),
(1492, 92, 'field_51e3c98', 'Sales'),
(1493, 92, 'message', 'Your company still has supplies for export to Malaysia. Does your company have any special requirements on how many containers it needs to purchase each year? Can I know the prices of all products?'),
(1494, 92, 'field_98af1c6', ''),
(1495, 92, 'field_1d2799a', 'on'),
(1496, 92, 'field_70e6a3e', 'on'),
(1497, 93, 'name', 'chan'),
(1498, 93, 'field_3e92175', 'kok kieng'),
(1499, 93, 'field_0c01cc4', 'k&K fresh pork mini market'),
(1500, 93, 'field_71ea788', 'Ceo'),
(1501, 93, 'field_080928e', '+60125055282'),
(1502, 93, 'email', 'ysran2010@gmail.com'),
(1503, 93, 'field_6309b63', 'elvis3000'),
(1504, 93, 'field_4bea344', 'Ground floor,lot 994'),
(1505, 93, 'field_574510f', 'Miri'),
(1506, 93, 'field_0123ee3', '98000'),
(1507, 93, 'field_b76057c', 'Malaysia'),
(1508, 93, 'field_51e3c98', 'Sales'),
(1509, 93, 'message', 'Your company still has supplies for export to Malaysia. Does your company have any special requirements on how many containers it needs to purchase each year? Can I know the prices of all products?'),
(1510, 93, 'field_98af1c6', ''),
(1511, 93, 'field_1d2799a', 'on'),
(1512, 93, 'field_70e6a3e', 'on'),
(1513, 94, 'name', 'Philip'),
(1514, 94, 'field_3e92175', 'Hofer'),
(1515, 94, 'field_0c01cc4', 'Bruce colony'),
(1516, 94, 'field_71ea788', ''),
(1517, 94, 'field_080928e', '7803856435'),
(1518, 94, 'email', 'philiphofer4@gmail.com'),
(1519, 94, 'field_6309b63', ''),
(1520, 94, 'field_4bea344', 'Box35'),
(1521, 94, 'field_574510f', 'Bruce'),
(1522, 94, 'field_0123ee3', 'T0B0R0'),
(1523, 94, 'field_b76057c', 'Canada'),
(1524, 94, 'field_51e3c98', 'Other'),
(1525, 94, 'message', 'Hi looking for a few skids of skin on back fat  get back to me plz and thank you'),
(1526, 94, 'field_98af1c6', ''),
(1527, 94, 'field_1d2799a', 'on'),
(1528, 94, 'field_70e6a3e', 'on'),
(1529, 94, 'field_21b26bf', ''),
(1530, 95, 'name', 'Josephine'),
(1531, 95, 'field_3e92175', 'Abasolo'),
(1532, 95, 'field_0c01cc4', 'Cape cabalito'),
(1533, 95, 'field_71ea788', 'Manager'),
(1534, 95, 'field_080928e', '6094250209'),
(1535, 95, 'email', 'rouben244@yshoo.com'),
(1536, 95, 'field_6309b63', 'Josephine Abasolo'),
(1537, 95, 'field_4bea344', '5 Field Of Dreams'),
(1538, 95, 'field_574510f', 'Lewisburg'),
(1539, 95, 'field_0123ee3', '17837'),
(1540, 95, 'field_b76057c', 'United States'),
(1541, 95, 'field_51e3c98', 'Sales'),
(1542, 95, 'message', ''),
(1543, 95, 'field_98af1c6', ''),
(1544, 95, 'field_1d2799a', 'on'),
(1545, 95, 'field_70e6a3e', 'on'),
(1546, 95, 'field_21b26bf', ''),
(1547, 96, 'name', 'Mike Osborne'),
(1548, 96, 'field_3e92175', 'Mike Osborne'),
(1549, 96, 'field_0c01cc4', 'Wallmart'),
(1550, 96, 'field_71ea788', ''),
(1551, 96, 'field_080928e', '89388463551'),
(1552, 96, 'email', 'mikesnumninirl@gmail.com'),
(1553, 96, 'field_6309b63', 'Mike Osborne'),
(1554, 96, 'field_4bea344', 'Kaohsiung Municipality'),
(1555, 96, 'field_574510f', 'Kaohsiung Municipality'),
(1556, 96, 'field_0123ee3', '155454'),
(1557, 96, 'field_b76057c', 'Taiwan'),
(1558, 96, 'field_51e3c98', 'Other'),
(1559, 96, 'message', 'Hi there \r\n \r\nJust checked your Smithfield.com.es baclink profile, I noticed a moderate percentage of toxic links pointing to your website \r\n \r\nWe will investigate each link for its toxicity and perform a professional clean up for you free of charge. \r\n \r\nStart recovering your ranks today: \r\nhttps://www.hilkom-digital.de/professional-linksprofile-clean-up-service/ \r\n \r\nRegards \r\nMike Osborne\r\nHilkom Digital SEO Experts \r\nhttps://www.hilkom-digital.de/'),
(1560, 96, 'field_98af1c6', ''),
(1561, 96, 'field_1d2799a', 'on'),
(1562, 96, 'field_70e6a3e', 'on'),
(1563, 97, 'name', 'Smooth'),
(1564, 97, 'field_3e92175', 'Papers'),
(1565, 97, 'field_0c01cc4', ''),
(1566, 97, 'field_71ea788', ''),
(1567, 97, 'field_080928e', '+441753316725'),
(1568, 97, 'email', 'orders@smoothpapers.co.uk'),
(1569, 97, 'field_6309b63', ''),
(1570, 97, 'field_4bea344', '71-75 Shelton Street, London WC2H 9JQ'),
(1571, 97, 'field_574510f', 'London'),
(1572, 97, 'field_0123ee3', 'WC2H 9JQ'),
(1573, 97, 'field_b76057c', 'United Kingdom'),
(1574, 97, 'field_51e3c98', 'Sales'),
(1575, 97, 'message', 'Hi, \r\n\r\nWe are wholeseller of Thermal rolls. We do all popular sizes at very reasonable prices. ie 57x40 @ £2.25 per box. 80mm @ £9.75 per box.\r\n\r\nPlease let us know your requirements and we will be able to offer you the best price possible.\r\n\r\nRegards,\r\nSmooth Papers'),
(1576, 97, 'field_98af1c6', ''),
(1577, 97, 'field_1d2799a', 'on'),
(1578, 97, 'field_70e6a3e', 'on'),
(1579, 98, 'name', 'James Vue'),
(1580, 98, 'field_3e92175', 'Vue'),
(1581, 98, 'field_0c01cc4', ''),
(1582, 98, 'field_71ea788', ''),
(1583, 98, 'field_080928e', '9204019317'),
(1584, 98, 'email', 'jvjamesvue@icloud.com'),
(1585, 98, 'field_6309b63', 'James Vue'),
(1586, 98, 'field_4bea344', '1023 Rock Ledge Ln'),
(1587, 98, 'field_574510f', 'Neenah'),
(1588, 98, 'field_0123ee3', '54956'),
(1589, 98, 'field_b76057c', 'United States'),
(1590, 98, 'field_51e3c98', 'Sales'),
(1591, 98, 'message', ''),
(1592, 98, 'field_98af1c6', ''),
(1593, 98, 'field_1d2799a', 'on'),
(1594, 98, 'field_70e6a3e', 'on'),
(1595, 98, 'field_21b26bf', ''),
(1596, 99, 'name', 'Nina'),
(1597, 99, 'field_3e92175', 'Conti'),
(1598, 99, 'field_0c01cc4', 'R.L. Foods Corp'),
(1599, 99, 'field_71ea788', 'EA to CEO'),
(1600, 99, 'field_080928e', '639190804678'),
(1601, 99, 'email', 'nina.conti@rlapids.com.ph'),
(1602, 99, 'field_6309b63', ''),
(1603, 99, 'field_4bea344', 'Philippines'),
(1604, 99, 'field_574510f', 'Valenzuela'),
(1605, 99, 'field_0123ee3', '1447'),
(1606, 99, 'field_b76057c', 'Philippines'),
(1607, 99, 'field_51e3c98', 'Sales'),
(1608, 99, 'message', 'Hi!\r\nOur company used to deal directly with you in terms of flower fats.  We are a pork rind company in the Philippines and interested to possibly do business again. Please email me with your offers for pork skins, flower fats etc.\r\nLooking forward to you response.\r\nSincerely,\r\nNina Conti'),
(1609, 99, 'field_98af1c6', ''),
(1610, 99, 'field_1d2799a', 'on'),
(1611, 99, 'field_70e6a3e', 'on'),
(1612, 100, 'name', 'Fun Ling'),
(1613, 100, 'field_3e92175', 'Choo'),
(1614, 100, 'field_0c01cc4', 'Fresh & Choice Meat Shop Sdn Bhd'),
(1615, 100, 'field_71ea788', 'Owner'),
(1616, 100, 'field_080928e', '+60168787871'),
(1617, 100, 'email', 'freshchoicemeatshop@gmail.com'),
(1618, 100, 'field_6309b63', ''),
(1619, 100, 'field_4bea344', 'Kuching'),
(1620, 100, 'field_574510f', 'Sarawak'),
(1621, 100, 'field_0123ee3', '93450'),
(1622, 100, 'field_b76057c', 'Malaysia'),
(1623, 100, 'field_51e3c98', 'Sales'),
(1624, 100, 'message', 'Hi, I am from Sarawak Malaysia. Would like to get offer from your company for some of the parts that I am interested.'),
(1625, 100, 'field_98af1c6', ''),
(1626, 100, 'field_1d2799a', 'on'),
(1627, 100, 'field_70e6a3e', 'on'),
(1628, 101, 'name', 'Fun Ling'),
(1629, 101, 'field_3e92175', 'Choo'),
(1630, 101, 'field_0c01cc4', 'Fresh & Choice Meat Shop Sdn Bhd'),
(1631, 101, 'field_71ea788', 'Owner'),
(1632, 101, 'field_080928e', '+60168787871'),
(1633, 101, 'email', 'freshchoicemeatshop@gmail.com'),
(1634, 101, 'field_6309b63', ''),
(1635, 101, 'field_4bea344', 'Kuching'),
(1636, 101, 'field_574510f', 'Sarawak'),
(1637, 101, 'field_0123ee3', '93450'),
(1638, 101, 'field_b76057c', 'Malaysia'),
(1639, 101, 'field_51e3c98', 'Sales'),
(1640, 101, 'message', 'Hi, I am from Sarawak Malaysia. Would like to get offer from your company for some of the parts that I am interested.'),
(1641, 101, 'field_98af1c6', ''),
(1642, 101, 'field_1d2799a', 'on'),
(1643, 101, 'field_70e6a3e', 'on'),
(1644, 102, 'name', 'Felipe'),
(1645, 102, 'field_3e92175', 'Garves'),
(1646, 102, 'field_0c01cc4', 'RXM'),
(1647, 102, 'field_71ea788', 'Trader'),
(1648, 102, 'field_080928e', '+5511971199684'),
(1649, 102, 'email', 'felipe@rxm.com.br'),
(1650, 102, 'field_6309b63', ''),
(1651, 102, 'field_4bea344', ''),
(1652, 102, 'field_574510f', ''),
(1653, 102, 'field_0123ee3', ''),
(1654, 102, 'field_b76057c', 'Brazil'),
(1655, 102, 'field_51e3c98', 'Purchases'),
(1656, 102, 'message', 'Hello, good day. \r\n\r\nMy name is Felipe Garves and I speak on behalf of RXM. We’re a brazilian trading company. \r\n\r\nWe have current demand for pork ear flaps to Cambodia. \r\n\r\nI’m reaching out to understand if you can fulfill our demands regarding this product. \r\n\r\nHC would be ship handler. \r\n\r\n\r\n\r\nLoking forward to your reply;\r\n\r\n\r\n\r\n\r\nBest regards;'),
(1657, 102, 'field_98af1c6', ''),
(1658, 102, 'field_1d2799a', 'on'),
(1659, 102, 'field_70e6a3e', 'on'),
(1660, 102, 'field_21b26bf', ''),
(1661, 103, 'name', 'NathankeP'),
(1662, 103, 'field_3e92175', 'NathankeP'),
(1663, 103, 'field_0c01cc4', 'Nokia'),
(1664, 103, 'field_71ea788', ''),
(1665, 103, 'field_080928e', '81756946334'),
(1666, 103, 'email', 'menhos7@rambler.ru'),
(1667, 103, 'field_6309b63', 'NathankeP'),
(1668, 103, 'field_4bea344', 'Sanaa'),
(1669, 103, 'field_574510f', 'Sanaa'),
(1670, 103, 'field_0123ee3', '111142'),
(1671, 103, 'field_b76057c', 'Yemen'),
(1672, 103, 'field_51e3c98', 'Other'),
(1673, 103, 'message', 'Most ready online casinos in the US of 2024. We make an analogy with online casinos, bonuses & casino games so that you can control at the flight casino online in the ЭТАЛОН ДЕМОКРАТИИ \r\nhttps://tinyurl.com/ypp4smrx \r\nSports reckoning trench, the total is the having said that as others, but sovereign  https://tinyurl.com/yptttbz5 \r\nFreely permitted to a digital the public of merrymaking https://discord.gg/tgdjm3xe, excitement and some of the most outstanding casino games constantly created, acceptable to jackpot filled Joyride Stately Online Casino!'),
(1674, 103, 'field_98af1c6', ''),
(1675, 103, 'field_1d2799a', 'on'),
(1676, 103, 'field_70e6a3e', 'on'),
(1677, 104, 'name', 'Jewel'),
(1678, 104, 'field_3e92175', 'Parcon'),
(1679, 104, 'field_0c01cc4', ''),
(1680, 104, 'field_71ea788', ''),
(1681, 104, 'field_080928e', '0431814208'),
(1682, 104, 'email', 'jewelparcon1@gmail.com'),
(1683, 104, 'field_6309b63', ''),
(1684, 104, 'field_4bea344', '70/3 Eshelby Drive'),
(1685, 104, 'field_574510f', 'Cannonvale'),
(1686, 104, 'field_0123ee3', '4802'),
(1687, 104, 'field_b76057c', 'Australia'),
(1688, 104, 'field_51e3c98', 'Sales'),
(1689, 104, 'message', ''),
(1690, 104, 'field_98af1c6', ''),
(1691, 104, 'field_1d2799a', 'on'),
(1692, 104, 'field_70e6a3e', 'on'),
(1693, 104, 'field_21b26bf', ''),
(1694, 105, 'name', 'Stephen'),
(1695, 105, 'field_3e92175', 'Nussio'),
(1696, 105, 'field_0c01cc4', 'Advance rural'),
(1697, 105, 'field_71ea788', ''),
(1698, 105, 'field_080928e', '0427609454'),
(1699, 105, 'email', 'advancerural@hotkey.net.au'),
(1700, 105, 'field_6309b63', ''),
(1701, 105, 'field_4bea344', 'Post no 1023908514'),
(1702, 105, 'field_574510f', 'KENILWORTH'),
(1703, 105, 'field_0123ee3', '4574'),
(1704, 105, 'field_b76057c', 'Australia'),
(1705, 105, 'field_51e3c98', 'Sales'),
(1706, 105, 'message', 'Hi there...im currently feeding free range pigs on Sunflowers.Then i saw it on your website. How do you feed Sunflowers to pigs.? Im keen to know more.\r\nRegards Stephen'),
(1707, 105, 'field_98af1c6', ''),
(1708, 105, 'field_1d2799a', 'on'),
(1709, 105, 'field_70e6a3e', 'on'),
(1710, 106, 'name', 'Mike Little');
INSERT INTO `wp_e_submissions_values` (`id`, `submission_id`, `key`, `value`) VALUES
(1711, 106, 'field_3e92175', 'Mike Little'),
(1712, 106, 'field_0c01cc4', 'Wallmart'),
(1713, 106, 'field_71ea788', ''),
(1714, 106, 'field_080928e', '89246995613'),
(1715, 106, 'email', 'mikeacivaw@gmail.com'),
(1716, 106, 'field_6309b63', 'Mike Little'),
(1717, 106, 'field_4bea344', 'Willemstad'),
(1718, 106, 'field_574510f', 'Willemstad'),
(1719, 106, 'field_0123ee3', '143114'),
(1720, 106, 'field_b76057c', 'Azerbaijan'),
(1721, 106, 'field_51e3c98', 'Other'),
(1722, 106, 'message', 'Hi there, \r\n \r\nMy name is Mike from Monkey Digital, \r\n \r\nAllow me to present to you a lifetime revenue opportunity of 35% \r\nThat\'s right, you can earn 35% of every order made by your affiliate for life. \r\n \r\nSimply register with us, generate your affiliate links, and incorporate them on your website, and you are done. It takes only 5 minutes to set up everything, and the payouts are sent each month. \r\n \r\nClick here to enroll with us today: \r\nhttps://www.monkeydigital.org/affiliate-dashboard/ \r\n \r\nThink about it, \r\nEvery website owner requires the use of search engine optimization (SEO) for their website. This endeavor holds significant potential for both parties involved. \r\n \r\nThanks and regards \r\nMike Little\r\n \r\nMonkey Digital'),
(1723, 106, 'field_98af1c6', ''),
(1724, 106, 'field_1d2799a', 'on'),
(1725, 106, 'field_70e6a3e', 'on'),
(1726, 107, 'name', 'Mike Andrews'),
(1727, 107, 'field_3e92175', 'Mike Andrews'),
(1728, 107, 'field_0c01cc4', 'FBI'),
(1729, 107, 'field_71ea788', ''),
(1730, 107, 'field_080928e', '87455779752'),
(1731, 107, 'email', 'mikeApova@gmail.com'),
(1732, 107, 'field_6309b63', 'Mike Andrews'),
(1733, 107, 'field_4bea344', 'Willemstad'),
(1734, 107, 'field_574510f', 'Willemstad'),
(1735, 107, 'field_0123ee3', '115242'),
(1736, 107, 'field_b76057c', 'India'),
(1737, 107, 'field_51e3c98', 'Other'),
(1738, 107, 'message', 'Howdy \r\n \r\nThis is Mike Andrews\r\n \r\nLet me present you our latest research results from our constant SEO feedbacks that we have from our plans: \r\n \r\nhttps://www.strictlydigital.net/product/semrush-backlinks/ \r\n \r\nThe new Semrush Backlinks, which will make your Smithfield.com.es SEO trend have an immediate push. \r\nThe method is actually very simple, we are building links from domains that have a high number of keywords ranking for them.  \r\n \r\nForget about the SEO metrics or any other factors that so many tools try to teach you that is good. The most valuable link is the one that comes from a website that has a healthy trend and lots of ranking keywords. \r\nWe thought about that, so we have built this plan for you \r\n \r\nCheck in detail here: \r\nhttps://www.strictlydigital.net/product/semrush-backlinks/ \r\n \r\nCheap and effective \r\n \r\nTry it anytime soon \r\n \r\nRegards \r\nMike Andrews\r\n \r\nmike@strictlydigital.net'),
(1739, 107, 'field_98af1c6', ''),
(1740, 107, 'field_1d2799a', 'on'),
(1741, 107, 'field_70e6a3e', 'on'),
(1742, 108, 'name', 'Pillsfit'),
(1743, 108, 'field_3e92175', 'Pillsfit'),
(1744, 108, 'field_0c01cc4', 'Google'),
(1745, 108, 'field_71ea788', ''),
(1746, 108, 'field_080928e', '84846664694'),
(1747, 108, 'email', 'iunskiygipertonik@gmail.com'),
(1748, 108, 'field_6309b63', 'Pillsfit'),
(1749, 108, 'field_4bea344', ''),
(1750, 108, 'field_574510f', ''),
(1751, 108, 'field_0123ee3', '125545'),
(1752, 108, 'field_b76057c', 'United States'),
(1753, 108, 'field_51e3c98', 'Other'),
(1754, 108, 'message', 'Erectile dysfunction treatments available online from TruePills. \r\nDiscreet, next day delivery and lowest price guarantee. \r\n \r\nViagra is a well-known, branded and common erectile dysfunction (ED) treatment for men. \r\nIt\'s available through our Online TruePills service. \r\n \r\nTrial ED Pack consists of the following ED drugs: \r\n \r\nViagra Active Ingredient: Sildenafil 100mg 5 pills \r\nCialis 20mg 5 pills \r\nLevitra 20mg 5 pills \r\n \r\nhttps://cutt.ly/dw7ChH4s \r\nhttps://xn----7sbptikgmuv.xn--p1ai/redirect?url=https://true-pill.top/\r\nhttps://prigov.info/bitrix/redirect.php?goto=https://true-pill.top/\r\nhttp://lucid.s28.xrea.com/dmm/?t=Fleeting+Diary&l=httpstrue-pill.top&i=5479mrbls00069&imageURL=&s=dmm,\r\nhttp://emmkursk.ru/bitrix/rk.php?goto=https://true-pill.top/\r\nhttps://35.staikudrik.com/index/d1?diff=0&utm_source=ogdd&utm_campaign=26607&utm_content=&utm_clickid=s5k40ok0w80ss0kk&aurl=httpstrue-pill.top&an=&utm_term=&site=&pushMode=popup\r\n \r\n \r\nCombantrin\r\nVekfazolin\r\nZyloprim\r\nAvyclor\r\nWiatrim\r\nCordinate plus\r\nRolicytin\r\nFlagenase\r\nCo-enatec\r\nAcnetane\r\nIecatec\r\nGastrizol plus\r\nTelaren\r\nAmtiba\r\nCrixan\r\nVirovir\r\nBioracef\r\nDifortan\r\nTopzole\r\nSarilen plus\r\nRixadone\r\nCliane\r\nEsloric\r\nDelitroxin\r\nAcevor\r\nRisofren\r\nBiodaclin\r\nApteor\r\nRozex\r\nDorit\r\nAsec\r\nTremafarm\r\nProval\r\nMebadiol\r\nOflocol\r\nRotek\r\nZiprol\r\nVirustat\r\nBacter-nz\r\nAdroxef'),
(1755, 108, 'field_98af1c6', ''),
(1756, 108, 'field_1d2799a', 'on'),
(1757, 108, 'field_70e6a3e', 'on'),
(1758, 109, 'name', 'Francis'),
(1759, 109, 'field_3e92175', 'Chege'),
(1760, 109, 'field_0c01cc4', 'Kachmel SA'),
(1761, 109, 'field_71ea788', 'Manager'),
(1762, 109, 'field_080928e', '+525545950850'),
(1763, 109, 'email', 'operations@kachmel.com'),
(1764, 109, 'field_6309b63', 'Francis'),
(1765, 109, 'field_4bea344', 'Las Américas 1254'),
(1766, 109, 'field_574510f', 'Guadalajara'),
(1767, 109, 'field_0123ee3', '44610'),
(1768, 109, 'field_b76057c', 'Mexico'),
(1769, 109, 'field_51e3c98', 'Sales'),
(1770, 109, 'message', 'Hello, \r\n\r\nWe’re a trading company from Mexico & China , we’ve a requirement for pork feet in amount of 270 MT per monthly and we’d like to inquire on availability & pricing for contract supply starting in June 2024.\r\n\r\nKindly let us know if you can fulfill our requirement.\r\n\r\n\r\nBest Regards,'),
(1771, 109, 'field_98af1c6', ''),
(1772, 109, 'field_1d2799a', 'on'),
(1773, 109, 'field_70e6a3e', 'on'),
(1774, 109, 'field_21b26bf', ''),
(1775, 110, 'name', 'Tobiasbib'),
(1776, 110, 'field_3e92175', 'Tobiasbib'),
(1777, 110, 'field_0c01cc4', 'Wallmart'),
(1778, 110, 'field_71ea788', ''),
(1779, 110, 'field_080928e', '89445942373'),
(1780, 110, 'email', 'no.reply.PedroJanssens@gmail.com'),
(1781, 110, 'field_6309b63', 'Tobiasbib'),
(1782, 110, 'field_4bea344', 'Gliwice'),
(1783, 110, 'field_574510f', 'Gliwice'),
(1784, 110, 'field_0123ee3', '134444'),
(1785, 110, 'field_b76057c', 'Poland'),
(1786, 110, 'field_51e3c98', 'HR'),
(1787, 110, 'message', 'Good morning! Smithfield.com.es \r\n \r\nDid you know that it is possible to send business proposal completely legally? We make available an innovative and legitimate way of sending commercial offers through feedback forms. \r\nBy using Communication Forms, messages are more likely to be seen as important, which reduces the chance of them being marked as spam. \r\nWe offer you the opportunity to try out our service for free. \r\nWe can send out up to 50,000 messages for you. \r\n \r\nThe cost of sending one million messages is $59. \r\n \r\nThis message was automatically generated. \r\nPlease use the contact details below to get in touch with us. \r\n \r\nContact us. \r\nTelegram - https://t.me/FeedbackFormEU \r\nSkype  live:feedbackform2019 \r\nWhatsApp  +375259112693 \r\nWhatsApp  https://wa.me/+375259112693 \r\n \r\nWe only use chat for communication.'),
(1788, 110, 'field_98af1c6', ''),
(1789, 110, 'field_1d2799a', 'on'),
(1790, 110, 'field_70e6a3e', 'on'),
(1791, 111, 'name', 'Jacques'),
(1792, 111, 'field_3e92175', 'Venter'),
(1793, 111, 'field_0c01cc4', 'Lynca Meats'),
(1794, 111, 'field_71ea788', 'Risk Manager'),
(1795, 111, 'field_080928e', '+27722976723'),
(1796, 111, 'email', 'Jacquesv@lyncameats.co.za'),
(1797, 111, 'field_6309b63', ''),
(1798, 111, 'field_4bea344', '10 Leeu street'),
(1799, 111, 'field_574510f', 'Meyerton'),
(1800, 111, 'field_0123ee3', '1960'),
(1801, 111, 'field_b76057c', 'South Africa'),
(1802, 111, 'field_51e3c98', 'Sales'),
(1803, 111, 'message', 'Hi, would like to get in contact with you about some of our offal that we have available.\r\n\r\nthanks\r\n\r\nRegards'),
(1804, 111, 'field_98af1c6', ''),
(1805, 111, 'field_1d2799a', 'on'),
(1806, 111, 'field_70e6a3e', 'on'),
(1807, 112, 'name', 'Pieter'),
(1808, 112, 'field_3e92175', 'Dezutter'),
(1809, 112, 'field_0c01cc4', 'The Lemon'),
(1810, 112, 'field_71ea788', ''),
(1811, 112, 'field_080928e', '+32470968618'),
(1812, 112, 'email', 'info@thelemon.be'),
(1813, 112, 'field_6309b63', ''),
(1814, 112, 'field_4bea344', 'ieperstraat 128'),
(1815, 112, 'field_574510f', 'menen'),
(1816, 112, 'field_0123ee3', '8930'),
(1817, 112, 'field_b76057c', 'Belgium'),
(1818, 112, 'field_51e3c98', 'Purchases'),
(1819, 112, 'message', 'beste,\r\n\r\nin welke hoeveelheid moet je deze ribben aankopen?'),
(1820, 112, 'field_98af1c6', ''),
(1821, 112, 'field_1d2799a', 'on'),
(1822, 112, 'field_70e6a3e', 'on'),
(1823, 112, 'field_21b26bf', ''),
(1824, 113, 'name', 'Victor'),
(1825, 113, 'field_3e92175', 'Hoang'),
(1826, 113, 'field_0c01cc4', 'Chef\'s Hat'),
(1827, 113, 'field_71ea788', 'Manager'),
(1828, 113, 'field_080928e', '8188188686'),
(1829, 113, 'email', 'kia.chuot@yahoo.com'),
(1830, 113, 'field_6309b63', ''),
(1831, 113, 'field_4bea344', '2553 Rosemead blvd'),
(1832, 113, 'field_574510f', 'South el Monte'),
(1833, 113, 'field_0123ee3', '91733'),
(1834, 113, 'field_b76057c', 'United States'),
(1835, 113, 'field_51e3c98', 'Purchases'),
(1836, 113, 'message', 'I need more information on the diaphragm pricing and shipping please. Thank you so much.'),
(1837, 113, 'field_98af1c6', ''),
(1838, 113, 'field_1d2799a', 'on'),
(1839, 113, 'field_70e6a3e', 'on'),
(1840, 113, 'field_21b26bf', ''),
(1841, 114, 'name', 'Kak_tmPt'),
(1842, 114, 'field_3e92175', 'Kak_gkPt'),
(1843, 114, 'field_0c01cc4', 'FBI'),
(1844, 114, 'field_71ea788', ''),
(1845, 114, 'field_080928e', '84924763329'),
(1846, 114, 'email', 'ojdatatooPt@xruma.com'),
(1847, 114, 'field_6309b63', 'Kak_ttPt'),
(1848, 114, 'field_4bea344', 'Moscow'),
(1849, 114, 'field_574510f', 'Moscow'),
(1850, 114, 'field_0123ee3', '111214'),
(1851, 114, 'field_b76057c', 'Russian Federation'),
(1852, 114, 'field_51e3c98', 'HR'),
(1853, 114, 'message', 'Как самостоятельно избавиться от бородавки? \r\nПодногтевая бородавка https://plastica.onclinic.ru/ .'),
(1854, 114, 'field_98af1c6', ''),
(1855, 114, 'field_1d2799a', 'on'),
(1856, 114, 'field_70e6a3e', 'on'),
(1857, 115, 'name', 'Kak_uzKl'),
(1858, 115, 'field_3e92175', 'Kak_wmKl'),
(1859, 115, 'field_0c01cc4', 'AliExpress'),
(1860, 115, 'field_71ea788', ''),
(1861, 115, 'field_080928e', '83732215525'),
(1862, 115, 'email', 'awpmhfyydKl@xruma.store'),
(1863, 115, 'field_6309b63', 'Kak_uhKl'),
(1864, 115, 'field_4bea344', 'Moscow'),
(1865, 115, 'field_574510f', 'Moscow'),
(1866, 115, 'field_0123ee3', '133514'),
(1867, 115, 'field_b76057c', 'Russian Federation'),
(1868, 115, 'field_51e3c98', 'Other'),
(1869, 115, 'message', 'Советы от специалистов по уходу за кожей. \r\nЧистотел от бородавок отзывы Чистотел от бородавок отзывы .'),
(1870, 115, 'field_98af1c6', ''),
(1871, 115, 'field_1d2799a', 'on'),
(1872, 115, 'field_70e6a3e', 'on'),
(1873, 116, 'name', 'Alicha'),
(1874, 116, 'field_3e92175', 'Jacobs'),
(1875, 116, 'field_0c01cc4', 'Freelancer'),
(1876, 116, 'field_71ea788', 'CPO'),
(1877, 116, 'field_080928e', '9782233522'),
(1878, 116, 'email', 'alichapretty@gmail.com'),
(1879, 116, 'field_6309b63', 'alichajacobs'),
(1880, 116, 'field_4bea344', '5585 Esplanade St'),
(1881, 116, 'field_574510f', 'Columbus'),
(1882, 116, 'field_0123ee3', '43221'),
(1883, 116, 'field_b76057c', 'United States'),
(1884, 116, 'field_51e3c98', 'Sales'),
(1885, 116, 'message', 'k;sljng welrnemg wtlerktmnrg lkjn'),
(1886, 116, 'field_98af1c6', ''),
(1887, 116, 'field_1d2799a', 'on'),
(1888, 116, 'field_70e6a3e', 'on'),
(1889, 117, 'name', 'Alicha'),
(1890, 117, 'field_3e92175', 'Jacobs'),
(1891, 117, 'field_0c01cc4', 'Freelancer'),
(1892, 117, 'field_71ea788', 'CPO'),
(1893, 117, 'field_080928e', '9782233522'),
(1894, 117, 'email', 'alichapretty@gmail.com'),
(1895, 117, 'field_6309b63', 'alichajacobs'),
(1896, 117, 'field_4bea344', '5585 Esplanade St'),
(1897, 117, 'field_574510f', 'Columbus'),
(1898, 117, 'field_0123ee3', '43221'),
(1899, 117, 'field_b76057c', 'United States'),
(1900, 117, 'field_51e3c98', 'Sales'),
(1901, 117, 'message', 'k;sljng welrnemg wtlerktmnrg lkjn'),
(1902, 117, 'field_98af1c6', ''),
(1903, 117, 'field_1d2799a', 'on'),
(1904, 117, 'field_70e6a3e', 'on');

-- --------------------------------------------------------

--
